{"id":9624,"date":"2018-08-22T22:28:46","date_gmt":"2018-08-22T20:28:46","guid":{"rendered":"http:\/\/www.lassebacklund.fi\/?page_id=9624"},"modified":"2024-08-19T19:51:25","modified_gmt":"2024-08-19T16:51:25","slug":"selims-foton-fran-ar-1963","status":"publish","type":"page","link":"https:\/\/www.lassebacklund.fi\/?page_id=9624","title":{"rendered":"Selims foton fr\u00e5n \u00e5r 1963."},"content":{"rendered":"<p>H\u00e4r n\u00e5gra av folkskoll\u00e4raren Selim Bj\u00f6rses\u00b4 fotografier, som han tog \u00e5r 1963. Eric Stens har identifierat personerna och skrivit de flesta texter. Fotografierna \u00e4r fr\u00e5n Svenska Litteraturs\u00e4llskapets arkiv i Vasa.<\/p>\n<div class=\"mceTemp\">\n<figure id=\"attachment_9605\" aria-describedby=\"caption-attachment-9605\" style=\"width: 1200px\" class=\"wp-caption aligncenter\"><img loading=\"lazy\" decoding=\"async\" class=\"size-full wp-image-9605\" src=\"http:\/\/www.lassebacklund.fi\/wp-content\/uploads\/2018\/08\/ota295_foto_0693.jpg\" alt=\"I bakgrunden bakom tr\u00e4den syns s\u00f6dra folkskolan, allts\u00e5 nuvarande Kantilena. Byggnaden till h\u00f6ger revs f\u00f6r flera \u00e5r sedan, och i den bodde l\u00e4raren i den norra \u00e4ndan och l\u00e4rarinnan i den s\u00f6dra.\" width=\"1200\" height=\"811\" srcset=\"https:\/\/www.lassebacklund.fi\/wp-content\/uploads\/2018\/08\/ota295_foto_0693.jpg 1200w, https:\/\/www.lassebacklund.fi\/wp-content\/uploads\/2018\/08\/ota295_foto_0693-300x203.jpg 300w, https:\/\/www.lassebacklund.fi\/wp-content\/uploads\/2018\/08\/ota295_foto_0693-768x519.jpg 768w, https:\/\/www.lassebacklund.fi\/wp-content\/uploads\/2018\/08\/ota295_foto_0693-1024x692.jpg 1024w\" sizes=\"auto, (max-width: 1200px) 100vw, 1200px\" \/><figcaption id=\"caption-attachment-9605\" class=\"wp-caption-text\">I bakgrunden bakom tr\u00e4den syns s\u00f6dra folkskolan, allts\u00e5 nuvarande Kantilena. Byggnaden till h\u00f6ger revs f\u00f6r flera \u00e5r sedan, och i den bodde l\u00e4raren i den norra \u00e4ndan och l\u00e4rarinnan i den s\u00f6dra.<\/figcaption><\/figure>\n<div class=\"mceTemp\">\n<figure id=\"attachment_9606\" aria-describedby=\"caption-attachment-9606\" style=\"width: 1200px\" class=\"wp-caption aligncenter\"><img loading=\"lazy\" decoding=\"async\" class=\"size-full wp-image-9606\" src=\"http:\/\/www.lassebacklund.fi\/wp-content\/uploads\/2018\/08\/ota295_foto_0694.jpg\" alt=\"En blomsterprakt utan like fanns det utanf\u00f6r l\u00e4rarbostaden, s\u00e5 l\u00e4nge l\u00e4raren och klubbledaren Selim Bj\u00f6rses bodde d\u00e4r. \" width=\"1200\" height=\"809\" srcset=\"https:\/\/www.lassebacklund.fi\/wp-content\/uploads\/2018\/08\/ota295_foto_0694.jpg 1200w, https:\/\/www.lassebacklund.fi\/wp-content\/uploads\/2018\/08\/ota295_foto_0694-300x202.jpg 300w, https:\/\/www.lassebacklund.fi\/wp-content\/uploads\/2018\/08\/ota295_foto_0694-768x518.jpg 768w, https:\/\/www.lassebacklund.fi\/wp-content\/uploads\/2018\/08\/ota295_foto_0694-1024x690.jpg 1024w\" sizes=\"auto, (max-width: 1200px) 100vw, 1200px\" \/><figcaption id=\"caption-attachment-9606\" class=\"wp-caption-text\">En blomsterprakt utan like fanns det utanf\u00f6r l\u00e4rarbostaden, s\u00e5 l\u00e4nge l\u00e4raren och klubbledaren Selim Bj\u00f6rses bodde d\u00e4r.<\/figcaption><\/figure>\n<div class=\"mceTemp\">\n<figure id=\"attachment_9607\" aria-describedby=\"caption-attachment-9607\" style=\"width: 1200px\" class=\"wp-caption aligncenter\"><img loading=\"lazy\" decoding=\"async\" class=\"size-full wp-image-9607\" src=\"http:\/\/www.lassebacklund.fi\/wp-content\/uploads\/2018\/08\/ota295_foto_0695.jpg\" alt=\"Skolt\u00e5 vid s\u00f6dra folkskolan fotograferad fr\u00e5n landsv\u00e4gen. L\u00e4ngst fram syns Gustas Kaalas g\u00e5rd.\" width=\"1200\" height=\"804\" srcset=\"https:\/\/www.lassebacklund.fi\/wp-content\/uploads\/2018\/08\/ota295_foto_0695.jpg 1200w, https:\/\/www.lassebacklund.fi\/wp-content\/uploads\/2018\/08\/ota295_foto_0695-300x201.jpg 300w, https:\/\/www.lassebacklund.fi\/wp-content\/uploads\/2018\/08\/ota295_foto_0695-768x515.jpg 768w, https:\/\/www.lassebacklund.fi\/wp-content\/uploads\/2018\/08\/ota295_foto_0695-1024x686.jpg 1024w\" sizes=\"auto, (max-width: 1200px) 100vw, 1200px\" \/><figcaption id=\"caption-attachment-9607\" class=\"wp-caption-text\">Skolt\u00e5 vid s\u00f6dra folkskolan fotograferad fr\u00e5n landsv\u00e4gen. L\u00e4ngst fram syns Gustas Kaalas g\u00e5rd.<\/figcaption><\/figure>\n<div class=\"mceTemp\">\n<figure id=\"attachment_9613\" aria-describedby=\"caption-attachment-9613\" style=\"width: 1154px\" class=\"wp-caption aligncenter\"><img loading=\"lazy\" decoding=\"async\" class=\"size-full wp-image-9613\" src=\"http:\/\/www.lassebacklund.fi\/wp-content\/uploads\/2018\/08\/ota295_foto_0701.jpg\" alt=\"Glada vinnare i en skidt\u00e4vling, fr\u00e5n v\u00e4nster Jonny Ingvesback, Karl Erik Ebb, G\u00f6ran Gullmes, Hans Hoxell och Ernfrid Grannas.\" width=\"1154\" height=\"943\" srcset=\"https:\/\/www.lassebacklund.fi\/wp-content\/uploads\/2018\/08\/ota295_foto_0701.jpg 1154w, https:\/\/www.lassebacklund.fi\/wp-content\/uploads\/2018\/08\/ota295_foto_0701-300x245.jpg 300w, https:\/\/www.lassebacklund.fi\/wp-content\/uploads\/2018\/08\/ota295_foto_0701-768x628.jpg 768w, https:\/\/www.lassebacklund.fi\/wp-content\/uploads\/2018\/08\/ota295_foto_0701-1024x837.jpg 1024w\" sizes=\"auto, (max-width: 1154px) 100vw, 1154px\" \/><figcaption id=\"caption-attachment-9613\" class=\"wp-caption-text\">Glada vinnare i en skidt\u00e4vling, fr\u00e5n v\u00e4nster Jonny Ingvesback, Karl Erik Ebb, G\u00f6ran Gullmes, Hans Hoxell och Ernfrid Grannas.<\/figcaption><\/figure>\n<div class=\"mceTemp\">\n<figure id=\"attachment_9603\" aria-describedby=\"caption-attachment-9603\" style=\"width: 1200px\" class=\"wp-caption aligncenter\"><img loading=\"lazy\" decoding=\"async\" class=\"size-full wp-image-9603\" src=\"http:\/\/www.lassebacklund.fi\/wp-content\/uploads\/2018\/08\/ota295_foto_0687.jpg\" alt=\"Vid skolavslutningen visades elevernas skolarbeten upp f\u00f6r f\u00f6r\u00e4ldrarna och andra bes\u00f6kare.\" width=\"1200\" height=\"806\" srcset=\"https:\/\/www.lassebacklund.fi\/wp-content\/uploads\/2018\/08\/ota295_foto_0687.jpg 1200w, https:\/\/www.lassebacklund.fi\/wp-content\/uploads\/2018\/08\/ota295_foto_0687-300x202.jpg 300w, https:\/\/www.lassebacklund.fi\/wp-content\/uploads\/2018\/08\/ota295_foto_0687-768x516.jpg 768w, https:\/\/www.lassebacklund.fi\/wp-content\/uploads\/2018\/08\/ota295_foto_0687-1024x688.jpg 1024w\" sizes=\"auto, (max-width: 1200px) 100vw, 1200px\" \/><figcaption id=\"caption-attachment-9603\" class=\"wp-caption-text\">Vid skolavslutningen visades elevernas skolarbeten upp f\u00f6r f\u00f6r\u00e4ldrarna och andra bes\u00f6kare.<\/figcaption><\/figure>\n<div class=\"mceTemp\">\n<figure id=\"attachment_9608\" aria-describedby=\"caption-attachment-9608\" style=\"width: 1200px\" class=\"wp-caption aligncenter\"><img loading=\"lazy\" decoding=\"async\" class=\"size-full wp-image-9608\" src=\"http:\/\/www.lassebacklund.fi\/wp-content\/uploads\/2018\/08\/ota295_foto_0696.jpg\" alt=\"Takstegar, gungor och cykelst\u00e4llningar tillverkades i metallsl\u00f6jden p\u00e5 den nya centralskolan.\" width=\"1200\" height=\"805\" srcset=\"https:\/\/www.lassebacklund.fi\/wp-content\/uploads\/2018\/08\/ota295_foto_0696.jpg 1200w, https:\/\/www.lassebacklund.fi\/wp-content\/uploads\/2018\/08\/ota295_foto_0696-300x201.jpg 300w, https:\/\/www.lassebacklund.fi\/wp-content\/uploads\/2018\/08\/ota295_foto_0696-768x515.jpg 768w, https:\/\/www.lassebacklund.fi\/wp-content\/uploads\/2018\/08\/ota295_foto_0696-1024x687.jpg 1024w\" sizes=\"auto, (max-width: 1200px) 100vw, 1200px\" \/><figcaption id=\"caption-attachment-9608\" class=\"wp-caption-text\">Takstegar, gungor och cykelst\u00e4llningar tillverkades i metallsl\u00f6jden p\u00e5 den nya centralskolan.<\/figcaption><\/figure>\n<div class=\"mceTemp\">\n<figure id=\"attachment_9609\" aria-describedby=\"caption-attachment-9609\" style=\"width: 1161px\" class=\"wp-caption aligncenter\"><img loading=\"lazy\" decoding=\"async\" class=\"size-full wp-image-9609\" src=\"http:\/\/www.lassebacklund.fi\/wp-content\/uploads\/2018\/08\/ota295_foto_0697.jpg\" alt=\"Handk\u00e4rror och takstegar i l\u00e5nga rader visas upp p\u00e5 skolavslutningen.\" width=\"1161\" height=\"889\" srcset=\"https:\/\/www.lassebacklund.fi\/wp-content\/uploads\/2018\/08\/ota295_foto_0697.jpg 1161w, https:\/\/www.lassebacklund.fi\/wp-content\/uploads\/2018\/08\/ota295_foto_0697-300x230.jpg 300w, https:\/\/www.lassebacklund.fi\/wp-content\/uploads\/2018\/08\/ota295_foto_0697-768x588.jpg 768w, https:\/\/www.lassebacklund.fi\/wp-content\/uploads\/2018\/08\/ota295_foto_0697-1024x784.jpg 1024w\" sizes=\"auto, (max-width: 1161px) 100vw, 1161px\" \/><figcaption id=\"caption-attachment-9609\" class=\"wp-caption-text\">Handk\u00e4rror och takstegar i l\u00e5nga rader visas upp p\u00e5 skolavslutningen.<\/figcaption><\/figure>\n<div class=\"mceTemp\">\n<figure id=\"attachment_9610\" aria-describedby=\"caption-attachment-9610\" style=\"width: 1197px\" class=\"wp-caption aligncenter\"><img loading=\"lazy\" decoding=\"async\" class=\"size-full wp-image-9610\" src=\"http:\/\/www.lassebacklund.fi\/wp-content\/uploads\/2018\/08\/ota295_foto_0698.jpg\" alt=\"Brandstakar, blomst\u00e4llningar och golvlampor utst\u00e4llda vid skolavslutningen.\" width=\"1197\" height=\"1200\" srcset=\"https:\/\/www.lassebacklund.fi\/wp-content\/uploads\/2018\/08\/ota295_foto_0698.jpg 1197w, https:\/\/www.lassebacklund.fi\/wp-content\/uploads\/2018\/08\/ota295_foto_0698-150x150.jpg 150w, https:\/\/www.lassebacklund.fi\/wp-content\/uploads\/2018\/08\/ota295_foto_0698-300x300.jpg 300w, https:\/\/www.lassebacklund.fi\/wp-content\/uploads\/2018\/08\/ota295_foto_0698-768x770.jpg 768w, https:\/\/www.lassebacklund.fi\/wp-content\/uploads\/2018\/08\/ota295_foto_0698-1021x1024.jpg 1021w\" sizes=\"auto, (max-width: 1197px) 100vw, 1197px\" \/><figcaption id=\"caption-attachment-9610\" class=\"wp-caption-text\">Brandstakar, blomst\u00e4llningar och golvlampor utst\u00e4llda vid skolavslutningen.<\/figcaption><\/figure>\n<div class=\"mceTemp\">\n<figure id=\"attachment_9611\" aria-describedby=\"caption-attachment-9611\" style=\"width: 1175px\" class=\"wp-caption aligncenter\"><img loading=\"lazy\" decoding=\"async\" class=\"size-full wp-image-9611\" src=\"http:\/\/www.lassebacklund.fi\/wp-content\/uploads\/2018\/08\/ota295_foto_0699.jpg\" alt=\" Kl\u00e4derna fr\u00e5n handarbetslektionerna utst\u00e4llda i klassrummet.\" width=\"1175\" height=\"1119\" srcset=\"https:\/\/www.lassebacklund.fi\/wp-content\/uploads\/2018\/08\/ota295_foto_0699.jpg 1175w, https:\/\/www.lassebacklund.fi\/wp-content\/uploads\/2018\/08\/ota295_foto_0699-300x286.jpg 300w, https:\/\/www.lassebacklund.fi\/wp-content\/uploads\/2018\/08\/ota295_foto_0699-768x731.jpg 768w, https:\/\/www.lassebacklund.fi\/wp-content\/uploads\/2018\/08\/ota295_foto_0699-1024x975.jpg 1024w\" sizes=\"auto, (max-width: 1175px) 100vw, 1175px\" \/><figcaption id=\"caption-attachment-9611\" class=\"wp-caption-text\">Kl\u00e4derna fr\u00e5n handarbetslektionerna utst\u00e4llda i klassrummet.<\/figcaption><\/figure>\n<div class=\"mceTemp\">\n<figure id=\"attachment_9612\" aria-describedby=\"caption-attachment-9612\" style=\"width: 1164px\" class=\"wp-caption aligncenter\"><img loading=\"lazy\" decoding=\"async\" class=\"size-full wp-image-9612\" src=\"http:\/\/www.lassebacklund.fi\/wp-content\/uploads\/2018\/08\/ota295_foto_0700.jpg\" alt=\"Lite sv\u00e5rt att f\u00f6rst\u00e5 i dag att eleverna i b\u00f6rjan p\u00e5 1960-talet kunde tillverka dylika bord och stolar.\" width=\"1164\" height=\"1125\" srcset=\"https:\/\/www.lassebacklund.fi\/wp-content\/uploads\/2018\/08\/ota295_foto_0700.jpg 1164w, https:\/\/www.lassebacklund.fi\/wp-content\/uploads\/2018\/08\/ota295_foto_0700-300x290.jpg 300w, https:\/\/www.lassebacklund.fi\/wp-content\/uploads\/2018\/08\/ota295_foto_0700-768x742.jpg 768w, https:\/\/www.lassebacklund.fi\/wp-content\/uploads\/2018\/08\/ota295_foto_0700-1024x990.jpg 1024w\" sizes=\"auto, (max-width: 1164px) 100vw, 1164px\" \/><figcaption id=\"caption-attachment-9612\" class=\"wp-caption-text\">Lite sv\u00e5rt att f\u00f6rst\u00e5 i dag att eleverna i b\u00f6rjan p\u00e5 1960-talet kunde tillverka dylika bord och stolar.<\/figcaption><\/figure>\n<div class=\"mceTemp\">\n<figure id=\"attachment_9604\" aria-describedby=\"caption-attachment-9604\" style=\"width: 1200px\" class=\"wp-caption aligncenter\"><img loading=\"lazy\" decoding=\"async\" class=\"size-full wp-image-9604\" src=\"http:\/\/www.lassebacklund.fi\/wp-content\/uploads\/2018\/08\/ota295_foto_0688.jpg\" alt=\"Kl\u00e4der och andra nyttof\u00f6rem\u00e5l tillverkades p\u00e5 handarbetslektionerna i helt otroliga m\u00e4ngder. Fotot fr\u00e5n skolavslutningen 1963.\" width=\"1200\" height=\"804\" srcset=\"https:\/\/www.lassebacklund.fi\/wp-content\/uploads\/2018\/08\/ota295_foto_0688.jpg 1200w, https:\/\/www.lassebacklund.fi\/wp-content\/uploads\/2018\/08\/ota295_foto_0688-300x201.jpg 300w, https:\/\/www.lassebacklund.fi\/wp-content\/uploads\/2018\/08\/ota295_foto_0688-768x515.jpg 768w, https:\/\/www.lassebacklund.fi\/wp-content\/uploads\/2018\/08\/ota295_foto_0688-1024x686.jpg 1024w\" sizes=\"auto, (max-width: 1200px) 100vw, 1200px\" \/><figcaption id=\"caption-attachment-9604\" class=\"wp-caption-text\">Kl\u00e4der och andra nyttof\u00f6rem\u00e5l tillverkades p\u00e5 handarbetslektionerna i helt otroliga m\u00e4ngder. Fotot fr\u00e5n skolavslutningen 1963.<\/figcaption><\/figure>\n<div class=\"mceTemp\">\n<figure id=\"attachment_9614\" aria-describedby=\"caption-attachment-9614\" style=\"width: 1178px\" class=\"wp-caption aligncenter\"><img loading=\"lazy\" decoding=\"async\" class=\"size-full wp-image-9614\" src=\"http:\/\/www.lassebacklund.fi\/wp-content\/uploads\/2018\/08\/ota295_foto_0702.jpg\" alt=\"Tr\u00e4dg\u00e5rdsm\u00f6bler och andra fina bruksf\u00f6rem\u00e5l utst\u00e4llda p\u00e5 skolavslutningen.\" width=\"1178\" height=\"1110\" srcset=\"https:\/\/www.lassebacklund.fi\/wp-content\/uploads\/2018\/08\/ota295_foto_0702.jpg 1178w, https:\/\/www.lassebacklund.fi\/wp-content\/uploads\/2018\/08\/ota295_foto_0702-300x283.jpg 300w, https:\/\/www.lassebacklund.fi\/wp-content\/uploads\/2018\/08\/ota295_foto_0702-768x724.jpg 768w, https:\/\/www.lassebacklund.fi\/wp-content\/uploads\/2018\/08\/ota295_foto_0702-1024x965.jpg 1024w\" sizes=\"auto, (max-width: 1178px) 100vw, 1178px\" \/><figcaption id=\"caption-attachment-9614\" class=\"wp-caption-text\">Tr\u00e4dg\u00e5rdsm\u00f6bler och andra fina bruksf\u00f6rem\u00e5l utst\u00e4llda p\u00e5 skolavslutningen.<\/figcaption><\/figure>\n<div class=\"mceTemp\">\n<figure id=\"attachment_9615\" aria-describedby=\"caption-attachment-9615\" style=\"width: 1200px\" class=\"wp-caption aligncenter\"><img loading=\"lazy\" decoding=\"async\" class=\"size-full wp-image-9615\" src=\"http:\/\/www.lassebacklund.fi\/wp-content\/uploads\/2018\/08\/ota295_foto_0703.jpg\" alt=\"Salens norra sida i Selim Bj\u00f6rses bostad.\" width=\"1200\" height=\"809\" srcset=\"https:\/\/www.lassebacklund.fi\/wp-content\/uploads\/2018\/08\/ota295_foto_0703.jpg 1200w, https:\/\/www.lassebacklund.fi\/wp-content\/uploads\/2018\/08\/ota295_foto_0703-300x202.jpg 300w, https:\/\/www.lassebacklund.fi\/wp-content\/uploads\/2018\/08\/ota295_foto_0703-768x518.jpg 768w, https:\/\/www.lassebacklund.fi\/wp-content\/uploads\/2018\/08\/ota295_foto_0703-1024x690.jpg 1024w\" sizes=\"auto, (max-width: 1200px) 100vw, 1200px\" \/><figcaption id=\"caption-attachment-9615\" class=\"wp-caption-text\">Salens norra sida i Selim Bj\u00f6rses bostad.<\/figcaption><\/figure>\n<div class=\"mceTemp\">\n<figure id=\"attachment_9616\" aria-describedby=\"caption-attachment-9616\" style=\"width: 834px\" class=\"wp-caption aligncenter\"><img loading=\"lazy\" decoding=\"async\" class=\"size-full wp-image-9616\" src=\"http:\/\/www.lassebacklund.fi\/wp-content\/uploads\/2018\/08\/ota295_foto_0704.jpg\" alt=\"S\u00e5 h\u00e4r kunde en spis se ut i l\u00e4raren Selim Bj\u00f6rses bostad vid s\u00f6dra folkskolan.\" width=\"834\" height=\"1200\" srcset=\"https:\/\/www.lassebacklund.fi\/wp-content\/uploads\/2018\/08\/ota295_foto_0704.jpg 834w, https:\/\/www.lassebacklund.fi\/wp-content\/uploads\/2018\/08\/ota295_foto_0704-209x300.jpg 209w, https:\/\/www.lassebacklund.fi\/wp-content\/uploads\/2018\/08\/ota295_foto_0704-768x1105.jpg 768w, https:\/\/www.lassebacklund.fi\/wp-content\/uploads\/2018\/08\/ota295_foto_0704-712x1024.jpg 712w\" sizes=\"auto, (max-width: 834px) 100vw, 834px\" \/><figcaption id=\"caption-attachment-9616\" class=\"wp-caption-text\">S\u00e5 h\u00e4r kunde en spis se ut i l\u00e4raren Selim Bj\u00f6rses bostad vid s\u00f6dra folkskolan.<\/figcaption><\/figure>\n<div class=\"mceTemp\">\n<figure id=\"attachment_9617\" aria-describedby=\"caption-attachment-9617\" style=\"width: 1200px\" class=\"wp-caption aligncenter\"><img loading=\"lazy\" decoding=\"async\" class=\"size-full wp-image-9617\" src=\"http:\/\/www.lassebacklund.fi\/wp-content\/uploads\/2018\/08\/ota295_foto_0705.jpg\" alt=\"L\u00e4rare Bj\u00f6rses sal p\u00e5 s\u00f6dra folkskolan.\" width=\"1200\" height=\"810\" srcset=\"https:\/\/www.lassebacklund.fi\/wp-content\/uploads\/2018\/08\/ota295_foto_0705.jpg 1200w, https:\/\/www.lassebacklund.fi\/wp-content\/uploads\/2018\/08\/ota295_foto_0705-300x203.jpg 300w, https:\/\/www.lassebacklund.fi\/wp-content\/uploads\/2018\/08\/ota295_foto_0705-768x518.jpg 768w, https:\/\/www.lassebacklund.fi\/wp-content\/uploads\/2018\/08\/ota295_foto_0705-1024x691.jpg 1024w\" sizes=\"auto, (max-width: 1200px) 100vw, 1200px\" \/><figcaption id=\"caption-attachment-9617\" class=\"wp-caption-text\">L\u00e4rare Bj\u00f6rses sal p\u00e5 s\u00f6dra folkskolan.<\/figcaption><\/figure>\n<div class=\"mceTemp\">\n<figure id=\"attachment_9618\" aria-describedby=\"caption-attachment-9618\" style=\"width: 1126px\" class=\"wp-caption aligncenter\"><img loading=\"lazy\" decoding=\"async\" class=\"size-full wp-image-9618\" src=\"http:\/\/www.lassebacklund.fi\/wp-content\/uploads\/2018\/08\/ota295_foto_0706.jpg\" alt=\"Nord\u00f6stra kammaren i l\u00e4rare Selim Bj\u00f6rses bostad.\" width=\"1126\" height=\"739\" srcset=\"https:\/\/www.lassebacklund.fi\/wp-content\/uploads\/2018\/08\/ota295_foto_0706.jpg 1126w, https:\/\/www.lassebacklund.fi\/wp-content\/uploads\/2018\/08\/ota295_foto_0706-300x197.jpg 300w, https:\/\/www.lassebacklund.fi\/wp-content\/uploads\/2018\/08\/ota295_foto_0706-768x504.jpg 768w, https:\/\/www.lassebacklund.fi\/wp-content\/uploads\/2018\/08\/ota295_foto_0706-1024x672.jpg 1024w\" sizes=\"auto, (max-width: 1126px) 100vw, 1126px\" \/><figcaption id=\"caption-attachment-9618\" class=\"wp-caption-text\">Nord\u00f6stra kammaren i l\u00e4rare Selim Bj\u00f6rses bostad.<\/figcaption><\/figure>\n<div class=\"mceTemp\">\n<figure id=\"attachment_9619\" aria-describedby=\"caption-attachment-9619\" style=\"width: 1200px\" class=\"wp-caption aligncenter\"><img loading=\"lazy\" decoding=\"async\" class=\"size-full wp-image-9619\" src=\"http:\/\/www.lassebacklund.fi\/wp-content\/uploads\/2018\/08\/ota295_foto_0707.jpg\" alt=\"Under 35 \u00e5r som l\u00e4rare p\u00e5 s\u00f6dra skolan bodde Selim Bj\u00f6rses i denna bostad.\" width=\"1200\" height=\"810\" srcset=\"https:\/\/www.lassebacklund.fi\/wp-content\/uploads\/2018\/08\/ota295_foto_0707.jpg 1200w, https:\/\/www.lassebacklund.fi\/wp-content\/uploads\/2018\/08\/ota295_foto_0707-300x203.jpg 300w, https:\/\/www.lassebacklund.fi\/wp-content\/uploads\/2018\/08\/ota295_foto_0707-768x518.jpg 768w, https:\/\/www.lassebacklund.fi\/wp-content\/uploads\/2018\/08\/ota295_foto_0707-1024x691.jpg 1024w\" sizes=\"auto, (max-width: 1200px) 100vw, 1200px\" \/><figcaption id=\"caption-attachment-9619\" class=\"wp-caption-text\">Under 35 \u00e5r som l\u00e4rare p\u00e5 s\u00f6dra skolan bodde Selim Bj\u00f6rses i denna bostad.<\/figcaption><\/figure>\n<div class=\"mceTemp\">\n<figure id=\"attachment_9620\" aria-describedby=\"caption-attachment-9620\" style=\"width: 1200px\" class=\"wp-caption aligncenter\"><img loading=\"lazy\" decoding=\"async\" class=\"size-full wp-image-9620\" src=\"http:\/\/www.lassebacklund.fi\/wp-content\/uploads\/2018\/08\/ota295_foto_0708.jpg\" alt=\"Salens norra sida med insyn i nordv\u00e4stra kammaren i Selim Bj\u00f6rses bostad vid s\u00f6dra skolan.\" width=\"1200\" height=\"806\" srcset=\"https:\/\/www.lassebacklund.fi\/wp-content\/uploads\/2018\/08\/ota295_foto_0708.jpg 1200w, https:\/\/www.lassebacklund.fi\/wp-content\/uploads\/2018\/08\/ota295_foto_0708-300x202.jpg 300w, https:\/\/www.lassebacklund.fi\/wp-content\/uploads\/2018\/08\/ota295_foto_0708-768x516.jpg 768w, https:\/\/www.lassebacklund.fi\/wp-content\/uploads\/2018\/08\/ota295_foto_0708-1024x688.jpg 1024w\" sizes=\"auto, (max-width: 1200px) 100vw, 1200px\" \/><figcaption id=\"caption-attachment-9620\" class=\"wp-caption-text\">Salens norra sida med insyn i nordv\u00e4stra kammaren i Selim Bj\u00f6rses bostad vid s\u00f6dra skolan.<\/figcaption><\/figure>\n<div class=\"mceTemp\">\n<figure id=\"attachment_9621\" aria-describedby=\"caption-attachment-9621\" style=\"width: 1200px\" class=\"wp-caption aligncenter\"><img loading=\"lazy\" decoding=\"async\" class=\"size-full wp-image-9621\" src=\"http:\/\/www.lassebacklund.fi\/wp-content\/uploads\/2018\/08\/ota295_foto_0709.jpg\" alt=\"S\u00e5 h\u00e4r bodde l\u00e4raren p\u00e5 s\u00f6dra dolkskolan.\" width=\"1200\" height=\"806\" srcset=\"https:\/\/www.lassebacklund.fi\/wp-content\/uploads\/2018\/08\/ota295_foto_0709.jpg 1200w, https:\/\/www.lassebacklund.fi\/wp-content\/uploads\/2018\/08\/ota295_foto_0709-300x202.jpg 300w, https:\/\/www.lassebacklund.fi\/wp-content\/uploads\/2018\/08\/ota295_foto_0709-768x516.jpg 768w, https:\/\/www.lassebacklund.fi\/wp-content\/uploads\/2018\/08\/ota295_foto_0709-1024x688.jpg 1024w\" sizes=\"auto, (max-width: 1200px) 100vw, 1200px\" \/><figcaption id=\"caption-attachment-9621\" class=\"wp-caption-text\">S\u00e5 h\u00e4r bodde l\u00e4raren p\u00e5 s\u00f6dra dolkskolan.<\/figcaption><\/figure>\n<p><span style=\"font-size: 15px; font-weight: 300;\">Mera foton av Selim Bj\u00f6rses hittar du genom att klicka<\/span><a href=\"https:\/\/www.lassebacklund.fi\/?page_id=10007\"><span style=\"color: #000080;\"><strong> H\u00c4R!<\/strong><\/span><\/a><\/p>\n<\/div>\n<\/div>\n<\/div>\n<\/div>\n<\/div>\n<\/div>\n<\/div>\n<\/div>\n<\/div>\n<\/div>\n<\/div>\n<\/div>\n<\/div>\n<\/div>\n<\/div>\n<\/div>\n<\/div>\n<\/div>\n<\/div>\n","protected":false},"excerpt":{"rendered":"<p>H\u00e4r n\u00e5gra av folkskoll\u00e4raren Selim Bj\u00f6rses\u00b4 fotografier, som han tog \u00e5r 1963. Eric Stens har identifierat personerna och skrivit de flesta texter. Fotografierna \u00e4r fr\u00e5n Svenska Litteraturs\u00e4llskapets arkiv i Vasa. Mera foton av Selim Bj\u00f6rses hittar du genom att klicka <a class=\"more-link\" href=\"https:\/\/www.lassebacklund.fi\/?page_id=9624\">Forts\u00e4tt l\u00e4sa <span class=\"screen-reader-text\">  Selims foton fr\u00e5n \u00e5r 1963.<\/span><span class=\"meta-nav\">&rarr;<\/span><\/a><\/p>\n","protected":false},"author":1,"featured_media":0,"parent":4555,"menu_order":1963,"comment_status":"closed","ping_status":"closed","template":"","meta":{"footnotes":""},"class_list":["post-9624","page","type-page","status-publish","hentry"],"_links":{"self":[{"href":"https:\/\/www.lassebacklund.fi\/index.php?rest_route=\/wp\/v2\/pages\/9624","targetHints":{"allow":["GET"]}}],"collection":[{"href":"https:\/\/www.lassebacklund.fi\/index.php?rest_route=\/wp\/v2\/pages"}],"about":[{"href":"https:\/\/www.lassebacklund.fi\/index.php?rest_route=\/wp\/v2\/types\/page"}],"author":[{"embeddable":true,"href":"https:\/\/www.lassebacklund.fi\/index.php?rest_route=\/wp\/v2\/users\/1"}],"replies":[{"embeddable":true,"href":"https:\/\/www.lassebacklund.fi\/index.php?rest_route=%2Fwp%2Fv2%2Fcomments&post=9624"}],"version-history":[{"count":3,"href":"https:\/\/www.lassebacklund.fi\/index.php?rest_route=\/wp\/v2\/pages\/9624\/revisions"}],"predecessor-version":[{"id":23109,"href":"https:\/\/www.lassebacklund.fi\/index.php?rest_route=\/wp\/v2\/pages\/9624\/revisions\/23109"}],"up":[{"embeddable":true,"href":"https:\/\/www.lassebacklund.fi\/index.php?rest_route=\/wp\/v2\/pages\/4555"}],"wp:attachment":[{"href":"https:\/\/www.lassebacklund.fi\/index.php?rest_route=%2Fwp%2Fv2%2Fmedia&parent=9624"}],"curies":[{"name":"wp","href":"https:\/\/api.w.org\/{rel}","templated":true}]}}