{"id":9585,"date":"2018-08-18T23:55:54","date_gmt":"2018-08-18T21:55:54","guid":{"rendered":"http:\/\/www.lassebacklund.fi\/?page_id=9585"},"modified":"2024-04-25T10:21:45","modified_gmt":"2024-04-25T07:21:45","slug":"selims-foton-fran-aren-1960-1961","status":"publish","type":"page","link":"https:\/\/www.lassebacklund.fi\/?page_id=9585","title":{"rendered":"Selims foton fr\u00e5n \u00e5ren 1960-1961."},"content":{"rendered":"<p>H\u00e4r n\u00e5gra av folkskoll\u00e4raren Selim Bj\u00f6rses\u00b4 fotografier, som han tog \u00e5ren 1960-61. Eric Stens har identifierat personerna och skrivit de flesta texter. Fotografierna \u00e4r fr\u00e5n Svenska Litteraturs\u00e4llskapets arkiv i Vasa.<\/p>\n<div class=\"mceTemp\">\n<figure id=\"attachment_9573\" aria-describedby=\"caption-attachment-9573\" style=\"width: 1200px\" class=\"wp-caption aligncenter\"><img loading=\"lazy\" decoding=\"async\" class=\"size-full wp-image-9573\" src=\"http:\/\/www.lassebacklund.fi\/wp-content\/uploads\/2018\/08\/ota295_foto_0671.jpg\" alt=\"Mag. af H\u00e4llstr\u00f6m suger p\u00e5 pipan medan Otto Bj\u00f6rses i bakgrunden ser ut \u00f6ver nejden p\u00e5 mejeriets lastbrygga. Syd\u00f6sterbottens Andelsmejeri k\u00f6pte \u00e5r 1948 Stuckis mejeri, sedan \u00f6vergick det till Milka \u00e5r 1973 tills det \u00e5r 1989 lades ned. \u00c5r 1989 monterades maskinerna ned och skickades till Bolivia f\u00f6r ett nybildat mejeri d\u00e4r.\" width=\"1200\" height=\"806\" srcset=\"https:\/\/www.lassebacklund.fi\/wp-content\/uploads\/2018\/08\/ota295_foto_0671.jpg 1200w, https:\/\/www.lassebacklund.fi\/wp-content\/uploads\/2018\/08\/ota295_foto_0671-300x202.jpg 300w, https:\/\/www.lassebacklund.fi\/wp-content\/uploads\/2018\/08\/ota295_foto_0671-768x516.jpg 768w, https:\/\/www.lassebacklund.fi\/wp-content\/uploads\/2018\/08\/ota295_foto_0671-1024x688.jpg 1024w\" sizes=\"auto, (max-width: 1200px) 100vw, 1200px\" \/><figcaption id=\"caption-attachment-9573\" class=\"wp-caption-text\">Mag. af H\u00e4llstr\u00f6m suger p\u00e5 pipan medan Otto Bj\u00f6rses i bakgrunden ser ut \u00f6ver nejden p\u00e5 mejeriets lastbrygga. Syd\u00f6sterbottens Andelsmejeri k\u00f6pte \u00e5r 1948 Stuckis mejeri, sedan \u00f6vergick det till Milka \u00e5r 1973, tills det \u00e5r 1989 lades ned. \u00c5r 1989 monterades maskinerna ned och skickades till Bolivia f\u00f6r ett nybildat mejeri d\u00e4r. Personal fr\u00e5n Lappfj\u00e4rd var med till Bolivia, f\u00f6r att starta mejeriet som inte torde ha f\u00e5tt en riktigt l\u00e5ng historia.<\/figcaption><\/figure>\n<div class=\"mceTemp\">\n<figure id=\"attachment_9575\" aria-describedby=\"caption-attachment-9575\" style=\"width: 1200px\" class=\"wp-caption aligncenter\"><img loading=\"lazy\" decoding=\"async\" class=\"size-full wp-image-9575\" src=\"http:\/\/www.lassebacklund.fi\/wp-content\/uploads\/2018\/08\/ota295_foto_0673.jpg\" alt=\"Sommaren 1961 speglas det nym\u00e5lade ungdomsf\u00f6reningshuset i vattnet nedanf\u00f6r Gamla bron.\" width=\"1200\" height=\"811\" srcset=\"https:\/\/www.lassebacklund.fi\/wp-content\/uploads\/2018\/08\/ota295_foto_0673.jpg 1200w, https:\/\/www.lassebacklund.fi\/wp-content\/uploads\/2018\/08\/ota295_foto_0673-300x203.jpg 300w, https:\/\/www.lassebacklund.fi\/wp-content\/uploads\/2018\/08\/ota295_foto_0673-768x519.jpg 768w, https:\/\/www.lassebacklund.fi\/wp-content\/uploads\/2018\/08\/ota295_foto_0673-1024x692.jpg 1024w\" sizes=\"auto, (max-width: 1200px) 100vw, 1200px\" \/><figcaption id=\"caption-attachment-9575\" class=\"wp-caption-text\">Sommaren 1961 speglas det nym\u00e5lade ungdomsf\u00f6reningshuset i vattnet nedanf\u00f6r Gamla bron.<\/figcaption><\/figure>\n<div class=\"mceTemp\">\n<figure id=\"attachment_9574\" aria-describedby=\"caption-attachment-9574\" style=\"width: 1200px\" class=\"wp-caption aligncenter\"><img loading=\"lazy\" decoding=\"async\" class=\"size-full wp-image-9574\" src=\"http:\/\/www.lassebacklund.fi\/wp-content\/uploads\/2018\/08\/ota295_foto_0672.jpg\" alt=\"Sommaren 1960 var det \u00f6versv\u00e4mning i Lappfj\u00e4rd. Fotot taget fr\u00e5n lokalin mot Molanders g\u00e5rd och bakom Gam\u00e4lbroen syns telefoncentralin.\" width=\"1200\" height=\"808\" srcset=\"https:\/\/www.lassebacklund.fi\/wp-content\/uploads\/2018\/08\/ota295_foto_0672.jpg 1200w, https:\/\/www.lassebacklund.fi\/wp-content\/uploads\/2018\/08\/ota295_foto_0672-300x202.jpg 300w, https:\/\/www.lassebacklund.fi\/wp-content\/uploads\/2018\/08\/ota295_foto_0672-768x517.jpg 768w, https:\/\/www.lassebacklund.fi\/wp-content\/uploads\/2018\/08\/ota295_foto_0672-1024x689.jpg 1024w\" sizes=\"auto, (max-width: 1200px) 100vw, 1200px\" \/><figcaption id=\"caption-attachment-9574\" class=\"wp-caption-text\">Sommaren 1960 var det \u00f6versv\u00e4mning i Lappfj\u00e4rd. Fotot taget fr\u00e5n lokalin mot Molanders g\u00e5rd och bakom Gam\u00e4lbroen syns telefoncentralin.<\/figcaption><\/figure>\n<div class=\"mceTemp\">\n<figure id=\"attachment_9576\" aria-describedby=\"caption-attachment-9576\" style=\"width: 1200px\" class=\"wp-caption aligncenter\"><img loading=\"lazy\" decoding=\"async\" class=\"size-full wp-image-9576\" src=\"http:\/\/www.lassebacklund.fi\/wp-content\/uploads\/2018\/08\/ota295_foto_0674.jpg\" alt=\"Sommaren 1961 visades i &quot;Gam\u00e4lstor\u00e5en&quot;, allts\u00e5 i Vanhakyl\u00e4 hur det gick till d\u00e5 tj\u00e4ra tillverkades. H\u00e4r lyfts \u00e4nnu en tunna p\u00e5 plats, medan kostympojkar i bakgrunden st\u00e5r och ser p\u00e5.\" width=\"1200\" height=\"804\" srcset=\"https:\/\/www.lassebacklund.fi\/wp-content\/uploads\/2018\/08\/ota295_foto_0674.jpg 1200w, https:\/\/www.lassebacklund.fi\/wp-content\/uploads\/2018\/08\/ota295_foto_0674-300x201.jpg 300w, https:\/\/www.lassebacklund.fi\/wp-content\/uploads\/2018\/08\/ota295_foto_0674-768x515.jpg 768w, https:\/\/www.lassebacklund.fi\/wp-content\/uploads\/2018\/08\/ota295_foto_0674-1024x686.jpg 1024w\" sizes=\"auto, (max-width: 1200px) 100vw, 1200px\" \/><figcaption id=\"caption-attachment-9576\" class=\"wp-caption-text\">Sommaren 1961 visades i &#8221;Gam\u00e4lstor\u00e5en&#8221;, allts\u00e5 i Vanhakyl\u00e4 hur det gick till d\u00e5 tj\u00e4ra tillverkades. H\u00e4r lyfts \u00e4nnu en tunna p\u00e5 plats, medan kostympojkar i bakgrunden st\u00e5r och ser p\u00e5.<\/figcaption><\/figure>\n<div class=\"mceTemp\">\n<figure id=\"attachment_9577\" aria-describedby=\"caption-attachment-9577\" style=\"width: 1200px\" class=\"wp-caption aligncenter\"><img loading=\"lazy\" decoding=\"async\" class=\"size-full wp-image-9577\" src=\"http:\/\/www.lassebacklund.fi\/wp-content\/uploads\/2018\/08\/ota295_foto_0675.jpg\" alt=\"Tj\u00e4ran som tillverkades i Vanhakyl\u00e4 lastades p\u00e5 h\u00e4stk\u00e4rror f\u00f6r att f\u00f6ras till hamnen i Kristinestad. Inte p\u00e5 riktigt, f\u00f6r det h\u00e4r var ju bara en uppvisning hur det gick till i tiderna.\" width=\"1200\" height=\"807\" srcset=\"https:\/\/www.lassebacklund.fi\/wp-content\/uploads\/2018\/08\/ota295_foto_0675.jpg 1200w, https:\/\/www.lassebacklund.fi\/wp-content\/uploads\/2018\/08\/ota295_foto_0675-300x202.jpg 300w, https:\/\/www.lassebacklund.fi\/wp-content\/uploads\/2018\/08\/ota295_foto_0675-768x516.jpg 768w, https:\/\/www.lassebacklund.fi\/wp-content\/uploads\/2018\/08\/ota295_foto_0675-1024x689.jpg 1024w\" sizes=\"auto, (max-width: 1200px) 100vw, 1200px\" \/><figcaption id=\"caption-attachment-9577\" class=\"wp-caption-text\">Tj\u00e4ran som tillverkades i Vanhakyl\u00e4 lastades p\u00e5 h\u00e4stk\u00e4rror f\u00f6r att f\u00f6ras till hamnen i Kristinestad. Inte p\u00e5 riktigt, f\u00f6r det h\u00e4r var ju bara en uppvisning hur det gick till i tiderna.<\/figcaption><\/figure>\n<div class=\"mceTemp\">\n<figure id=\"attachment_9578\" aria-describedby=\"caption-attachment-9578\" style=\"width: 1200px\" class=\"wp-caption aligncenter\"><img loading=\"lazy\" decoding=\"async\" class=\"size-full wp-image-9578\" src=\"http:\/\/www.lassebacklund.fi\/wp-content\/uploads\/2018\/08\/ota295_foto_0676.jpg\" alt=\"L\u00e4raren Selim Bj\u00f6rses f\u00f6rs\u00f6ksland med olika potatissorter n\u00e4ra Centralskolan. \" width=\"1200\" height=\"808\" srcset=\"https:\/\/www.lassebacklund.fi\/wp-content\/uploads\/2018\/08\/ota295_foto_0676.jpg 1200w, https:\/\/www.lassebacklund.fi\/wp-content\/uploads\/2018\/08\/ota295_foto_0676-300x202.jpg 300w, https:\/\/www.lassebacklund.fi\/wp-content\/uploads\/2018\/08\/ota295_foto_0676-768x517.jpg 768w, https:\/\/www.lassebacklund.fi\/wp-content\/uploads\/2018\/08\/ota295_foto_0676-1024x689.jpg 1024w\" sizes=\"auto, (max-width: 1200px) 100vw, 1200px\" \/><figcaption id=\"caption-attachment-9578\" class=\"wp-caption-text\">L\u00e4raren Selim Bj\u00f6rses f\u00f6rs\u00f6ksland med olika potatissorter n\u00e4ra Centralskolan.<\/figcaption><\/figure>\n<div class=\"mceTemp\">\n<figure id=\"attachment_9579\" aria-describedby=\"caption-attachment-9579\" style=\"width: 1200px\" class=\"wp-caption aligncenter\"><img loading=\"lazy\" decoding=\"async\" class=\"size-full wp-image-9579\" src=\"http:\/\/www.lassebacklund.fi\/wp-content\/uploads\/2018\/08\/ota295_foto_0679.jpg\" alt=\"30 maj 1961 firade Uttermossa d\u00e5 skolan fyllde 50 \u00e5r. Den startade ju dock redan h\u00f6sten 1910 men p\u00e5 grund av oklarheter med kommunen s\u00e5 var den st\u00e4ngd ett \u00e5r i b\u00f6rjan, Den suddiga personen i talarstolen \u00e4r l\u00e4raren Ingmar Till. Folkskolan upph\u00f6rde i Uttermossa redan 1966 och byggnaden f\u00f6rst\u00f6rdes i en brand 2.9.1983.\" width=\"1200\" height=\"1195\" srcset=\"https:\/\/www.lassebacklund.fi\/wp-content\/uploads\/2018\/08\/ota295_foto_0679.jpg 1200w, https:\/\/www.lassebacklund.fi\/wp-content\/uploads\/2018\/08\/ota295_foto_0679-150x150.jpg 150w, https:\/\/www.lassebacklund.fi\/wp-content\/uploads\/2018\/08\/ota295_foto_0679-300x300.jpg 300w, https:\/\/www.lassebacklund.fi\/wp-content\/uploads\/2018\/08\/ota295_foto_0679-768x765.jpg 768w, https:\/\/www.lassebacklund.fi\/wp-content\/uploads\/2018\/08\/ota295_foto_0679-1024x1020.jpg 1024w\" sizes=\"auto, (max-width: 1200px) 100vw, 1200px\" \/><figcaption id=\"caption-attachment-9579\" class=\"wp-caption-text\">Den 30 maj 1961 firade man i Uttermossa d\u00e5 skolan fyllde 50 \u00e5r. Den startade ju dock redan h\u00f6sten 1910 men p\u00e5 grund av oklarheter med kommunen s\u00e5 var den st\u00e4ngd ett \u00e5r i b\u00f6rjan. Den suddiga personen i talarstolen \u00e4r l\u00e4raren Ingmar Till. Undervisningen upph\u00f6rde i Uttermossa redan \u00e5r 1966 och skolhuset anv\u00e4ndes efter det endast som m\u00f6teslokal. Byggnaden f\u00f6rst\u00f6rdes i en brand 2.9.1983.<\/figcaption><\/figure>\n<div class=\"mceTemp\">\n<figure id=\"attachment_9580\" aria-describedby=\"caption-attachment-9580\" style=\"width: 1200px\" class=\"wp-caption aligncenter\"><img loading=\"lazy\" decoding=\"async\" class=\"size-full wp-image-9580\" src=\"http:\/\/www.lassebacklund.fi\/wp-content\/uploads\/2018\/08\/ota295_foto_0682.jpg\" alt=\"Stora stenar lastades p\u00e5 Gamla bron s\u00e5 att den inte skulle \u00e5ka iv\u00e4g med de strida vattenstr\u00f6mmarna sommaren 1961. Molanders g\u00e5rd syns bakom buskarna-\" width=\"1200\" height=\"811\" srcset=\"https:\/\/www.lassebacklund.fi\/wp-content\/uploads\/2018\/08\/ota295_foto_0682.jpg 1200w, https:\/\/www.lassebacklund.fi\/wp-content\/uploads\/2018\/08\/ota295_foto_0682-300x203.jpg 300w, https:\/\/www.lassebacklund.fi\/wp-content\/uploads\/2018\/08\/ota295_foto_0682-768x519.jpg 768w, https:\/\/www.lassebacklund.fi\/wp-content\/uploads\/2018\/08\/ota295_foto_0682-1024x692.jpg 1024w\" sizes=\"auto, (max-width: 1200px) 100vw, 1200px\" \/><figcaption id=\"caption-attachment-9580\" class=\"wp-caption-text\">Stora stenar lastades p\u00e5 Gamla bron s\u00e5 att den inte skulle \u00e5ka iv\u00e4g med de strida vattenstr\u00f6mmarna sommaren 1961. Molanders g\u00e5rd syns bakom buskarna-<\/figcaption><\/figure>\n<div class=\"mceTemp\">\n<figure id=\"attachment_9581\" aria-describedby=\"caption-attachment-9581\" style=\"width: 813px\" class=\"wp-caption aligncenter\"><img loading=\"lazy\" decoding=\"async\" class=\"size-full wp-image-9581\" src=\"http:\/\/www.lassebacklund.fi\/wp-content\/uploads\/2018\/08\/ota295_foto_0683.jpg\" alt=\"\u00c5r 1961 restes monumentet p\u00e5 den gamla begravningsplatsen. Inskriptionen lyder: &quot; H\u00e4r har Lappfj\u00e4rds kyrka Sanct Birgitta st\u00e5tt till \u00e5r 1856. Ifr\u00e5n gr\u00e5a medeltiden har f\u00f6rsamlingen blivit h\u00e4r delaktig av den heliga lekamen och fr\u00e5n rangen av sockenkyrka \u00e5r 1594. ombyggd \u00e5r 1666 samt ytterligare utvidgad \u00e5r 1761 har i dess h\u00e4gn f\u00e5tt 15 140 personer sin sista viloplats&quot;.\" width=\"813\" height=\"1200\" srcset=\"https:\/\/www.lassebacklund.fi\/wp-content\/uploads\/2018\/08\/ota295_foto_0683.jpg 813w, https:\/\/www.lassebacklund.fi\/wp-content\/uploads\/2018\/08\/ota295_foto_0683-203x300.jpg 203w, https:\/\/www.lassebacklund.fi\/wp-content\/uploads\/2018\/08\/ota295_foto_0683-768x1134.jpg 768w, https:\/\/www.lassebacklund.fi\/wp-content\/uploads\/2018\/08\/ota295_foto_0683-694x1024.jpg 694w\" sizes=\"auto, (max-width: 813px) 100vw, 813px\" \/><figcaption id=\"caption-attachment-9581\" class=\"wp-caption-text\">\u00c5r 1961 restes monumentet p\u00e5 den gamla begravningsplatsen. Inskriptionen lyder: &#8221; H\u00e4r har Lappfj\u00e4rds kyrka Sanct Birgitta st\u00e5tt till \u00e5r 1856. Ifr\u00e5n gr\u00e5a medeltiden har f\u00f6rsamlingen blivit h\u00e4r delaktig av den heliga lekamen och fr\u00e5n rangen av sockenkyrka \u00e5r 1594. ombyggd \u00e5r 1666 samt ytterligare utvidgad \u00e5r 1761 har i dess h\u00e4gn f\u00e5tt 15 140 personer sin sista viloplats&#8221;.<\/figcaption><\/figure>\n<div class=\"mceTemp\">\n<figure id=\"attachment_9572\" aria-describedby=\"caption-attachment-9572\" style=\"width: 1199px\" class=\"wp-caption aligncenter\"><img loading=\"lazy\" decoding=\"async\" class=\"size-full wp-image-9572\" src=\"http:\/\/www.lassebacklund.fi\/wp-content\/uploads\/2018\/08\/ota295_foto_0670.jpg\" alt=\"Sl\u00f6jdsalen p\u00e5 den nya centralskolan i Lappfj\u00e4rd.\" width=\"1199\" height=\"1200\" srcset=\"https:\/\/www.lassebacklund.fi\/wp-content\/uploads\/2018\/08\/ota295_foto_0670.jpg 1199w, https:\/\/www.lassebacklund.fi\/wp-content\/uploads\/2018\/08\/ota295_foto_0670-150x150.jpg 150w, https:\/\/www.lassebacklund.fi\/wp-content\/uploads\/2018\/08\/ota295_foto_0670-300x300.jpg 300w, https:\/\/www.lassebacklund.fi\/wp-content\/uploads\/2018\/08\/ota295_foto_0670-768x769.jpg 768w, https:\/\/www.lassebacklund.fi\/wp-content\/uploads\/2018\/08\/ota295_foto_0670-1024x1024.jpg 1024w\" sizes=\"auto, (max-width: 1199px) 100vw, 1199px\" \/><figcaption id=\"caption-attachment-9572\" class=\"wp-caption-text\">Sl\u00f6jdsalen p\u00e5 den nya centralskolan i Lappfj\u00e4rd.<\/figcaption><\/figure>\n<div class=\"mceTemp\">\n<figure id=\"attachment_9582\" aria-describedby=\"caption-attachment-9582\" style=\"width: 1200px\" class=\"wp-caption aligncenter\"><img loading=\"lazy\" decoding=\"async\" class=\"size-full wp-image-9582\" src=\"http:\/\/www.lassebacklund.fi\/wp-content\/uploads\/2018\/08\/ota295_foto_0684.jpg\" alt=\"Stora m\u00e4ngder elevarbeten visades upp vid skolavslutningen 1961.\" width=\"1200\" height=\"804\" srcset=\"https:\/\/www.lassebacklund.fi\/wp-content\/uploads\/2018\/08\/ota295_foto_0684.jpg 1200w, https:\/\/www.lassebacklund.fi\/wp-content\/uploads\/2018\/08\/ota295_foto_0684-300x201.jpg 300w, https:\/\/www.lassebacklund.fi\/wp-content\/uploads\/2018\/08\/ota295_foto_0684-768x515.jpg 768w, https:\/\/www.lassebacklund.fi\/wp-content\/uploads\/2018\/08\/ota295_foto_0684-1024x686.jpg 1024w\" sizes=\"auto, (max-width: 1200px) 100vw, 1200px\" \/><figcaption id=\"caption-attachment-9582\" class=\"wp-caption-text\">Stora m\u00e4ngder elevarbeten visades upp vid skolavslutningen 1961.<\/figcaption><\/figure>\n<div class=\"mceTemp\">\n<figure id=\"attachment_9583\" aria-describedby=\"caption-attachment-9583\" style=\"width: 1200px\" class=\"wp-caption aligncenter\"><img loading=\"lazy\" decoding=\"async\" class=\"size-full wp-image-9583\" src=\"http:\/\/www.lassebacklund.fi\/wp-content\/uploads\/2018\/08\/ota295_foto_0685.jpg\" alt=\"Flera elever tillverkade julgransf\u00f6tter i metallsl\u00f6jden och de ser s\u00e5 v\u00e4lgjorda ut att det m\u00e5ste finnas flera i beh\u00e5ll och i anv\u00e4ndning \u00e4nnu.\" width=\"1200\" height=\"805\" srcset=\"https:\/\/www.lassebacklund.fi\/wp-content\/uploads\/2018\/08\/ota295_foto_0685.jpg 1200w, https:\/\/www.lassebacklund.fi\/wp-content\/uploads\/2018\/08\/ota295_foto_0685-300x201.jpg 300w, https:\/\/www.lassebacklund.fi\/wp-content\/uploads\/2018\/08\/ota295_foto_0685-768x515.jpg 768w, https:\/\/www.lassebacklund.fi\/wp-content\/uploads\/2018\/08\/ota295_foto_0685-1024x687.jpg 1024w\" sizes=\"auto, (max-width: 1200px) 100vw, 1200px\" \/><figcaption id=\"caption-attachment-9583\" class=\"wp-caption-text\">Flera elever tillverkade julgransf\u00f6tter i metallsl\u00f6jden och de ser s\u00e5 v\u00e4lgjorda ut att det m\u00e5ste finnas flera i beh\u00e5ll och i anv\u00e4ndning \u00e4nnu.<\/figcaption><\/figure>\n<div class=\"mceTemp\">\n<figure id=\"attachment_9584\" aria-describedby=\"caption-attachment-9584\" style=\"width: 1200px\" class=\"wp-caption aligncenter\"><img loading=\"lazy\" decoding=\"async\" class=\"size-full wp-image-9584\" src=\"http:\/\/www.lassebacklund.fi\/wp-content\/uploads\/2018\/08\/ota295_foto_0686.jpg\" alt=\"P\u00e5 skolavslutningen visades elevarbeten upp, bland annat dessa l\u00e4nstolar.\" width=\"1200\" height=\"804\" srcset=\"https:\/\/www.lassebacklund.fi\/wp-content\/uploads\/2018\/08\/ota295_foto_0686.jpg 1200w, https:\/\/www.lassebacklund.fi\/wp-content\/uploads\/2018\/08\/ota295_foto_0686-300x201.jpg 300w, https:\/\/www.lassebacklund.fi\/wp-content\/uploads\/2018\/08\/ota295_foto_0686-768x515.jpg 768w, https:\/\/www.lassebacklund.fi\/wp-content\/uploads\/2018\/08\/ota295_foto_0686-1024x686.jpg 1024w\" sizes=\"auto, (max-width: 1200px) 100vw, 1200px\" \/><figcaption id=\"caption-attachment-9584\" class=\"wp-caption-text\">P\u00e5 skolavslutningen visades elevarbeten upp, bland annat dessa l\u00e4nstolar.<\/figcaption><\/figure>\n<p>&nbsp;<\/p>\n<\/div>\n<p>Mera foton av Selim Bj\u00f6rses hittar du genom att klicka<a href=\"https:\/\/www.lassebacklund.fi\/?page_id=9599\"><span style=\"color: #000080;\"><strong> H\u00c4R!<\/strong><\/span><\/a><\/p>\n<\/div>\n<\/div>\n<\/div>\n<\/div>\n<\/div>\n<\/div>\n<\/div>\n<\/div>\n<\/div>\n<\/div>\n<\/div>\n<\/div>\n","protected":false},"excerpt":{"rendered":"<p>H\u00e4r n\u00e5gra av folkskoll\u00e4raren Selim Bj\u00f6rses\u00b4 fotografier, som han tog \u00e5ren 1960-61. Eric Stens har identifierat personerna och skrivit de flesta texter. Fotografierna \u00e4r fr\u00e5n Svenska Litteraturs\u00e4llskapets arkiv i Vasa. &nbsp; Mera foton av Selim Bj\u00f6rses hittar du genom att <a class=\"more-link\" href=\"https:\/\/www.lassebacklund.fi\/?page_id=9585\">Forts\u00e4tt l\u00e4sa <span class=\"screen-reader-text\">  Selims foton fr\u00e5n \u00e5ren 1960-1961.<\/span><span class=\"meta-nav\">&rarr;<\/span><\/a><\/p>\n","protected":false},"author":1,"featured_media":0,"parent":4555,"menu_order":1960,"comment_status":"closed","ping_status":"closed","template":"","meta":{"footnotes":""},"class_list":["post-9585","page","type-page","status-publish","hentry"],"_links":{"self":[{"href":"https:\/\/www.lassebacklund.fi\/index.php?rest_route=\/wp\/v2\/pages\/9585","targetHints":{"allow":["GET"]}}],"collection":[{"href":"https:\/\/www.lassebacklund.fi\/index.php?rest_route=\/wp\/v2\/pages"}],"about":[{"href":"https:\/\/www.lassebacklund.fi\/index.php?rest_route=\/wp\/v2\/types\/page"}],"author":[{"embeddable":true,"href":"https:\/\/www.lassebacklund.fi\/index.php?rest_route=\/wp\/v2\/users\/1"}],"replies":[{"embeddable":true,"href":"https:\/\/www.lassebacklund.fi\/index.php?rest_route=%2Fwp%2Fv2%2Fcomments&post=9585"}],"version-history":[{"count":4,"href":"https:\/\/www.lassebacklund.fi\/index.php?rest_route=\/wp\/v2\/pages\/9585\/revisions"}],"predecessor-version":[{"id":22781,"href":"https:\/\/www.lassebacklund.fi\/index.php?rest_route=\/wp\/v2\/pages\/9585\/revisions\/22781"}],"up":[{"embeddable":true,"href":"https:\/\/www.lassebacklund.fi\/index.php?rest_route=\/wp\/v2\/pages\/4555"}],"wp:attachment":[{"href":"https:\/\/www.lassebacklund.fi\/index.php?rest_route=%2Fwp%2Fv2%2Fmedia&parent=9585"}],"curies":[{"name":"wp","href":"https:\/\/api.w.org\/{rel}","templated":true}]}}