{"id":9150,"date":"2018-07-13T22:53:49","date_gmt":"2018-07-13T20:53:49","guid":{"rendered":"http:\/\/www.lassebacklund.fi\/?page_id=9150"},"modified":"2025-12-13T23:08:57","modified_gmt":"2025-12-13T21:08:57","slug":"granholms-gard-risasvagen-9-i-nystad","status":"publish","type":"page","link":"https:\/\/www.lassebacklund.fi\/?page_id=9150","title":{"rendered":"Granholms stuga p\u00e5 Ris\u00e5sv\u00e4gen 9 i Nystad"},"content":{"rendered":"<figure id=\"attachment_9140\" aria-describedby=\"caption-attachment-9140\" style=\"width: 1386px\" class=\"wp-caption aligncenter\"><img loading=\"lazy\" decoding=\"async\" class=\"size-full wp-image-9140\" src=\"http:\/\/www.lassebacklund.fi\/wp-content\/uploads\/2018\/07\/1.jpg\" alt=\"Granholms g\u00e5rd i Nystad sommaren 2003. Den revs efter n\u00e5gra \u00e5r och ersattes d\u00e5 med en ny stockstuga.\" width=\"1386\" height=\"1040\" srcset=\"https:\/\/www.lassebacklund.fi\/wp-content\/uploads\/2018\/07\/1.jpg 1386w, https:\/\/www.lassebacklund.fi\/wp-content\/uploads\/2018\/07\/1-300x225.jpg 300w, https:\/\/www.lassebacklund.fi\/wp-content\/uploads\/2018\/07\/1-768x576.jpg 768w, https:\/\/www.lassebacklund.fi\/wp-content\/uploads\/2018\/07\/1-1024x768.jpg 1024w\" sizes=\"auto, (max-width: 1386px) 100vw, 1386px\" \/><figcaption id=\"caption-attachment-9140\" class=\"wp-caption-text\">Den h\u00e4r vackra stugan i skogsbrynet i Nystad i Dagsmark byggdes \u00e5r 1928 av bonden Josef Granholm och detta foto \u00e4r taget sommaren 2003. Stugan revs efter n\u00e5gra \u00e5r och ersattes d\u00e5 med en ny stockstuga. Den h\u00e4r stugan, liksom alla andra i Nystad ligger faktiskt p\u00e5 Lappfj\u00e4rdssidan men trots det ligger de nog i Dagsmark.<\/figcaption><\/figure>\n<p><strong><span style=\"color: #000080;\">Sammanst\u00e4llt av Lasse Backlund 2014, med hj\u00e4lp av Inger Wiklund. Uppdaterades p\u00e5 den nya sidan i juli 2018.<\/span><\/strong><\/p>\n<h3 class=\"mceTemp\"><strong>Historia<\/strong><\/h3>\n<p>Bonden Josef Granholm (f. \u00c5djers eller Klockars \u00e5r 1882, bytte sedan namn till Asplund och dog som Granholm \u00e5r 1947) och hans hustru Selma (f. Asplund 1885-1951) k\u00f6pte parcellen L\u00f6na redan \u00e5r 1923 av br\u00f6derna Frans Andersson och Erik Anders Roseng\u00e5rd. \u00c5ret efter att de k\u00f6pte parcellen s\u00e5 for Josef p\u00e5 sin tredje Amerikaresa, denna g\u00e5ng till Canada. Om du vill l\u00e4sa mera om parcellen L\u00f6na i Nystad, s\u00e5 skall du klicka <a href=\"http:\/\/www.lassebacklund.fi\/?page_id=13978\"><span style=\"text-decoration: underline;\"><span style=\"color: #000080;\"><strong>H\u00c4R!<\/strong><\/span><\/span><\/a><\/p>\n<p>Josef Granholm, som kallades &#8221;Ruffa Josip&#8221;\u00a0 f\u00f6ddes vid L\u00e5ngstranden i Norrviken d\u00e4r han ocks\u00e5 v\u00e4xte upp, men han hade ocks\u00e5 en tid bott i en g\u00e5rd som var bel\u00e4gen n\u00e4ra korsningen Kol\u00e4ngsv\u00e4gen-Sunnantillv\u00e4gen-Ris\u00e5sv\u00e4gen. Den l\u00e5g riktigt precis p\u00e5 gr\u00e4nsen mellan Lappfj\u00e4rd och Dagsmark, det var faktiskt s\u00e5 att de hade k\u00f6ket i Dagsmark och sovrummet i Lappfj\u00e4rd!<\/p>\n<p>Den tiden n\u00e4r Josef Granholm byggde denna stuga, hette v\u00e4gen dit L\u00f6nat\u00e5, det var l\u00e5ngt senare som den bytte namn till Ris\u00e5sv\u00e4gen. V\u00e4gen dit fick samma namn som den parcell som &#8221;Lilltopinas Johannes&#8221; Hietaoja k\u00f6pte \u00e5r 1906. Parcellen L\u00f6na bytte sedan \u00e4gare flera g\u00e5nger och \u00e5r 1923 splittrades parcellen p\u00e5 3,9 hektar i 3 delar och &#8221;Ruffa Josip&#8221; k\u00f6pte den ena delen.<\/p>\n<h4><strong>Josef Granholm.<\/strong><\/h4>\n<p>Josef var son till &#8221;Ruffa Viktor&#8221; Rudolfsson \u00c5djers , senare Klockars (1856-1920) och &#8221;Norrvik Kajs&#8221;, allts\u00e5 Anna Kajsa Nyholm (1855-1895) som var fr\u00e5n Norrviken. Josefs farfar hette Rudolf \u00c5djers (f.1812) och han hade m\u00e5nga namn, d\u00e5 han bland annat kallades &#8221;Gam\u00e4l Ruffin&#8221; och &#8221;Kasa Rudolt&#8221; och det \u00e4r efter denna som sl\u00e4kten sedan kallades &#8221;Ruffa&#8221;. Gam\u00e4l-Ruffin bodde f\u00f6rst i J\u00e4rvel\u00e4 i Norrviken men vid storskiftet i Lappfj\u00e4rd blev han vr\u00e4kt och han flyttade d\u00e5 sin g\u00e5rd lite n\u00e4rmare M\u00e4kel\u00e4 Erlands. Hans son Viktor blev sedan torpare p\u00e5 Klockars hemman och han byggde en g\u00e5rd vid Norrvikv\u00e4gen, just vid avtagsv\u00e4gen ner till tr\u00e4sket och det var d\u00e4r som Josef v\u00e4xte upp.<\/p>\n<p>\u00c5r 1904 gifte sig Josef med Matilda Mattfolk fr\u00e5n Lappfj\u00e4rd (1883-1913) och de fick barnen Signe (f. 1905 gift Rosenback) och Arthur (f\u00f6dd i Amerika \u00e5r 1911, d\u00f6d1979, gift med Thyra Irene Rosenl\u00f6f). Samma \u00e5r som Signe f\u00f6ddes, allts\u00e5 1905 for Josef till Amerika och 5 \u00e5r senare flyttade hustrun Matilda och dottern Signe med. Under tiden i Amerika f\u00f6ddes sonen Arthur Julien. Men s\u00e5 blev Matilda sv\u00e5rt sjuk i lungsot och de flyttade allihop tillbaka till Finland. Matilda dog sedan \u00e5r 1913, endast 29 \u00e5r gammal.<\/p>\n<p>Nu for Josef till Amerika f\u00f6r andra g\u00e5ngen och d\u00e5 han kom tillbaka gifte han sig \u00e5r 1918 med Selma Asplund, som bodde n\u00e4ra Klemets broen. Selma var dotter till Karl Henrik Asplund (1885-1951) och Lena Johansdotter Lillkull (f.1844). Selma var syster till Halt Erik eller Kalleas Erik som han ocks\u00e5 kallades. Selma var tvilling med Elvira, som var gift med Alfred Mitts och de bodde l\u00e4ngre v\u00e4sterut p\u00e5 Kol\u00e4ngsv\u00e4gen.\u00a0 Alfred som kallades f\u00f6r &#8221;Mickaas Alfred&#8221; var en h\u00e4ndig man som bland annat sysslade med fotografering och han arbetade som s\u00e5gst\u00e4llare p\u00e5 <a href=\"http:\/\/www.lassebacklund.fi\/?page_id=1696\">Nylunds s\u00e5g i Dagsmark<\/a>. Selma hade en syster till som hette Ida, som bodde tillsammans med Erik Asplund i hemg\u00e5rden.<\/p>\n<figure id=\"attachment_9142\" aria-describedby=\"caption-attachment-9142\" style=\"width: 462px\" class=\"wp-caption aligncenter\"><img loading=\"lazy\" decoding=\"async\" class=\" wp-image-9142\" src=\"http:\/\/www.lassebacklund.fi\/wp-content\/uploads\/2018\/07\/3.jpg\" alt=\"Josef Granholm fotograferad i Canada.\" width=\"462\" height=\"754\" srcset=\"https:\/\/www.lassebacklund.fi\/wp-content\/uploads\/2018\/07\/3.jpg 725w, https:\/\/www.lassebacklund.fi\/wp-content\/uploads\/2018\/07\/3-184x300.jpg 184w, https:\/\/www.lassebacklund.fi\/wp-content\/uploads\/2018\/07\/3-628x1024.jpg 628w\" sizes=\"auto, (max-width: 462px) 100vw, 462px\" \/><figcaption id=\"caption-attachment-9142\" class=\"wp-caption-text\">Josef Granholm fotograferad i Canada.<\/figcaption><\/figure>\n<figure id=\"attachment_9146\" aria-describedby=\"caption-attachment-9146\" style=\"width: 1372px\" class=\"wp-caption aligncenter\"><img loading=\"lazy\" decoding=\"async\" class=\"size-full wp-image-9146\" src=\"http:\/\/www.lassebacklund.fi\/wp-content\/uploads\/2018\/07\/7.jpg\" alt=\"P\u00e5 bilden till v\u00e4nster tvillingarna Selma och Elvira Asplund och till h\u00f6ger systrarna Ida och Elvira.\" width=\"1372\" height=\"1054\" srcset=\"https:\/\/www.lassebacklund.fi\/wp-content\/uploads\/2018\/07\/7.jpg 1372w, https:\/\/www.lassebacklund.fi\/wp-content\/uploads\/2018\/07\/7-300x230.jpg 300w, https:\/\/www.lassebacklund.fi\/wp-content\/uploads\/2018\/07\/7-768x590.jpg 768w, https:\/\/www.lassebacklund.fi\/wp-content\/uploads\/2018\/07\/7-1024x787.jpg 1024w\" sizes=\"auto, (max-width: 1372px) 100vw, 1372px\" \/><figcaption id=\"caption-attachment-9146\" class=\"wp-caption-text\">Till v\u00e4nster tvillingarna Selma och Elvira Asplund och till h\u00f6ger systrarna Ida och Elvira.<\/figcaption><\/figure>\n<p>\u201dRuffa Josip&#8221; Granholm fick 2 barn med Selma och de v\u00e4xte upp i Nystad, Anna f\u00f6dd \u00e5r 1918 och Ingegerd (1920-2003). Ingegerd gifte sig Forsblom och flyttade till Esse och sedan till Jakobstad medan Anna bodde st\u00f6rre delen av sitt vuxna liv i Dagsmark.<\/p>\n<figure id=\"attachment_11999\" aria-describedby=\"caption-attachment-11999\" style=\"width: 1519px\" class=\"wp-caption alignnone\"><img loading=\"lazy\" decoding=\"async\" class=\"size-full wp-image-11999\" src=\"http:\/\/www.lassebacklund.fi\/wp-content\/uploads\/2019\/04\/Ingegerd-och-Rafael-Forsblom.jpg\" alt=\"\" width=\"1519\" height=\"944\" srcset=\"https:\/\/www.lassebacklund.fi\/wp-content\/uploads\/2019\/04\/Ingegerd-och-Rafael-Forsblom.jpg 1519w, https:\/\/www.lassebacklund.fi\/wp-content\/uploads\/2019\/04\/Ingegerd-och-Rafael-Forsblom-300x186.jpg 300w, https:\/\/www.lassebacklund.fi\/wp-content\/uploads\/2019\/04\/Ingegerd-och-Rafael-Forsblom-768x477.jpg 768w, https:\/\/www.lassebacklund.fi\/wp-content\/uploads\/2019\/04\/Ingegerd-och-Rafael-Forsblom-1024x636.jpg 1024w\" sizes=\"auto, (max-width: 1519px) 100vw, 1519px\" \/><figcaption id=\"caption-attachment-11999\" class=\"wp-caption-text\">Ingegerd Granholm gifte sig med Rafael Forsblom.<\/figcaption><\/figure>\n<p><strong>\u00c5r 1924<\/strong> for Josef Granholm utrikes f\u00f6r tredje g\u00e5ngen och denna g\u00e5ng for han till Canada men han \u00e5terv\u00e4nde efter n\u00e5gra \u00e5t och d\u00e5 stannade han f\u00f6r gott. \u00c5r 1926 stiftades i Finland en ny lag d\u00e5 parcell\u00e4garna kunde l\u00f6sa in dem och g\u00f6ra parcellerna till sj\u00e4lvst\u00e4ndiga l\u00e4genheter. S\u00e5 skedde med L\u00f6na parcellen den 17 september 1927 och Josef fick lagfart den 10 december samma \u00e5r. F\u00f6ljande \u00e5r uppf\u00f6rde han den stuga d\u00e4r han och Selma sedan bodde.<\/p>\n<p>Josef Granholm arbetade p\u00e5 olika byggen och i skogen p\u00e5 f\u00f6rtj\u00e4nst. D\u00e5 han var i skogsarbete, s\u00e5 kunde han ibland ta med &#8221;Leip\u00e4reissu&#8221; som mat. Den gjordes av uppv\u00e4rmd mj\u00f6lk, dit man satte gamla, torkade br\u00f6dknallar. Lite sm\u00f6r, socker i fall det fanns och n\u00e5gra saltkorn och maten var f\u00e4rdig.<\/p>\n<figure id=\"attachment_9141\" aria-describedby=\"caption-attachment-9141\" style=\"width: 1264px\" class=\"wp-caption aligncenter\"><img loading=\"lazy\" decoding=\"async\" class=\"size-full wp-image-9141\" src=\"http:\/\/www.lassebacklund.fi\/wp-content\/uploads\/2018\/07\/2.jpg\" alt=\"Granholms g\u00e5rd p\u00e5 ett flygfoto fr\u00e5n \u00e5r 1967. H\u00e4r syns det bra att g\u00e5rden har byggts till med en vinkel inrymmande bland annat en flickkammare.\" width=\"1264\" height=\"894\" srcset=\"https:\/\/www.lassebacklund.fi\/wp-content\/uploads\/2018\/07\/2.jpg 1264w, https:\/\/www.lassebacklund.fi\/wp-content\/uploads\/2018\/07\/2-300x212.jpg 300w, https:\/\/www.lassebacklund.fi\/wp-content\/uploads\/2018\/07\/2-768x543.jpg 768w, https:\/\/www.lassebacklund.fi\/wp-content\/uploads\/2018\/07\/2-1024x724.jpg 1024w\" sizes=\"auto, (max-width: 1264px) 100vw, 1264px\" \/><figcaption id=\"caption-attachment-9141\" class=\"wp-caption-text\">Det var den h\u00e4r stugan som Josef byggde d\u00e5 han \u00e5terv\u00e4nde fr\u00e5n sin tredje utrikesresa. Fotot \u00e4r fr\u00e5n \u00e5r 1967 och h\u00e4r syns det att stugan har byggts till med en vinkel inrymmande bland annat en flickkammare.<\/figcaption><\/figure>\n<figure id=\"attachment_9144\" aria-describedby=\"caption-attachment-9144\" style=\"width: 956px\" class=\"wp-caption aligncenter\"><img loading=\"lazy\" decoding=\"async\" class=\"size-full wp-image-9144\" src=\"http:\/\/www.lassebacklund.fi\/wp-content\/uploads\/2018\/07\/5.jpg\" alt=\"Josef och Selma Granholm med d\u00f6ttrarna Anna l\u00e4ngst till v\u00e4nster. och Ingegerd till h\u00f6ger. De st\u00e5r framf\u00f6r det nya huset i b\u00f6rjan p\u00e5 30-talet.\" width=\"956\" height=\"617\" srcset=\"https:\/\/www.lassebacklund.fi\/wp-content\/uploads\/2018\/07\/5.jpg 956w, https:\/\/www.lassebacklund.fi\/wp-content\/uploads\/2018\/07\/5-300x194.jpg 300w, https:\/\/www.lassebacklund.fi\/wp-content\/uploads\/2018\/07\/5-768x496.jpg 768w\" sizes=\"auto, (max-width: 956px) 100vw, 956px\" \/><figcaption id=\"caption-attachment-9144\" class=\"wp-caption-text\">Josef och Selma Granholm med d\u00f6ttrarna Anna l\u00e4ngst till v\u00e4nster och Ingegerd till h\u00f6ger. De st\u00e5r framf\u00f6r den nya stugan i b\u00f6rjan p\u00e5 30-talet.<\/figcaption><\/figure>\n<figure id=\"attachment_9143\" aria-describedby=\"caption-attachment-9143\" style=\"width: 1084px\" class=\"wp-caption aligncenter\"><img loading=\"lazy\" decoding=\"async\" class=\"size-full wp-image-9143\" src=\"http:\/\/www.lassebacklund.fi\/wp-content\/uploads\/2018\/07\/4.jpg\" alt=\"Josef Granholm och hans hustru Selma \u00e5r 1928, allts\u00e5 samma \u00e5r som de byggde sitt hus i skogsbrynet. I bakgrunden syns Erik Anders Brobergs g\u00e5rd som revs n\u00e5gon g\u00e5ng i b\u00f6rjan p\u00e5 2000-talet. \" width=\"1084\" height=\"628\" srcset=\"https:\/\/www.lassebacklund.fi\/wp-content\/uploads\/2018\/07\/4.jpg 1084w, https:\/\/www.lassebacklund.fi\/wp-content\/uploads\/2018\/07\/4-300x174.jpg 300w, https:\/\/www.lassebacklund.fi\/wp-content\/uploads\/2018\/07\/4-768x445.jpg 768w, https:\/\/www.lassebacklund.fi\/wp-content\/uploads\/2018\/07\/4-1024x593.jpg 1024w\" sizes=\"auto, (max-width: 1084px) 100vw, 1084px\" \/><figcaption id=\"caption-attachment-9143\" class=\"wp-caption-text\">Josef Granholm och hans hustru Selma \u00e5r 1928, allts\u00e5 samma \u00e5r som de byggde sin stuga i skogsbrynet. I bakgrunden syns Erik Anders Brobergs g\u00e5rd som revs n\u00e5gon g\u00e5ng i b\u00f6rjan p\u00e5 2000-talet.<\/figcaption><\/figure>\n<figure id=\"attachment_9145\" aria-describedby=\"caption-attachment-9145\" style=\"width: 586px\" class=\"wp-caption aligncenter\"><img loading=\"lazy\" decoding=\"async\" class=\"size-full wp-image-9145\" src=\"http:\/\/www.lassebacklund.fi\/wp-content\/uploads\/2018\/07\/6.jpg\" alt=\"Selma Granholm p\u00e5 g\u00e5rden med barnbarnet Inger i famnen, \u00e5r 1943. \" width=\"586\" height=\"961\" srcset=\"https:\/\/www.lassebacklund.fi\/wp-content\/uploads\/2018\/07\/6.jpg 586w, https:\/\/www.lassebacklund.fi\/wp-content\/uploads\/2018\/07\/6-183x300.jpg 183w\" sizes=\"auto, (max-width: 586px) 100vw, 586px\" \/><figcaption id=\"caption-attachment-9145\" class=\"wp-caption-text\">Selma Granholm p\u00e5 g\u00e5rden med barnbarnet Inger i famnen, \u00e5r 1943.<\/figcaption><\/figure>\n<p>N\u00e4r Josefs dotter Anna Granholm v\u00e4xte upp for hon tillsammans med flera andra flickor fr\u00e5n Dagsmark f\u00f6r att arbeta p\u00e5 Mj\u00f6lbolsta sjukhus. D\u00e4r tr\u00e4ffade hon Birger Sonntag, hemma fr\u00e5n Ing\u00e5 men han hade sl\u00e4kten i Tyskland. De gifte sig och fick \u00e5r 1942 dottern Inger. De bodde n\u00e5gra \u00e5r i Karis d\u00e4r Anna arbetade tills de \u00e5r 1945 flyttade till Brobergs stuga i Nystad. F\u00f6ljande \u00e5r flyttade de till Erikas Almas lillstuga d\u00e4r de bodde en kort tid. Sedan flyttade de till &#8221;Roras Viktor&#8221; R\u00f6nnkvists g\u00e5rd i Klemets\u00e4ndan, allts\u00e5 till den g\u00e5rd dit Ethel och Veli Kangas sedan flyttade. Sedan blev det flytt igen, denna g\u00e5ng till &#8221;P\u00e4rus Emelas&#8221; lillstugan, som l\u00e5g mellan Emmas caf\u00e9 och P\u00e4rus-Fors kraftverk, d\u00e4r Birger b\u00f6rjade arbeta.<\/p>\n<h3><strong>Anna och hennes man Birger Sonntag tar \u00f6ver<\/strong><\/h3>\n<p>En tid efter att Josef Granholm d\u00f6tt, flyttade Anna och Birger till Nystad och sk\u00f6tte om Selma till hennes d\u00f6d 1951.<\/p>\n<p><strong>\u00c5r 1951, den 21 maj<\/strong> k\u00f6pte Anna och Birger Sonntag Granholms stuga av Annas mor Selma och Annas syster Ingegerd Forsblom. Flera \u00e5r senare flyttade Birger och Anna till <a href=\"http:\/\/www.lassebacklund.fi\/?page_id=253\">Sparbankens aff\u00e4rshus i centrala Dagsmark<\/a>.<\/p>\n<p><strong>\u00c5r 1972, den 6 juni<\/strong> s\u00e5lde Anna och Birger huset vid L\u00f6nat\u00e5 \u00e5t Onni och Tyyne Heini\u00f6 f\u00f6r 4 000 mark och de flyttade d\u00e5 till <a href=\"http:\/\/www.lassebacklund.fi\/?page_id=253\">Sparbankens aff\u00e4rshus i centrala Dagsmark<\/a>.<\/p>\n<p>Efter att sparbankshuset f\u00f6rst\u00f6rdes i en brand 1973 k\u00f6pte Birger och Anna tomten och byggnaderna n\u00e4ra Sebasbackan d\u00e4r <a href=\"http:\/\/www.lassebacklund.fi\/?page_id=543\">Sigrids caf\u00e9 <\/a>\u00a0hade funnits och de renoverade garagebyggnaden p\u00e5 g\u00e5rden och bodde d\u00e4r tills de dog.<\/p>\n<figure id=\"attachment_9147\" aria-describedby=\"caption-attachment-9147\" style=\"width: 682px\" class=\"wp-caption aligncenter\"><img loading=\"lazy\" decoding=\"async\" class=\"size-full wp-image-9147\" src=\"http:\/\/www.lassebacklund.fi\/wp-content\/uploads\/2018\/07\/8.jpg\" alt=\"Birger Sonntag som 2-\u00e5ring, \u00e5r 1922.\" width=\"682\" height=\"1045\" srcset=\"https:\/\/www.lassebacklund.fi\/wp-content\/uploads\/2018\/07\/8.jpg 682w, https:\/\/www.lassebacklund.fi\/wp-content\/uploads\/2018\/07\/8-196x300.jpg 196w, https:\/\/www.lassebacklund.fi\/wp-content\/uploads\/2018\/07\/8-668x1024.jpg 668w\" sizes=\"auto, (max-width: 682px) 100vw, 682px\" \/><figcaption id=\"caption-attachment-9147\" class=\"wp-caption-text\">Birger Sonntag som 2-\u00e5ring, \u00e5r 1922.<\/figcaption><\/figure>\n<figure id=\"attachment_9148\" aria-describedby=\"caption-attachment-9148\" style=\"width: 1318px\" class=\"wp-caption aligncenter\"><img loading=\"lazy\" decoding=\"async\" class=\"size-full wp-image-9148\" src=\"http:\/\/www.lassebacklund.fi\/wp-content\/uploads\/2018\/07\/9.jpg\" alt=\"Anna Sonntag och dottern Inger f. 1943 p\u00e5 g\u00e5rden till Selmas barndomshem n\u00e4ra Klemets bron, allts\u00e5 Halt-Eriks eller Kalleas-Eriks eller Erik Asplunds g\u00e5rd som han hette p\u00e5 riktigt. Klemets bron ligger precis bakom g\u00e5rden.\" width=\"1318\" height=\"914\" srcset=\"https:\/\/www.lassebacklund.fi\/wp-content\/uploads\/2018\/07\/9.jpg 1318w, https:\/\/www.lassebacklund.fi\/wp-content\/uploads\/2018\/07\/9-300x208.jpg 300w, https:\/\/www.lassebacklund.fi\/wp-content\/uploads\/2018\/07\/9-768x533.jpg 768w, https:\/\/www.lassebacklund.fi\/wp-content\/uploads\/2018\/07\/9-1024x710.jpg 1024w\" sizes=\"auto, (max-width: 1318px) 100vw, 1318px\" \/><figcaption id=\"caption-attachment-9148\" class=\"wp-caption-text\">Anna Sonntag och dottern Inger f. 1943 p\u00e5 g\u00e5rden till Selmas barndomshem n\u00e4ra Klemets bron, allts\u00e5 Halt Eriks eller Kalleas Eriks eller Erik Asplunds g\u00e5rd som han hette p\u00e5 riktigt. <a href=\"https:\/\/www.lassebacklund.fi\/?page_id=1551\">Klemets bron<\/a> ligger precis bakom g\u00e5rden.<\/figcaption><\/figure>\n<figure id=\"attachment_9149\" aria-describedby=\"caption-attachment-9149\" style=\"width: 1408px\" class=\"wp-caption aligncenter\"><img loading=\"lazy\" decoding=\"async\" class=\"size-full wp-image-9149\" src=\"http:\/\/www.lassebacklund.fi\/wp-content\/uploads\/2018\/07\/10-Stockstuga-d\u00e4r-Ruffa.jpg\" alt=\"De nuvarande \u00e4garna bor i s\u00f6dra Finland och anv\u00e4nder st\u00e4llet som fritidsomr\u00e5de. Den ursprungliga byggnaden revs f\u00f6r n\u00e5got \u00e5r sedan och har nu ersatts med en modern stockbyggnad. Den ursprungliga byggnaden revs f\u00f6r n\u00e5got \u00e5r sedan och har nu ersatts med en modern stockbyggnad. Omr\u00e5det kallas i dag f\u00f6r \u201dAirin Tupala\u201d. \" width=\"1408\" height=\"1056\" srcset=\"https:\/\/www.lassebacklund.fi\/wp-content\/uploads\/2018\/07\/10-Stockstuga-d\u00e4r-Ruffa.jpg 1408w, https:\/\/www.lassebacklund.fi\/wp-content\/uploads\/2018\/07\/10-Stockstuga-d\u00e4r-Ruffa-300x225.jpg 300w, https:\/\/www.lassebacklund.fi\/wp-content\/uploads\/2018\/07\/10-Stockstuga-d\u00e4r-Ruffa-768x576.jpg 768w, https:\/\/www.lassebacklund.fi\/wp-content\/uploads\/2018\/07\/10-Stockstuga-d\u00e4r-Ruffa-1024x768.jpg 1024w\" sizes=\"auto, (max-width: 1408px) 100vw, 1408px\" \/><figcaption id=\"caption-attachment-9149\" class=\"wp-caption-text\">De nuvarande \u00e4garna till Granholms g\u00e5rd\u00a0bor i s\u00f6dra Finland och anv\u00e4nder st\u00e4llet som fritidsomr\u00e5de.\u00a0 Den ursprungliga byggnaden revs f\u00f6r n\u00e5got \u00e5r sedan och har nu ersatts med en modern stockbyggnad. Omr\u00e5det kallas i dag f\u00f6r \u201dAirin Tupala\u201d.<\/figcaption><\/figure>\n","protected":false},"excerpt":{"rendered":"<p>Sammanst\u00e4llt av Lasse Backlund 2014, med hj\u00e4lp av Inger Wiklund. Uppdaterades p\u00e5 den nya sidan i juli 2018. Historia Bonden Josef Granholm (f. \u00c5djers eller Klockars \u00e5r 1882, bytte sedan namn till Asplund och dog som Granholm \u00e5r 1947) och <a class=\"more-link\" href=\"https:\/\/www.lassebacklund.fi\/?page_id=9150\">Forts\u00e4tt l\u00e4sa <span class=\"screen-reader-text\">  Granholms stuga p\u00e5 Ris\u00e5sv\u00e4gen 9 i Nystad<\/span><span class=\"meta-nav\">&rarr;<\/span><\/a><\/p>\n","protected":false},"author":1,"featured_media":0,"parent":84,"menu_order":9,"comment_status":"closed","ping_status":"closed","template":"","meta":{"footnotes":""},"class_list":["post-9150","page","type-page","status-publish","hentry"],"_links":{"self":[{"href":"https:\/\/www.lassebacklund.fi\/index.php?rest_route=\/wp\/v2\/pages\/9150","targetHints":{"allow":["GET"]}}],"collection":[{"href":"https:\/\/www.lassebacklund.fi\/index.php?rest_route=\/wp\/v2\/pages"}],"about":[{"href":"https:\/\/www.lassebacklund.fi\/index.php?rest_route=\/wp\/v2\/types\/page"}],"author":[{"embeddable":true,"href":"https:\/\/www.lassebacklund.fi\/index.php?rest_route=\/wp\/v2\/users\/1"}],"replies":[{"embeddable":true,"href":"https:\/\/www.lassebacklund.fi\/index.php?rest_route=%2Fwp%2Fv2%2Fcomments&post=9150"}],"version-history":[{"count":16,"href":"https:\/\/www.lassebacklund.fi\/index.php?rest_route=\/wp\/v2\/pages\/9150\/revisions"}],"predecessor-version":[{"id":25167,"href":"https:\/\/www.lassebacklund.fi\/index.php?rest_route=\/wp\/v2\/pages\/9150\/revisions\/25167"}],"up":[{"embeddable":true,"href":"https:\/\/www.lassebacklund.fi\/index.php?rest_route=\/wp\/v2\/pages\/84"}],"wp:attachment":[{"href":"https:\/\/www.lassebacklund.fi\/index.php?rest_route=%2Fwp%2Fv2%2Fmedia&parent=9150"}],"curies":[{"name":"wp","href":"https:\/\/api.w.org\/{rel}","templated":true}]}}