{"id":90,"date":"2016-07-13T14:33:46","date_gmt":"2016-07-13T12:33:46","guid":{"rendered":"http:\/\/www.lassebacklund.fi\/wp\/?page_id=90"},"modified":"2024-04-20T22:55:17","modified_gmt":"2024-04-20T19:55:17","slug":"sunnantillvagen","status":"publish","type":"page","link":"https:\/\/www.lassebacklund.fi\/?page_id=90","title":{"rendered":"Sunnantillv\u00e4gen"},"content":{"rendered":"<p><span class=\"Normal-C\">Sunnantillv\u00e4gen \u00e4r en enskild v\u00e4g, som f\u00f6rvaltas och \u00e4gs av del\u00e4garna. I december 1972 besl\u00f6t kommunalfullm\u00e4ktige i Lappfj\u00e4rd att de tar \u00f6ver b\u00e5de sommar- och vinterunderh\u00e5llet av den 2,7 km l\u00e5nga v\u00e4gen. \u00c5r 2022 gjordes en grundf\u00f6rb\u00e4ttring p\u00e5&nbsp; en 1,4 km l\u00e5ng str\u00e4cka fr\u00e5n Gr\u00f6nlunds \u00f6ver Kol\u00e4ngen \u00e4nda till Flak\u00e5sv\u00e4gens b\u00f6rjan och f\u00f6ljande \u00e5r fick den delen ny asfaltbel\u00e4ggning.<\/span><\/p>\n<p><span class=\"Normal-C\">Vill du l\u00e4sa mera om g\u00e5rdarna l\u00e4ngs Sunnantillv\u00e4gen, s\u00e5 klicka p\u00e5 \u00f6nskat husnummer nedan.<\/span><\/p>\n<h6><a class=\"fasc-button fasc-size-medium fasc-type-glossy fasc-rounded-medium\" style=\"background-color: #33809e; color: #ffffff;\" href=\"http:\/\/www.lassebacklund.fi\/?page_id=17404\">4 L\u00f6fgren Sigurdas<\/a><\/h6>\n<p><a class=\"fasc-button fasc-size-medium fasc-type-glossy fasc-rounded-medium\" style=\"background-color: #33809e; color: #ffffff;\" href=\"https:\/\/www.lassebacklund.fi\/?page_id=22739\">7 Lind Bengt och Bernices<\/a><\/p>\n<h6><a class=\"fasc-button fasc-size-medium fasc-type-glossy fasc-rounded-medium\" style=\"background-color: #33809e; color: #ffffff;\" href=\"http:\/\/www.lassebacklund.fi\/?page_id=1864\">15 Rosengren Artur och Sandras <\/a><\/h6>\n<h6><a class=\"fasc-button fasc-size-medium fasc-type-glossy fasc-rounded-medium\" style=\"background-color: #33809e; color: #ffffff;\" href=\"http:\/\/www.lassebacklund.fi\/?page_id=1838\">16 Lillkull Arvidas<\/a><\/h6>\n<h6><a class=\"fasc-button fasc-size-medium fasc-type-glossy fasc-rounded-medium\" style=\"background-color: #33809e; color: #ffffff;\" href=\"http:\/\/www.lassebacklund.fi\/?page_id=2422\">19 Backlundas<\/a><\/h6>\n<h6><a class=\"fasc-button fasc-size-medium fasc-type-glossy fasc-rounded-medium\" style=\"background-color: #33809e; color: #ffffff;\" href=\"http:\/\/www.lassebacklund.fi\/?page_id=14608\">23 Backlund \u00c5kes <\/a><\/h6>\n<h6><a class=\"fasc-button fasc-size-medium fasc-type-glossy fasc-rounded-medium\" style=\"background-color: #33809e; color: #ffffff;\" href=\"http:\/\/www.lassebacklund.fi\/?page_id=2186\">26 Utteras fleckoras<\/a><\/h6>\n<h6><a class=\"fasc-button fasc-size-medium fasc-type-glossy fasc-rounded-medium\" style=\"background-color: #33809e; color: #ffffff;\" href=\"http:\/\/www.lassebacklund.fi\/?page_id=13410\">35 S\u00f6derqvistas<\/a><\/h6>\n<h6><a class=\"fasc-button fasc-size-medium fasc-type-glossy fasc-rounded-medium\" style=\"background-color: #33809e; color: #ffffff;\" href=\"http:\/\/www.lassebacklund.fi\/?page_id=16142\">44 Nylundas<\/a><\/h6>\n<h6><a class=\"fasc-button fasc-size-medium fasc-type-glossy fasc-rounded-medium\" style=\"background-color: #33809e; color: #ffffff;\" href=\"http:\/\/www.lassebacklund.fi\/?page_id=2196\">54 Stor\u00e5s-Selimas<\/a><\/h6>\n<h6><a class=\"fasc-button fasc-size-medium fasc-type-glossy fasc-rounded-medium\" style=\"background-color: #33809e; color: #ffffff;\" href=\"http:\/\/www.lassebacklund.fi\/?page_id=1368\">56 Mokkela-Linas<\/a><\/h6>\n<h6><a class=\"fasc-button fasc-size-medium fasc-type-glossy fasc-rounded-medium\" style=\"background-color: #33809e; color: #ffffff;\" href=\"http:\/\/www.lassebacklund.fi\/?page_id=2266\">59 Lillkull Karls<\/a><\/h6>\n<h6><a class=\"fasc-button fasc-size-medium fasc-type-glossy fasc-rounded-medium\" style=\"background-color: #33809e; color: #ffffff;\" href=\"http:\/\/www.lassebacklund.fi\/?page_id=2098\">70 Ekbergs- \u00c5n\u00e4s<\/a><\/h6>\n<h6><a class=\"fasc-button fasc-size-medium fasc-type-glossy fasc-rounded-medium\" style=\"background-color: #33809e; color: #ffffff;\" href=\"http:\/\/www.lassebacklund.fi\/?page_id=16544\">81 Lillkull Gunnars<\/a><\/h6>\n<h6><a class=\"fasc-button fasc-size-medium fasc-type-glossy fasc-rounded-medium\" style=\"background-color: #33809e; color: #ffffff;\" href=\"http:\/\/www.lassebacklund.fi\/?page_id=16015\">86 Drag\u00e5s hemmanet<\/a><\/h6>\n<h6><a class=\"fasc-button fasc-size-medium fasc-type-glossy fasc-rounded-medium\" style=\"background-color: #33809e; color: #ffffff;\" href=\"http:\/\/www.lassebacklund.fi\/?page_id=2213\">87 Rebeck eller Adelinas<\/a><\/h6>\n<p><a class=\"fasc-button fasc-size-medium fasc-type-glossy fasc-rounded-medium\" style=\"background-color: #33809e; color: #ffffff;\" href=\"https:\/\/www.lassebacklund.fi\/?page_id=22655\">97 Anselm Lillkulls g\u00e5rd<\/a><\/p>\n<h6><a class=\"fasc-button fasc-size-medium fasc-type-glossy fasc-rounded-medium\" style=\"background-color: #33809e; color: #ffffff;\" href=\"http:\/\/www.lassebacklund.fi\/?page_id=2370\">154 Dal-Fransas<\/a><\/h6>\n<h6><a class=\"fasc-button fasc-size-medium fasc-type-glossy fasc-rounded-medium\" style=\"background-color: #33809e; color: #ffffff;\" href=\"https:\/\/www.lassebacklund.fi\/?page_id=21555\">164 Nils Gr\u00f6nlunds g\u00e5rd<\/a><\/h6>\n<h6><a class=\"fasc-button fasc-size-medium fasc-type-glossy fasc-rounded-medium\" style=\"background-color: #33809e; color: #ffffff;\" href=\"http:\/\/www.lassebacklund.fi\/?page_id=2034\">174 Nybergas<\/a><\/h6>\n<h6><a class=\"fasc-button fasc-size-medium fasc-type-glossy fasc-rounded-medium\" style=\"background-color: #33809e; color: #ffffff;\" href=\"http:\/\/www.lassebacklund.fi\/?page_id=15726\">176 Toivonen<\/a><\/h6>\n<h6><a class=\"fasc-button fasc-size-medium fasc-type-glossy fasc-rounded-medium\" style=\"background-color: #33809e; color: #ffffff;\" href=\"http:\/\/www.lassebacklund.fi\/?page_id=11146\">191 Rosenlundas<\/a><\/h6>\n<h6><a class=\"fasc-button fasc-size-medium fasc-type-glossy fasc-rounded-medium\" style=\"background-color: #33809e; color: #ffffff;\" href=\"http:\/\/www.lassebacklund.fi\/?page_id=6118\">203 Sandlundas<\/a><\/h6>\n<h6><a class=\"fasc-button fasc-size-medium fasc-type-glossy fasc-rounded-medium\" style=\"background-color: #33809e; color: #ffffff;\" href=\"http:\/\/www.lassebacklund.fi\/?page_id=1309\">214 Kionas-Minas<\/a><\/h6>\n<p>&nbsp;<\/p>\n","protected":false},"excerpt":{"rendered":"<p>Sunnantillv\u00e4gen \u00e4r en enskild v\u00e4g, som f\u00f6rvaltas och \u00e4gs av del\u00e4garna. I december 1972 besl\u00f6t kommunalfullm\u00e4ktige i Lappfj\u00e4rd att de tar \u00f6ver b\u00e5de sommar- och vinterunderh\u00e5llet av den 2,7 km l\u00e5nga v\u00e4gen. \u00c5r 2022 gjordes en grundf\u00f6rb\u00e4ttring p\u00e5&nbsp; en 1,4 <a class=\"more-link\" href=\"https:\/\/www.lassebacklund.fi\/?page_id=90\">Forts\u00e4tt l\u00e4sa <span class=\"screen-reader-text\">  Sunnantillv\u00e4gen<\/span><span class=\"meta-nav\">&rarr;<\/span><\/a><\/p>\n","protected":false},"author":1,"featured_media":0,"parent":51,"menu_order":191,"comment_status":"closed","ping_status":"closed","template":"","meta":{"footnotes":""},"class_list":["post-90","page","type-page","status-publish","hentry"],"_links":{"self":[{"href":"https:\/\/www.lassebacklund.fi\/index.php?rest_route=\/wp\/v2\/pages\/90","targetHints":{"allow":["GET"]}}],"collection":[{"href":"https:\/\/www.lassebacklund.fi\/index.php?rest_route=\/wp\/v2\/pages"}],"about":[{"href":"https:\/\/www.lassebacklund.fi\/index.php?rest_route=\/wp\/v2\/types\/page"}],"author":[{"embeddable":true,"href":"https:\/\/www.lassebacklund.fi\/index.php?rest_route=\/wp\/v2\/users\/1"}],"replies":[{"embeddable":true,"href":"https:\/\/www.lassebacklund.fi\/index.php?rest_route=%2Fwp%2Fv2%2Fcomments&post=90"}],"version-history":[{"count":50,"href":"https:\/\/www.lassebacklund.fi\/index.php?rest_route=\/wp\/v2\/pages\/90\/revisions"}],"predecessor-version":[{"id":22742,"href":"https:\/\/www.lassebacklund.fi\/index.php?rest_route=\/wp\/v2\/pages\/90\/revisions\/22742"}],"up":[{"embeddable":true,"href":"https:\/\/www.lassebacklund.fi\/index.php?rest_route=\/wp\/v2\/pages\/51"}],"wp:attachment":[{"href":"https:\/\/www.lassebacklund.fi\/index.php?rest_route=%2Fwp%2Fv2%2Fmedia&parent=90"}],"curies":[{"name":"wp","href":"https:\/\/api.w.org\/{rel}","templated":true}]}}

Sunnantillvägen

<p><span class="Normal-C">Sunnantillvägen är en enskild väg, som förvaltas och ägs av delägarna. I december 1972 beslöt kommunalfullmäktige i Lappfjärd att de tar över både sommar- och vinterunderhållet av den 2,7 km långa vägen. År 2022 gjordes en grundförbättring på&nbsp; en 1,4 km lång sträcka från Grönlunds över Kolängen ända till Flakåsvägens början och följande år fick den delen ny asfaltbeläggning.</span></p>
<p><span class="Normal-C">Vill du läsa mera om gårdarna längs Sunnantillvägen, så klicka på önskat husnummer nedan.</span></p>
<h6><a class="fasc-button fasc-size-medium fasc-type-glossy fasc-rounded-medium" style="background-color: #33809e; color: #ffffff;" href="http://www.lassebacklund.fi/?page_id=17404">4 Löfgren Sigurdas</a></h6>
<p><a class="fasc-button fasc-size-medium fasc-type-glossy fasc-rounded-medium" style="background-color: #33809e; color: #ffffff;" href="https://www.lassebacklund.fi/?page_id=22739">7 Lind Bengt och Bernices</a></p>
<h6><a class="fasc-button fasc-size-medium fasc-type-glossy fasc-rounded-medium" style="background-color: #33809e; color: #ffffff;" href="http://www.lassebacklund.fi/?page_id=1864">15 Rosengren Artur och Sandras </a></h6>
<h6><a class="fasc-button fasc-size-medium fasc-type-glossy fasc-rounded-medium" style="background-color: #33809e; color: #ffffff;" href="http://www.lassebacklund.fi/?page_id=1838">16 Lillkull Arvidas</a></h6>
<h6><a class="fasc-button fasc-size-medium fasc-type-glossy fasc-rounded-medium" style="background-color: #33809e; color: #ffffff;" href="http://www.lassebacklund.fi/?page_id=2422">19 Backlundas</a></h6>
<h6><a class="fasc-button fasc-size-medium fasc-type-glossy fasc-rounded-medium" style="background-color: #33809e; color: #ffffff;" href="http://www.lassebacklund.fi/?page_id=14608">23 Backlund Åkes </a></h6>
<h6><a class="fasc-button fasc-size-medium fasc-type-glossy fasc-rounded-medium" style="background-color: #33809e; color: #ffffff;" href="http://www.lassebacklund.fi/?page_id=2186">26 Utteras fleckoras</a></h6>
<h6><a class="fasc-button fasc-size-medium fasc-type-glossy fasc-rounded-medium" style="background-color: #33809e; color: #ffffff;" href="http://www.lassebacklund.fi/?page_id=13410">35 Söderqvistas</a></h6>
<h6><a class="fasc-button fasc-size-medium fasc-type-glossy fasc-rounded-medium" style="background-color: #33809e; color: #ffffff;" href="http://www.lassebacklund.fi/?page_id=16142">44 Nylundas</a></h6>
<h6><a class="fasc-button fasc-size-medium fasc-type-glossy fasc-rounded-medium" style="background-color: #33809e; color: #ffffff;" href="http://www.lassebacklund.fi/?page_id=2196">54 Storås-Selimas</a></h6>
<h6><a class="fasc-button fasc-size-medium fasc-type-glossy fasc-rounded-medium" style="background-color: #33809e; color: #ffffff;" href="http://www.lassebacklund.fi/?page_id=1368">56 Mokkela-Linas</a></h6>
<h6><a class="fasc-button fasc-size-medium fasc-type-glossy fasc-rounded-medium" style="background-color: #33809e; color: #ffffff;" href="http://www.lassebacklund.fi/?page_id=2266">59 Lillkull Karls</a></h6>
<h6><a class="fasc-button fasc-size-medium fasc-type-glossy fasc-rounded-medium" style="background-color: #33809e; color: #ffffff;" href="http://www.lassebacklund.fi/?page_id=2098">70 Ekbergs- Ånäs</a></h6>
<h6><a class="fasc-button fasc-size-medium fasc-type-glossy fasc-rounded-medium" style="background-color: #33809e; color: #ffffff;" href="http://www.lassebacklund.fi/?page_id=16544">81 Lillkull Gunnars</a></h6>
<h6><a class="fasc-button fasc-size-medium fasc-type-glossy fasc-rounded-medium" style="background-color: #33809e; color: #ffffff;" href="http://www.lassebacklund.fi/?page_id=16015">86 Dragås hemmanet</a></h6>
<h6><a class="fasc-button fasc-size-medium fasc-type-glossy fasc-rounded-medium" style="background-color: #33809e; color: #ffffff;" href="http://www.lassebacklund.fi/?page_id=2213">87 Rebeck eller Adelinas</a></h6>
<p><a class="fasc-button fasc-size-medium fasc-type-glossy fasc-rounded-medium" style="background-color: #33809e; color: #ffffff;" href="https://www.lassebacklund.fi/?page_id=22655">97 Anselm Lillkulls gård</a></p>
<h6><a class="fasc-button fasc-size-medium fasc-type-glossy fasc-rounded-medium" style="background-color: #33809e; color: #ffffff;" href="http://www.lassebacklund.fi/?page_id=2370">154 Dal-Fransas</a></h6>
<h6><a class="fasc-button fasc-size-medium fasc-type-glossy fasc-rounded-medium" style="background-color: #33809e; color: #ffffff;" href="https://www.lassebacklund.fi/?page_id=21555">164 Nils Grönlunds gård</a></h6>
<h6><a class="fasc-button fasc-size-medium fasc-type-glossy fasc-rounded-medium" style="background-color: #33809e; color: #ffffff;" href="http://www.lassebacklund.fi/?page_id=2034">174 Nybergas</a></h6>
<h6><a class="fasc-button fasc-size-medium fasc-type-glossy fasc-rounded-medium" style="background-color: #33809e; color: #ffffff;" href="http://www.lassebacklund.fi/?page_id=15726">176 Toivonen</a></h6>
<h6><a class="fasc-button fasc-size-medium fasc-type-glossy fasc-rounded-medium" style="background-color: #33809e; color: #ffffff;" href="http://www.lassebacklund.fi/?page_id=11146">191 Rosenlundas</a></h6>
<h6><a class="fasc-button fasc-size-medium fasc-type-glossy fasc-rounded-medium" style="background-color: #33809e; color: #ffffff;" href="http://www.lassebacklund.fi/?page_id=6118">203 Sandlundas</a></h6>
<h6><a class="fasc-button fasc-size-medium fasc-type-glossy fasc-rounded-medium" style="background-color: #33809e; color: #ffffff;" href="http://www.lassebacklund.fi/?page_id=1309">214 Kionas-Minas</a></h6>
<p>&nbsp;</p>

<p>Sunnantillvägen är en enskild väg, som förvaltas och ägs av delägarna. I december 1972 beslöt kommunalfullmäktige i Lappfjärd att de tar över både sommar- och vinterunderhållet av den 2,7 km långa vägen. År 2022 gjordes en grundförbättring på&nbsp; en 1,4 <a class="more-link" href="https://www.lassebacklund.fi/?page_id=90">Fortsätt läsa <span class="screen-reader-text">  Sunnantillvägen</span><span class="meta-nav">&rarr;</span></a></p>
