{"id":8884,"date":"2018-06-25T21:09:48","date_gmt":"2018-06-25T19:09:48","guid":{"rendered":"http:\/\/www.lassebacklund.fi\/?page_id=8884"},"modified":"2018-11-22T20:45:53","modified_gmt":"2018-11-22T19:45:53","slug":"dagsmark-ufs-50-ars-historik","status":"publish","type":"page","link":"https:\/\/www.lassebacklund.fi\/?page_id=8884","title":{"rendered":"Dagsmark UF:s 50-\u00e5rs historik."},"content":{"rendered":"<p>50-\u00e5rs historiken har skrivits av folkskoll\u00e4raren Einar Lind, som ocks\u00e5 engagerade sig mycket i ungdomsf\u00f6reningens verksamhet.<\/p>\n<figure id=\"attachment_8869\" aria-describedby=\"caption-attachment-8869\" style=\"width: 1016px\" class=\"wp-caption aligncenter\"><img loading=\"lazy\" decoding=\"async\" class=\"size-full wp-image-8869\" src=\"http:\/\/www.lassebacklund.fi\/wp-content\/uploads\/2018\/06\/P\u00e4rmbild-utsida.jpg\" alt=\"P\u00e4rmbilden p\u00e5 historiken som Einar Lind skrev till f\u00f6reningens 50-\u00e5rs jubileum.\" width=\"1016\" height=\"1497\" srcset=\"https:\/\/www.lassebacklund.fi\/wp-content\/uploads\/2018\/06\/P\u00e4rmbild-utsida.jpg 1016w, https:\/\/www.lassebacklund.fi\/wp-content\/uploads\/2018\/06\/P\u00e4rmbild-utsida-204x300.jpg 204w, https:\/\/www.lassebacklund.fi\/wp-content\/uploads\/2018\/06\/P\u00e4rmbild-utsida-768x1132.jpg 768w, https:\/\/www.lassebacklund.fi\/wp-content\/uploads\/2018\/06\/P\u00e4rmbild-utsida-695x1024.jpg 695w\" sizes=\"auto, (max-width: 1016px) 100vw, 1016px\" \/><figcaption id=\"caption-attachment-8869\" class=\"wp-caption-text\">P\u00e4rmbilden p\u00e5 historiken som Einar Lind skrev till f\u00f6reningens 50-\u00e5rs jubileum.<\/figcaption><\/figure>\n<p><img loading=\"lazy\" decoding=\"async\" class=\"size-full wp-image-8870 aligncenter\" src=\"http:\/\/www.lassebacklund.fi\/wp-content\/uploads\/2018\/06\/Sid-2-3.jpg\" alt=\"Sid 2-3\" width=\"1493\" height=\"1134\" srcset=\"https:\/\/www.lassebacklund.fi\/wp-content\/uploads\/2018\/06\/Sid-2-3.jpg 1493w, https:\/\/www.lassebacklund.fi\/wp-content\/uploads\/2018\/06\/Sid-2-3-300x228.jpg 300w, https:\/\/www.lassebacklund.fi\/wp-content\/uploads\/2018\/06\/Sid-2-3-768x583.jpg 768w, https:\/\/www.lassebacklund.fi\/wp-content\/uploads\/2018\/06\/Sid-2-3-1024x778.jpg 1024w\" sizes=\"auto, (max-width: 1493px) 100vw, 1493px\" \/> <img loading=\"lazy\" decoding=\"async\" class=\"size-full wp-image-8871 aligncenter\" src=\"http:\/\/www.lassebacklund.fi\/wp-content\/uploads\/2018\/06\/Sid-4-5.jpg\" alt=\"Sid 4-5\" width=\"1493\" height=\"1053\" srcset=\"https:\/\/www.lassebacklund.fi\/wp-content\/uploads\/2018\/06\/Sid-4-5.jpg 1493w, https:\/\/www.lassebacklund.fi\/wp-content\/uploads\/2018\/06\/Sid-4-5-300x212.jpg 300w, https:\/\/www.lassebacklund.fi\/wp-content\/uploads\/2018\/06\/Sid-4-5-768x542.jpg 768w, https:\/\/www.lassebacklund.fi\/wp-content\/uploads\/2018\/06\/Sid-4-5-1024x722.jpg 1024w\" sizes=\"auto, (max-width: 1493px) 100vw, 1493px\" \/> <img loading=\"lazy\" decoding=\"async\" class=\"alignnone size-full wp-image-8872\" src=\"http:\/\/www.lassebacklund.fi\/wp-content\/uploads\/2018\/06\/Sid-6-7.jpg\" alt=\"Sid 6-7\" width=\"1490\" height=\"1082\" srcset=\"https:\/\/www.lassebacklund.fi\/wp-content\/uploads\/2018\/06\/Sid-6-7.jpg 1490w, https:\/\/www.lassebacklund.fi\/wp-content\/uploads\/2018\/06\/Sid-6-7-300x218.jpg 300w, https:\/\/www.lassebacklund.fi\/wp-content\/uploads\/2018\/06\/Sid-6-7-768x558.jpg 768w, https:\/\/www.lassebacklund.fi\/wp-content\/uploads\/2018\/06\/Sid-6-7-1024x744.jpg 1024w\" sizes=\"auto, (max-width: 1490px) 100vw, 1490px\" \/> <img loading=\"lazy\" decoding=\"async\" class=\"alignnone size-full wp-image-8873\" src=\"http:\/\/www.lassebacklund.fi\/wp-content\/uploads\/2018\/06\/Sid-8-9.jpg\" alt=\"Sid 8-9\" width=\"1494\" height=\"1093\" srcset=\"https:\/\/www.lassebacklund.fi\/wp-content\/uploads\/2018\/06\/Sid-8-9.jpg 1494w, https:\/\/www.lassebacklund.fi\/wp-content\/uploads\/2018\/06\/Sid-8-9-300x219.jpg 300w, https:\/\/www.lassebacklund.fi\/wp-content\/uploads\/2018\/06\/Sid-8-9-768x562.jpg 768w, https:\/\/www.lassebacklund.fi\/wp-content\/uploads\/2018\/06\/Sid-8-9-1024x749.jpg 1024w\" sizes=\"auto, (max-width: 1494px) 100vw, 1494px\" \/> <img loading=\"lazy\" decoding=\"async\" class=\"alignnone size-full wp-image-8874\" src=\"http:\/\/www.lassebacklund.fi\/wp-content\/uploads\/2018\/06\/Sid-10-11.jpg\" alt=\"Sid 10-11\" width=\"1495\" height=\"1078\" srcset=\"https:\/\/www.lassebacklund.fi\/wp-content\/uploads\/2018\/06\/Sid-10-11.jpg 1495w, https:\/\/www.lassebacklund.fi\/wp-content\/uploads\/2018\/06\/Sid-10-11-300x216.jpg 300w, https:\/\/www.lassebacklund.fi\/wp-content\/uploads\/2018\/06\/Sid-10-11-768x554.jpg 768w, https:\/\/www.lassebacklund.fi\/wp-content\/uploads\/2018\/06\/Sid-10-11-1024x738.jpg 1024w\" sizes=\"auto, (max-width: 1495px) 100vw, 1495px\" \/> <img loading=\"lazy\" decoding=\"async\" class=\"alignnone size-full wp-image-8875\" src=\"http:\/\/www.lassebacklund.fi\/wp-content\/uploads\/2018\/06\/Sid-12-13.jpg\" alt=\"Sid 12-13\" width=\"1496\" height=\"1071\" srcset=\"https:\/\/www.lassebacklund.fi\/wp-content\/uploads\/2018\/06\/Sid-12-13.jpg 1496w, https:\/\/www.lassebacklund.fi\/wp-content\/uploads\/2018\/06\/Sid-12-13-300x215.jpg 300w, https:\/\/www.lassebacklund.fi\/wp-content\/uploads\/2018\/06\/Sid-12-13-768x550.jpg 768w, https:\/\/www.lassebacklund.fi\/wp-content\/uploads\/2018\/06\/Sid-12-13-1024x733.jpg 1024w\" sizes=\"auto, (max-width: 1496px) 100vw, 1496px\" \/> <img loading=\"lazy\" decoding=\"async\" class=\"alignnone size-full wp-image-8876\" src=\"http:\/\/www.lassebacklund.fi\/wp-content\/uploads\/2018\/06\/Sid-14-15.jpg\" alt=\"Sid 14-15\" width=\"1494\" height=\"1082\" srcset=\"https:\/\/www.lassebacklund.fi\/wp-content\/uploads\/2018\/06\/Sid-14-15.jpg 1494w, https:\/\/www.lassebacklund.fi\/wp-content\/uploads\/2018\/06\/Sid-14-15-300x217.jpg 300w, https:\/\/www.lassebacklund.fi\/wp-content\/uploads\/2018\/06\/Sid-14-15-768x556.jpg 768w, https:\/\/www.lassebacklund.fi\/wp-content\/uploads\/2018\/06\/Sid-14-15-1024x742.jpg 1024w\" sizes=\"auto, (max-width: 1494px) 100vw, 1494px\" \/> <img loading=\"lazy\" decoding=\"async\" class=\"alignnone size-full wp-image-8877\" src=\"http:\/\/www.lassebacklund.fi\/wp-content\/uploads\/2018\/06\/Sid-16-17.jpg\" alt=\"Sid 16-17\" width=\"1489\" height=\"1069\" srcset=\"https:\/\/www.lassebacklund.fi\/wp-content\/uploads\/2018\/06\/Sid-16-17.jpg 1489w, https:\/\/www.lassebacklund.fi\/wp-content\/uploads\/2018\/06\/Sid-16-17-300x215.jpg 300w, https:\/\/www.lassebacklund.fi\/wp-content\/uploads\/2018\/06\/Sid-16-17-768x551.jpg 768w, https:\/\/www.lassebacklund.fi\/wp-content\/uploads\/2018\/06\/Sid-16-17-1024x735.jpg 1024w\" sizes=\"auto, (max-width: 1489px) 100vw, 1489px\" \/> <img loading=\"lazy\" decoding=\"async\" class=\"alignnone size-full wp-image-8878\" src=\"http:\/\/www.lassebacklund.fi\/wp-content\/uploads\/2018\/06\/Sid-18-19.jpg\" alt=\"Sid 18-19\" width=\"1489\" height=\"1069\" srcset=\"https:\/\/www.lassebacklund.fi\/wp-content\/uploads\/2018\/06\/Sid-18-19.jpg 1489w, https:\/\/www.lassebacklund.fi\/wp-content\/uploads\/2018\/06\/Sid-18-19-300x215.jpg 300w, https:\/\/www.lassebacklund.fi\/wp-content\/uploads\/2018\/06\/Sid-18-19-768x551.jpg 768w, https:\/\/www.lassebacklund.fi\/wp-content\/uploads\/2018\/06\/Sid-18-19-1024x735.jpg 1024w\" sizes=\"auto, (max-width: 1489px) 100vw, 1489px\" \/> <img loading=\"lazy\" decoding=\"async\" class=\"alignnone size-full wp-image-8879\" src=\"http:\/\/www.lassebacklund.fi\/wp-content\/uploads\/2018\/06\/Sid-20-21.jpg\" alt=\"Sid 20-21\" width=\"1495\" height=\"1065\" srcset=\"https:\/\/www.lassebacklund.fi\/wp-content\/uploads\/2018\/06\/Sid-20-21.jpg 1495w, https:\/\/www.lassebacklund.fi\/wp-content\/uploads\/2018\/06\/Sid-20-21-300x214.jpg 300w, https:\/\/www.lassebacklund.fi\/wp-content\/uploads\/2018\/06\/Sid-20-21-768x547.jpg 768w, https:\/\/www.lassebacklund.fi\/wp-content\/uploads\/2018\/06\/Sid-20-21-1024x729.jpg 1024w\" sizes=\"auto, (max-width: 1495px) 100vw, 1495px\" \/> <img loading=\"lazy\" decoding=\"async\" class=\"alignnone size-full wp-image-8880\" src=\"http:\/\/www.lassebacklund.fi\/wp-content\/uploads\/2018\/06\/Sid-22-23.jpg\" alt=\"Sid 22-23\" width=\"1491\" height=\"1075\" srcset=\"https:\/\/www.lassebacklund.fi\/wp-content\/uploads\/2018\/06\/Sid-22-23.jpg 1491w, https:\/\/www.lassebacklund.fi\/wp-content\/uploads\/2018\/06\/Sid-22-23-300x216.jpg 300w, https:\/\/www.lassebacklund.fi\/wp-content\/uploads\/2018\/06\/Sid-22-23-768x554.jpg 768w, https:\/\/www.lassebacklund.fi\/wp-content\/uploads\/2018\/06\/Sid-22-23-1024x738.jpg 1024w\" sizes=\"auto, (max-width: 1491px) 100vw, 1491px\" \/> <img loading=\"lazy\" decoding=\"async\" class=\"alignnone size-full wp-image-8881\" src=\"http:\/\/www.lassebacklund.fi\/wp-content\/uploads\/2018\/06\/Sid-24-25.jpg\" alt=\"Sid 24-25\" width=\"1491\" height=\"1070\" srcset=\"https:\/\/www.lassebacklund.fi\/wp-content\/uploads\/2018\/06\/Sid-24-25.jpg 1491w, https:\/\/www.lassebacklund.fi\/wp-content\/uploads\/2018\/06\/Sid-24-25-300x215.jpg 300w, https:\/\/www.lassebacklund.fi\/wp-content\/uploads\/2018\/06\/Sid-24-25-768x551.jpg 768w, https:\/\/www.lassebacklund.fi\/wp-content\/uploads\/2018\/06\/Sid-24-25-1024x735.jpg 1024w\" sizes=\"auto, (max-width: 1491px) 100vw, 1491px\" \/> <img loading=\"lazy\" decoding=\"async\" class=\" wp-image-8883 aligncenter\" src=\"http:\/\/www.lassebacklund.fi\/wp-content\/uploads\/2018\/06\/Sid-28.jpg\" alt=\"Sid 28\" width=\"923\" height=\"597\" \/> <img loading=\"lazy\" decoding=\"async\" class=\"alignnone size-full wp-image-8882\" src=\"http:\/\/www.lassebacklund.fi\/wp-content\/uploads\/2018\/06\/Sid-26-27.jpg\" alt=\"Sid 26-27\" width=\"1497\" height=\"1087\" srcset=\"https:\/\/www.lassebacklund.fi\/wp-content\/uploads\/2018\/06\/Sid-26-27.jpg 1497w, https:\/\/www.lassebacklund.fi\/wp-content\/uploads\/2018\/06\/Sid-26-27-300x218.jpg 300w, https:\/\/www.lassebacklund.fi\/wp-content\/uploads\/2018\/06\/Sid-26-27-768x558.jpg 768w, https:\/\/www.lassebacklund.fi\/wp-content\/uploads\/2018\/06\/Sid-26-27-1024x744.jpg 1024w\" sizes=\"auto, (max-width: 1497px) 100vw, 1497px\" \/><\/p>\n","protected":false},"excerpt":{"rendered":"<p>50-\u00e5rs historiken har skrivits av folkskoll\u00e4raren Einar Lind, som ocks\u00e5 engagerade sig mycket i ungdomsf\u00f6reningens verksamhet.<\/p>\n","protected":false},"author":1,"featured_media":0,"parent":7496,"menu_order":50,"comment_status":"closed","ping_status":"closed","template":"","meta":{"footnotes":""},"class_list":["post-8884","page","type-page","status-publish","hentry"],"_links":{"self":[{"href":"https:\/\/www.lassebacklund.fi\/index.php?rest_route=\/wp\/v2\/pages\/8884","targetHints":{"allow":["GET"]}}],"collection":[{"href":"https:\/\/www.lassebacklund.fi\/index.php?rest_route=\/wp\/v2\/pages"}],"about":[{"href":"https:\/\/www.lassebacklund.fi\/index.php?rest_route=\/wp\/v2\/types\/page"}],"author":[{"embeddable":true,"href":"https:\/\/www.lassebacklund.fi\/index.php?rest_route=\/wp\/v2\/users\/1"}],"replies":[{"embeddable":true,"href":"https:\/\/www.lassebacklund.fi\/index.php?rest_route=%2Fwp%2Fv2%2Fcomments&post=8884"}],"version-history":[{"count":1,"href":"https:\/\/www.lassebacklund.fi\/index.php?rest_route=\/wp\/v2\/pages\/8884\/revisions"}],"predecessor-version":[{"id":8885,"href":"https:\/\/www.lassebacklund.fi\/index.php?rest_route=\/wp\/v2\/pages\/8884\/revisions\/8885"}],"up":[{"embeddable":true,"href":"https:\/\/www.lassebacklund.fi\/index.php?rest_route=\/wp\/v2\/pages\/7496"}],"wp:attachment":[{"href":"https:\/\/www.lassebacklund.fi\/index.php?rest_route=%2Fwp%2Fv2%2Fmedia&parent=8884"}],"curies":[{"name":"wp","href":"https:\/\/api.w.org\/{rel}","templated":true}]}}