{"id":8235,"date":"2018-04-07T08:22:03","date_gmt":"2018-04-07T06:22:03","guid":{"rendered":"http:\/\/www.lassebacklund.fi\/?page_id=8235"},"modified":"2018-04-07T08:22:03","modified_gmt":"2018-04-07T06:22:03","slug":"arsavslutning","status":"publish","type":"page","link":"https:\/\/www.lassebacklund.fi\/?page_id=8235","title":{"rendered":"\u00c5rsavslutning."},"content":{"rendered":"<p><span style=\"color: #000080;\">Artikel i tidskriften \u201dUngdomsv\u00e4nnen\u201d 1.6.1928:<\/span><\/p>\n<p>Ev. Folkh\u00f6gskolans andra \u00e5rskurs avslutades 1 maj. Redan f\u00f6reg\u00e5ende dag anl\u00e4nde till orten elevernas anh\u00f6riga fr\u00e5n Jeppo, W\u00f6r\u00e5 och Kveflaks, och p\u00e5 avslutningsdagens morgon s\u00e5g man full-lastade bilar komma till ort och st\u00e4lle fr\u00e5n de n\u00e4rbel\u00e4gna f\u00f6rsamlingarna Sideby, Kristinestad, N\u00e4rpes och \u00d6vermark. Dagen var solig och klar och full festst\u00e4mning r\u00e5dde i den till dagens heder dekorerade l\u00e4rosalen. B\u00f6nehuset i Dagsmark kunde inte den g\u00e5ngen inrymma alla festbes\u00f6kare, men tack vare det vackra v\u00e4dret, s\u00e5 kunde alla h\u00f6ra och vara med, d\u00e5 f\u00f6nster och d\u00f6rrar kunde st\u00e5 \u00f6ppna. Som talare upptr\u00e4dde styrelsens ordf\u00f6rande kyrkoherden J. Im. B\u00e4ck, pastor L. L. Byman, kyrkoherden V. S\u00f6derholm, predikant J. A. Sundstr\u00f6m, skolans l\u00e4rare och eleven Valter Fredriksson. F\u00f6r allt det goda Guds ord vi d\u00e4r fick h\u00f6ra, vill undertecknad \u00e5 l\u00e4rares och elevers v\u00e4gnar framb\u00e4ra ett hj\u00e4rtligt tack!<\/p>\n<p>Med underbara k\u00e4nslor skildes l\u00e4rare och elever sent p\u00e5 kv\u00e4llen. Det r\u00e5dde allvar. Det var en stilla tystnad, d\u00e5 handen r\u00e4cktes till avsked och helt s\u00e4kert lj\u00f6d en stilla viskning ur m\u00e5ngens hj\u00e4rta: I himmelen skola vi inte mera beh\u00f6va r\u00e4cka varandra handen, till avsked.<\/p>\n<p>Till de v\u00e4nner, som s\u00e5 talrikt infann sig till avslutningen samt till alla skolans underst\u00f6djare, vilka med f\u00f6rb\u00f6ner och g\u00e5vor ih\u00e5gkommit v\u00e5r ungdomsskola under det g\u00e5ngna \u00e5ret vill vi hj\u00e4rtligen tacka. Vi hoppas, att Herren rikligen v\u00e4lsignat Edra f\u00f6rb\u00f6ner och g\u00e5vor. Betr\u00e4ffande den yttre v\u00e4lsignelsen, s\u00e5 synes det mig som om Herrens ord genom profeten Elia fullt kunde till\u00e4mpas: \u00bbMj\u00f6let i krukan skall icke taga slut, och oljan i kruset skall icke tryta\u00bb (1 Kon. 17: 14).<\/p>\n<p>Ja, vile Herrens n\u00e5d och rika v\u00e4lsignelse nu och allt framgent \u00f6ver v\u00e5r k\u00e4ra ungdomsskola!<\/p>\n<p>Dagsmark, den 8 maj 1928. J. E. Sj\u00f6blad.<\/p>\n<p>&nbsp;<\/p>\n","protected":false},"excerpt":{"rendered":"<p>Artikel i tidskriften \u201dUngdomsv\u00e4nnen\u201d 1.6.1928: Ev. Folkh\u00f6gskolans andra \u00e5rskurs avslutades 1 maj. Redan f\u00f6reg\u00e5ende dag anl\u00e4nde till orten elevernas anh\u00f6riga fr\u00e5n Jeppo, W\u00f6r\u00e5 och Kveflaks, och p\u00e5 avslutningsdagens morgon s\u00e5g man full-lastade bilar komma till ort och st\u00e4lle fr\u00e5n de <a class=\"more-link\" href=\"https:\/\/www.lassebacklund.fi\/?page_id=8235\">Forts\u00e4tt l\u00e4sa <span class=\"screen-reader-text\">  \u00c5rsavslutning.<\/span><span class=\"meta-nav\">&rarr;<\/span><\/a><\/p>\n","protected":false},"author":1,"featured_media":0,"parent":8088,"menu_order":0,"comment_status":"closed","ping_status":"closed","template":"","meta":{"footnotes":""},"class_list":["post-8235","page","type-page","status-publish","hentry"],"_links":{"self":[{"href":"https:\/\/www.lassebacklund.fi\/index.php?rest_route=\/wp\/v2\/pages\/8235","targetHints":{"allow":["GET"]}}],"collection":[{"href":"https:\/\/www.lassebacklund.fi\/index.php?rest_route=\/wp\/v2\/pages"}],"about":[{"href":"https:\/\/www.lassebacklund.fi\/index.php?rest_route=\/wp\/v2\/types\/page"}],"author":[{"embeddable":true,"href":"https:\/\/www.lassebacklund.fi\/index.php?rest_route=\/wp\/v2\/users\/1"}],"replies":[{"embeddable":true,"href":"https:\/\/www.lassebacklund.fi\/index.php?rest_route=%2Fwp%2Fv2%2Fcomments&post=8235"}],"version-history":[{"count":1,"href":"https:\/\/www.lassebacklund.fi\/index.php?rest_route=\/wp\/v2\/pages\/8235\/revisions"}],"predecessor-version":[{"id":8236,"href":"https:\/\/www.lassebacklund.fi\/index.php?rest_route=\/wp\/v2\/pages\/8235\/revisions\/8236"}],"up":[{"embeddable":true,"href":"https:\/\/www.lassebacklund.fi\/index.php?rest_route=\/wp\/v2\/pages\/8088"}],"wp:attachment":[{"href":"https:\/\/www.lassebacklund.fi\/index.php?rest_route=%2Fwp%2Fv2%2Fmedia&parent=8235"}],"curies":[{"name":"wp","href":"https:\/\/api.w.org\/{rel}","templated":true}]}}