{"id":7995,"date":"2018-03-27T18:40:37","date_gmt":"2018-03-27T16:40:37","guid":{"rendered":"http:\/\/www.lassebacklund.fi\/?page_id=7995"},"modified":"2018-03-27T18:41:57","modified_gmt":"2018-03-27T16:41:57","slug":"wadstroms-60-arsdag-ar-1921","status":"publish","type":"page","link":"https:\/\/www.lassebacklund.fi\/?page_id=7995","title":{"rendered":"Wadstr\u00f6ms 60-\u00e5rsdag \u00e5r 1921."},"content":{"rendered":"<p><span style=\"color: #000080;\">Tidningen Syd-\u00d6sterbotten publicerade denna artikel och dikt 7.9.1921:<\/span><\/p>\n<p>P\u00e5 sin 60-\u00e5rsdag senaste s\u00f6ndag blev bankdirekt\u00f6r J. J. Wadstr\u00f6m f\u00f6rem\u00e5l f\u00f6r en varm hyllning. Redan vid midnatt sj\u00f6ngs han upp av en s\u00e5ngarkvartett, och sedan under dagen avl\u00f6ste den ena gruppen uppvaktande v\u00e4nner den andra. Jubilaren hade \u00e4ven n\u00f6jet f\u00e5 mottaga v\u00e4rdefulla g\u00e5vor, telegram och skriftliga gratulationer. Fr\u00e5n f\u00f6re detta. elever framf\u00f6rde f\u00f6rs\u00e4kringsinspekt\u00f6r J. Rosenback en h\u00e4lsning och ett tack. S\u00e5som gammal v\u00e4n uppl\u00e4ste prosten Georg Laur\u00e9n f\u00f6ljande verser:<\/p>\n<h4>Till Johan Jakob Wadstr\u00f6m p\u00e5 sextio-\u00e5rsdagen.<\/h4>\n<p>&nbsp;<\/p>\n<p>Stunder fly och \u00e5ren ila.<\/p>\n<p>V\u00e5ra levnads\u00e5r.<\/p>\n<p>Stanna och l\u00e5t blicken vila<\/p>\n<p>Och Du sk\u00e5da f\u00e5r,<\/p>\n<p>Hur en h\u00f6gre vishet har<\/p>\n<p>Ordnat Dina levnadsdar.<\/p>\n<p>&nbsp;<\/p>\n<p>Kastar Du en blick tillbaka<\/p>\n<p>Bort till barndomsdar,<\/p>\n<p>Ser Du hur Guds \u00f6gon vaka<\/p>\n<p>\u00d6ver steg Du tar.<\/p>\n<p>\u00c4nda fr\u00e5n v\u00e5r barndomstid<\/p>\n<p>Har Han varit huld och blid.<\/p>\n<p>&nbsp;<\/p>\n<p>Sen Han f\u00f6ljt Dig ut i v\u00e4rlden<\/p>\n<p>gav Dig levnadskall,<\/p>\n<p>Vari oskattbara v\u00e4rden<\/p>\n<p>Av Dig v\u00e5rdas skall,<\/p>\n<p>Barnahj\u00e4rtat blev det f\u00e4lt,<\/p>\n<p>Varp\u00e5 Gud Din uppgift st\u00e4llt.<\/p>\n<p>&nbsp;<\/p>\n<p>Trogen blev Du den uppgiften<\/p>\n<p>Under \u00e5rens lopp<\/p>\n<p>Och i livets m\u00e5nga skiften<\/p>\n<p>Var det st\u00e4ds&#8217; Ditt hopp<\/p>\n<p>Kunna fostra viljestark<\/p>\n<p>Barnaskaran i Dagsmark.<\/p>\n<p>&nbsp;<\/p>\n<p>Far och mor g\u00e5tt i Din skola<\/p>\n<p>Uti flera led.<\/p>\n<p>Du p\u00e5 g\u00e5rden h\u00f6rt dem gnola<\/p>\n<p>Uti lekens ked.<\/p>\n<p>Ingen k\u00e4nner dem s\u00e5 v\u00e4l,<\/p>\n<p>Som Du, trogna arbetstr\u00e4l.<\/p>\n<p>&nbsp;<\/p>\n<p>Kunde skolans v\u00e4ggar tala,<\/p>\n<p>Arbetsrummet Ditt,<\/p>\n<p>De sku vittna, ej f\u00f6rhala<\/p>\n<p>B\u00e5de brett och vitt<\/p>\n<p>T\u00e4lja om en man, som har<\/p>\n<p>Arbetskraft och den ej spar.<\/p>\n<p>&nbsp;<\/p>\n<p>G\u00e4rning, vilja \u00e4ro g\u00e5vor.<\/p>\n<p>Som Gud m\u00e4nskor ger.<\/p>\n<p>Tack ske Honom f\u00f6r de h\u00e5vor<\/p>\n<p>Vi med gl\u00e4dje ser<\/p>\n<p>Uti trohet ockras med<\/p>\n<p>Och ej h\u00e5gl\u00f6st gr\u00e4vas ned !<\/p>\n<p>&nbsp;<\/p>\n<p>Tack och heder vi ock giva<\/p>\n<p>Flitig s\u00e5ningsman.<\/p>\n<p>M\u00e5 av s\u00e5dden frukter bliva,<\/p>\n<p>Som r\u00e4tt fr\u00f6jda kan<\/p>\n<p>Honom, som lagt ut sitt kraft,<\/p>\n<p>Skolans v\u00e4l som m\u00e5l har haft.<\/p>\n<p>&nbsp;<\/p>\n<p>Gud Dig signe och beg\u00e5ve<\/p>\n<p>\u00c4n med m\u00e5nga \u00e5r<\/p>\n<p>Och sin n\u00e5d f\u00f6r Dig f\u00f6rkovre<\/p>\n<p>F\u00f6r var dag Du f\u00e5r!<\/p>\n<p>Herren vare i Ditt hus<\/p>\n<p>St\u00e4ndig g\u00e4st, Ert, Ert ljus!.&#8217;<\/p>\n","protected":false},"excerpt":{"rendered":"<p>Tidningen Syd-\u00d6sterbotten publicerade denna artikel och dikt 7.9.1921: P\u00e5 sin 60-\u00e5rsdag senaste s\u00f6ndag blev bankdirekt\u00f6r J. J. Wadstr\u00f6m f\u00f6rem\u00e5l f\u00f6r en varm hyllning. Redan vid midnatt sj\u00f6ngs han upp av en s\u00e5ngarkvartett, och sedan under dagen avl\u00f6ste den ena gruppen <a class=\"more-link\" href=\"https:\/\/www.lassebacklund.fi\/?page_id=7995\">Forts\u00e4tt l\u00e4sa <span class=\"screen-reader-text\">  Wadstr\u00f6ms 60-\u00e5rsdag \u00e5r 1921.<\/span><span class=\"meta-nav\">&rarr;<\/span><\/a><\/p>\n","protected":false},"author":1,"featured_media":0,"parent":781,"menu_order":0,"comment_status":"closed","ping_status":"closed","template":"","meta":{"footnotes":""},"class_list":["post-7995","page","type-page","status-publish","hentry"],"_links":{"self":[{"href":"https:\/\/www.lassebacklund.fi\/index.php?rest_route=\/wp\/v2\/pages\/7995","targetHints":{"allow":["GET"]}}],"collection":[{"href":"https:\/\/www.lassebacklund.fi\/index.php?rest_route=\/wp\/v2\/pages"}],"about":[{"href":"https:\/\/www.lassebacklund.fi\/index.php?rest_route=\/wp\/v2\/types\/page"}],"author":[{"embeddable":true,"href":"https:\/\/www.lassebacklund.fi\/index.php?rest_route=\/wp\/v2\/users\/1"}],"replies":[{"embeddable":true,"href":"https:\/\/www.lassebacklund.fi\/index.php?rest_route=%2Fwp%2Fv2%2Fcomments&post=7995"}],"version-history":[{"count":3,"href":"https:\/\/www.lassebacklund.fi\/index.php?rest_route=\/wp\/v2\/pages\/7995\/revisions"}],"predecessor-version":[{"id":7998,"href":"https:\/\/www.lassebacklund.fi\/index.php?rest_route=\/wp\/v2\/pages\/7995\/revisions\/7998"}],"up":[{"embeddable":true,"href":"https:\/\/www.lassebacklund.fi\/index.php?rest_route=\/wp\/v2\/pages\/781"}],"wp:attachment":[{"href":"https:\/\/www.lassebacklund.fi\/index.php?rest_route=%2Fwp%2Fv2%2Fmedia&parent=7995"}],"curies":[{"name":"wp","href":"https:\/\/api.w.org\/{rel}","templated":true}]}}