{"id":7821,"date":"2018-03-16T16:45:27","date_gmt":"2018-03-16T15:45:27","guid":{"rendered":"http:\/\/www.lassebacklund.fi\/?page_id=7821"},"modified":"2023-11-06T19:04:28","modified_gmt":"2023-11-06T17:04:28","slug":"lappfjards-forsamling","status":"publish","type":"page","link":"https:\/\/www.lassebacklund.fi\/?page_id=7821","title":{"rendered":"Lappfj\u00e4rds historia."},"content":{"rendered":"<p>Lappfj\u00e4rd som sedan 1300-talet hade h\u00f6rt till N\u00e4rpes socken, blev i september 1607 avskilt fr\u00e5n N\u00e4rpes och blev d\u00e5 ett eget pastorat och socken. Byarna Dagsmark, H\u00e4rkm\u00e4r, Tj\u00f6ck, Kopp\u00f6, B\u00f6tom, Stor\u00e5 blev d\u00e5 en del av den stora socknen Lappfj\u00e4rd.<\/p>\n<p><a class=\"fasc-button fasc-size-medium fasc-type-glossy fasc-rounded-medium\" style=\"background-color: #33809e; color: #ffffff;\" href=\"http:\/\/www.lassebacklund.fi\/?page_id=5560\">Namnet Lappfj\u00e4rd<\/a><\/p>\n<h4><strong>Socknen och f\u00f6rsamlingen:<\/strong><\/h4>\n<h6><a class=\"fasc-button fasc-size-medium fasc-type-glossy fasc-rounded-medium\" style=\"background-color: #33809e; color: #ffffff;\" href=\"http:\/\/www.lassebacklund.fi\/?page_id=12689\">Den f\u00f6rsta kyrkan<\/a><\/h6>\n<p><a class=\"fasc-button fasc-size-medium fasc-type-glossy fasc-rounded-medium\" style=\"background-color: #33809e; color: #ffffff;\" href=\"http:\/\/www.lassebacklund.fi\/?page_id=15435\">Birgittakyrkan<\/a><\/p>\n<h6><a class=\"fasc-button fasc-size-medium fasc-type-glossy fasc-rounded-medium\" style=\"background-color: #33809e; color: #ffffff;\" href=\"http:\/\/www.lassebacklund.fi\/?page_id=12699\">Socknen bildades 1607<\/a><\/h6>\n<h6><a class=\"fasc-button fasc-size-medium fasc-type-glossy fasc-rounded-medium\" style=\"background-color: #33809e; color: #ffffff;\" href=\"http:\/\/www.lassebacklund.fi\/?page_id=12714\">Kyrkoherdarna p\u00e5 1600-talet<\/a><\/h6>\n<h6><a class=\"fasc-button fasc-size-medium fasc-type-glossy fasc-rounded-medium\" style=\"background-color: #33809e; color: #ffffff;\" href=\"http:\/\/www.lassebacklund.fi\/?page_id=7823\">Sista predikan i den gamla kyrkan \u00e5r 1851<\/a><\/h6>\n<h6><a class=\"fasc-button fasc-size-medium fasc-type-glossy fasc-rounded-medium\" style=\"background-color: #33809e; color: #ffffff;\" href=\"http:\/\/www.lassebacklund.fi\/?page_id=6358\">Estlander ber\u00e4ttar om den nya kyrkan<\/a><\/h6>\n<h6><a class=\"fasc-button fasc-size-medium fasc-type-glossy fasc-rounded-medium\" style=\"background-color: #33809e; color: #ffffff;\" href=\"http:\/\/www.lassebacklund.fi\/?page_id=8506\">Kyrkans 100 \u00e5rs fest \u00e5r 1952<\/a><\/h6>\n<h6><a class=\"fasc-button fasc-size-medium fasc-type-glossy fasc-rounded-medium\" style=\"background-color: #33809e; color: #ffffff;\" href=\"http:\/\/www.lassebacklund.fi\/?page_id=8599\">F\u00f6rsamlingar i \u00d6sterbotten 1892<\/a><\/h6>\n<h6><a class=\"fasc-button fasc-size-medium fasc-type-glossy fasc-rounded-medium\" style=\"background-color: #33809e; color: #ffffff;\" href=\"http:\/\/www.lassebacklund.fi\/?page_id=9303\">Estlanders donation till f\u00f6rsamlingen<\/a><\/h6>\n<h4><strong>Viktiga h\u00e4ndelser:<\/strong><\/h4>\n<h6><a class=\"fasc-button fasc-size-medium fasc-type-glossy fasc-rounded-medium\" style=\"background-color: #33809e; color: #ffffff;\" href=\"http:\/\/www.lassebacklund.fi\/?page_id=3747\">Skyddsk\u00e5rens historia<\/a><\/h6>\n<h6><a class=\"fasc-button fasc-size-medium fasc-type-glossy fasc-rounded-medium\" style=\"background-color: #33809e; color: #ffffff;\" href=\"http:\/\/www.lassebacklund.fi\/?page_id=16089\">Striderna i Lappfj\u00e4rd \u00e5r 1808<\/a><\/h6>\n<h4><strong>F\u00f6retag i kommunen:<\/strong><\/h4>\n<h6><a class=\"fasc-button fasc-size-medium fasc-type-glossy fasc-rounded-medium\" style=\"background-color: #33809e; color: #ffffff;\" href=\"http:\/\/www.lassebacklund.fi\/?page_id=1417\">Lappfj\u00e4rd andelshandel<\/a><\/h6>\n<h6><a class=\"fasc-button fasc-size-medium fasc-type-glossy fasc-rounded-medium\" style=\"background-color: #33809e; color: #ffffff;\" href=\"http:\/\/www.lassebacklund.fi\/?page_id=16724\">Lappfj\u00e4rdsnejdens Andelskassa<\/a><\/h6>\n<h6><a class=\"fasc-button fasc-size-medium fasc-type-glossy fasc-rounded-medium\" style=\"background-color: #33809e; color: #ffffff;\" href=\"http:\/\/www.lassebacklund.fi\/?page_id=2441\">Rederiet Ebb<\/a><\/h6>\n<h4><strong><a href=\"https:\/\/www.lassebacklund.fi\/?page_id=22259\">KOP:s kontor i Lappfj\u00e4rd<\/a><\/strong><\/h4>\n","protected":false},"excerpt":{"rendered":"<p>Lappfj\u00e4rd som sedan 1300-talet hade h\u00f6rt till N\u00e4rpes socken, blev i september 1607 avskilt fr\u00e5n N\u00e4rpes och blev d\u00e5 ett eget pastorat och socken. Byarna Dagsmark, H\u00e4rkm\u00e4r, Tj\u00f6ck, Kopp\u00f6, B\u00f6tom, Stor\u00e5 blev d\u00e5 en del av den stora socknen Lappfj\u00e4rd. <a class=\"more-link\" href=\"https:\/\/www.lassebacklund.fi\/?page_id=7821\">Forts\u00e4tt l\u00e4sa <span class=\"screen-reader-text\">  Lappfj\u00e4rds historia.<\/span><span class=\"meta-nav\">&rarr;<\/span><\/a><\/p>\n","protected":false},"author":1,"featured_media":0,"parent":0,"menu_order":5,"comment_status":"closed","ping_status":"closed","template":"","meta":{"footnotes":""},"class_list":["post-7821","page","type-page","status-publish","hentry"],"_links":{"self":[{"href":"https:\/\/www.lassebacklund.fi\/index.php?rest_route=\/wp\/v2\/pages\/7821","targetHints":{"allow":["GET"]}}],"collection":[{"href":"https:\/\/www.lassebacklund.fi\/index.php?rest_route=\/wp\/v2\/pages"}],"about":[{"href":"https:\/\/www.lassebacklund.fi\/index.php?rest_route=\/wp\/v2\/types\/page"}],"author":[{"embeddable":true,"href":"https:\/\/www.lassebacklund.fi\/index.php?rest_route=\/wp\/v2\/users\/1"}],"replies":[{"embeddable":true,"href":"https:\/\/www.lassebacklund.fi\/index.php?rest_route=%2Fwp%2Fv2%2Fcomments&post=7821"}],"version-history":[{"count":34,"href":"https:\/\/www.lassebacklund.fi\/index.php?rest_route=\/wp\/v2\/pages\/7821\/revisions"}],"predecessor-version":[{"id":22261,"href":"https:\/\/www.lassebacklund.fi\/index.php?rest_route=\/wp\/v2\/pages\/7821\/revisions\/22261"}],"wp:attachment":[{"href":"https:\/\/www.lassebacklund.fi\/index.php?rest_route=%2Fwp%2Fv2%2Fmedia&parent=7821"}],"curies":[{"name":"wp","href":"https:\/\/api.w.org\/{rel}","templated":true}]}}

Lappfjärds historia.

<p>Lappfjärd som sedan 1300-talet hade hört till Närpes socken, blev i september 1607 avskilt från Närpes och blev då ett eget pastorat och socken. Byarna Dagsmark, Härkmär, Tjöck, Koppö, Bötom, Storå blev då en del av den stora socknen Lappfjärd.</p>
<p><a class="fasc-button fasc-size-medium fasc-type-glossy fasc-rounded-medium" style="background-color: #33809e; color: #ffffff;" href="http://www.lassebacklund.fi/?page_id=5560">Namnet Lappfjärd</a></p>
<h4><strong>Socknen och församlingen:</strong></h4>
<h6><a class="fasc-button fasc-size-medium fasc-type-glossy fasc-rounded-medium" style="background-color: #33809e; color: #ffffff;" href="http://www.lassebacklund.fi/?page_id=12689">Den första kyrkan</a></h6>
<p><a class="fasc-button fasc-size-medium fasc-type-glossy fasc-rounded-medium" style="background-color: #33809e; color: #ffffff;" href="http://www.lassebacklund.fi/?page_id=15435">Birgittakyrkan</a></p>
<h6><a class="fasc-button fasc-size-medium fasc-type-glossy fasc-rounded-medium" style="background-color: #33809e; color: #ffffff;" href="http://www.lassebacklund.fi/?page_id=12699">Socknen bildades 1607</a></h6>
<h6><a class="fasc-button fasc-size-medium fasc-type-glossy fasc-rounded-medium" style="background-color: #33809e; color: #ffffff;" href="http://www.lassebacklund.fi/?page_id=12714">Kyrkoherdarna på 1600-talet</a></h6>
<h6><a class="fasc-button fasc-size-medium fasc-type-glossy fasc-rounded-medium" style="background-color: #33809e; color: #ffffff;" href="http://www.lassebacklund.fi/?page_id=7823">Sista predikan i den gamla kyrkan år 1851</a></h6>
<h6><a class="fasc-button fasc-size-medium fasc-type-glossy fasc-rounded-medium" style="background-color: #33809e; color: #ffffff;" href="http://www.lassebacklund.fi/?page_id=6358">Estlander berättar om den nya kyrkan</a></h6>
<h6><a class="fasc-button fasc-size-medium fasc-type-glossy fasc-rounded-medium" style="background-color: #33809e; color: #ffffff;" href="http://www.lassebacklund.fi/?page_id=8506">Kyrkans 100 års fest år 1952</a></h6>
<h6><a class="fasc-button fasc-size-medium fasc-type-glossy fasc-rounded-medium" style="background-color: #33809e; color: #ffffff;" href="http://www.lassebacklund.fi/?page_id=8599">Församlingar i Österbotten 1892</a></h6>
<h6><a class="fasc-button fasc-size-medium fasc-type-glossy fasc-rounded-medium" style="background-color: #33809e; color: #ffffff;" href="http://www.lassebacklund.fi/?page_id=9303">Estlanders donation till församlingen</a></h6>
<h4><strong>Viktiga händelser:</strong></h4>
<h6><a class="fasc-button fasc-size-medium fasc-type-glossy fasc-rounded-medium" style="background-color: #33809e; color: #ffffff;" href="http://www.lassebacklund.fi/?page_id=3747">Skyddskårens historia</a></h6>
<h6><a class="fasc-button fasc-size-medium fasc-type-glossy fasc-rounded-medium" style="background-color: #33809e; color: #ffffff;" href="http://www.lassebacklund.fi/?page_id=16089">Striderna i Lappfjärd år 1808</a></h6>
<h4><strong>Företag i kommunen:</strong></h4>
<h6><a class="fasc-button fasc-size-medium fasc-type-glossy fasc-rounded-medium" style="background-color: #33809e; color: #ffffff;" href="http://www.lassebacklund.fi/?page_id=1417">Lappfjärd andelshandel</a></h6>
<h6><a class="fasc-button fasc-size-medium fasc-type-glossy fasc-rounded-medium" style="background-color: #33809e; color: #ffffff;" href="http://www.lassebacklund.fi/?page_id=16724">Lappfjärdsnejdens Andelskassa</a></h6>
<h6><a class="fasc-button fasc-size-medium fasc-type-glossy fasc-rounded-medium" style="background-color: #33809e; color: #ffffff;" href="http://www.lassebacklund.fi/?page_id=2441">Rederiet Ebb</a></h6>
<h4><strong><a href="https://www.lassebacklund.fi/?page_id=22259">KOP:s kontor i Lappfjärd</a></strong></h4>

<p>Lappfjärd som sedan 1300-talet hade hört till Närpes socken, blev i september 1607 avskilt från Närpes och blev då ett eget pastorat och socken. Byarna Dagsmark, Härkmär, Tjöck, Koppö, Bötom, Storå blev då en del av den stora socknen Lappfjärd. <a class="more-link" href="https://www.lassebacklund.fi/?page_id=7821">Fortsätt läsa <span class="screen-reader-text">  Lappfjärds historia.</span><span class="meta-nav">&rarr;</span></a></p>
