{"id":7559,"date":"2018-02-15T21:30:38","date_gmt":"2018-02-15T20:30:38","guid":{"rendered":"http:\/\/www.lassebacklund.fi\/?page_id=7559"},"modified":"2018-02-15T21:44:52","modified_gmt":"2018-02-15T20:44:52","slug":"josef-lillkull-betyg-at-wadstrom","status":"publish","type":"page","link":"https:\/\/www.lassebacklund.fi\/?page_id=7559","title":{"rendered":"Josef Lillkulls betyg \u00e5t Wadstr\u00f6m."},"content":{"rendered":"<p><span style=\"font-family: 'Helvetica','sans-serif';\"><span style=\"color: #000000; font-size: medium;\">I enlighet med f\u00f6reskriften i \u00a7133 af N\u00e5diga F\u00f6rordningen ang\u00e5ende organisation af folkskolev\u00e4sendet i Finland, given den 11 Maj 1866, varder h\u00e4rigenom ang\u00e5ende folkskoll\u00e4raren Johan Jakob Wadstr\u00f6m intygadt att han, som nu i fem \u00e5r varit folkskoll\u00e4rare h\u00e4rst\u00e4des, fullgjort sina \u00e5ligganden s\u00e5som s\u00e5dan s\u00e5 v\u00e4l till direktionens som f\u00f6r\u00e4ldrars och m\u00e5lsm\u00e4ns stora bel\u00e5tenhet, i det han gjort sig k\u00e4nd icke blott f\u00f6r en kristlig och \u00e4rbar lefvnadsvandel utan ock f\u00f6r s\u00e5dan nit, skicklighet och framg\u00e5ng i ut\u00f6fningen af sin l\u00e4rarverksamhet att f\u00f6r\u00e4ldrar ifr\u00e5n socknens andra skoldistrikt velat med f\u00f6rbig\u00e5ende af de egna folkskolorna f\u00e5 sina barn hos honom undervisade, varf\u00f6re Direktionen ej kan annat \u00e4n p\u00e5 det allra b\u00e4sta vitsorda Herr Wadstr\u00f6m.<\/span><\/span><\/p>\n<p><span style=\"font-family: 'Helvetica','sans-serif';\"><span style=\"color: #000000; font-size: medium;\">Lappfj\u00e4rd Dagsmark, den 10 September 1887<\/span><\/span><\/p>\n<p><span style=\"font-family: 'Helvetica','sans-serif';\"><span style=\"color: #000000; font-size: medium;\">P\u00e5 folkskoledirektionens v\u00e4gnar<\/span><\/span><\/p>\n<p><span style=\"font-family: 'Helvetica','sans-serif';\"><span style=\"color: #000000; font-size: medium;\">J. Lillkull, ordf\u00f6rande<\/span><\/span><\/p>\n<figure id=\"attachment_7561\" aria-describedby=\"caption-attachment-7561\" style=\"width: 1298px\" class=\"wp-caption aligncenter\"><img loading=\"lazy\" decoding=\"async\" class=\"size-full wp-image-7561\" src=\"http:\/\/www.lassebacklund.fi\/wp-content\/uploads\/2018\/02\/Lillkulls-betyg-\u00e5t-Wadstr\u00f6m-efter-5-\u00e5r-tj\u00e4nstetid-web.jpg\" alt=\"Josef Mattsson Lillkulls intyg \u00e5t folkskoll\u00e4rare Wadstr\u00f6m. Wadstr\u00f6ms barnbarn Johan Wadstr\u00f6m i Vasa har donerat intyget till SLS:s arkiv i Vasa.\" width=\"1298\" height=\"1685\" srcset=\"https:\/\/www.lassebacklund.fi\/wp-content\/uploads\/2018\/02\/Lillkulls-betyg-\u00e5t-Wadstr\u00f6m-efter-5-\u00e5r-tj\u00e4nstetid-web.jpg 1298w, https:\/\/www.lassebacklund.fi\/wp-content\/uploads\/2018\/02\/Lillkulls-betyg-\u00e5t-Wadstr\u00f6m-efter-5-\u00e5r-tj\u00e4nstetid-web-231x300.jpg 231w, https:\/\/www.lassebacklund.fi\/wp-content\/uploads\/2018\/02\/Lillkulls-betyg-\u00e5t-Wadstr\u00f6m-efter-5-\u00e5r-tj\u00e4nstetid-web-768x997.jpg 768w, https:\/\/www.lassebacklund.fi\/wp-content\/uploads\/2018\/02\/Lillkulls-betyg-\u00e5t-Wadstr\u00f6m-efter-5-\u00e5r-tj\u00e4nstetid-web-789x1024.jpg 789w\" sizes=\"auto, (max-width: 1298px) 100vw, 1298px\" \/><figcaption id=\"caption-attachment-7561\" class=\"wp-caption-text\">Josef Mattsson Lillkulls intyg \u00e5t folkskoll\u00e4rare Wadstr\u00f6m. Wadstr\u00f6ms barnbarn Johan Wadstr\u00f6m i Vasa har donerat intyget till SLS:s arkiv i Vasa.<\/figcaption><\/figure>\n","protected":false},"excerpt":{"rendered":"<p>I enlighet med f\u00f6reskriften i \u00a7133 af N\u00e5diga F\u00f6rordningen ang\u00e5ende organisation af folkskolev\u00e4sendet i Finland, given den 11 Maj 1866, varder h\u00e4rigenom ang\u00e5ende folkskoll\u00e4raren Johan Jakob Wadstr\u00f6m intygadt att han, som nu i fem \u00e5r varit folkskoll\u00e4rare h\u00e4rst\u00e4des, fullgjort sina <a class=\"more-link\" href=\"https:\/\/www.lassebacklund.fi\/?page_id=7559\">Forts\u00e4tt l\u00e4sa <span class=\"screen-reader-text\">  Josef Lillkulls betyg \u00e5t Wadstr\u00f6m.<\/span><span class=\"meta-nav\">&rarr;<\/span><\/a><\/p>\n","protected":false},"author":1,"featured_media":0,"parent":781,"menu_order":0,"comment_status":"closed","ping_status":"closed","template":"","meta":{"footnotes":""},"class_list":["post-7559","page","type-page","status-publish","hentry"],"_links":{"self":[{"href":"https:\/\/www.lassebacklund.fi\/index.php?rest_route=\/wp\/v2\/pages\/7559","targetHints":{"allow":["GET"]}}],"collection":[{"href":"https:\/\/www.lassebacklund.fi\/index.php?rest_route=\/wp\/v2\/pages"}],"about":[{"href":"https:\/\/www.lassebacklund.fi\/index.php?rest_route=\/wp\/v2\/types\/page"}],"author":[{"embeddable":true,"href":"https:\/\/www.lassebacklund.fi\/index.php?rest_route=\/wp\/v2\/users\/1"}],"replies":[{"embeddable":true,"href":"https:\/\/www.lassebacklund.fi\/index.php?rest_route=%2Fwp%2Fv2%2Fcomments&post=7559"}],"version-history":[{"count":2,"href":"https:\/\/www.lassebacklund.fi\/index.php?rest_route=\/wp\/v2\/pages\/7559\/revisions"}],"predecessor-version":[{"id":7562,"href":"https:\/\/www.lassebacklund.fi\/index.php?rest_route=\/wp\/v2\/pages\/7559\/revisions\/7562"}],"up":[{"embeddable":true,"href":"https:\/\/www.lassebacklund.fi\/index.php?rest_route=\/wp\/v2\/pages\/781"}],"wp:attachment":[{"href":"https:\/\/www.lassebacklund.fi\/index.php?rest_route=%2Fwp%2Fv2%2Fmedia&parent=7559"}],"curies":[{"name":"wp","href":"https:\/\/api.w.org\/{rel}","templated":true}]}}