{"id":7545,"date":"2018-02-15T17:24:14","date_gmt":"2018-02-15T16:24:14","guid":{"rendered":"http:\/\/www.lassebacklund.fi\/?page_id=7545"},"modified":"2018-02-15T17:31:53","modified_gmt":"2018-02-15T16:31:53","slug":"lewans-bevis-at-fabrikor-wadstrom","status":"publish","type":"page","link":"https:\/\/www.lassebacklund.fi\/?page_id=7545","title":{"rendered":"Lew\u00e1ns bevis \u00e5t fabrik\u00f6r Wadstr\u00f6m."},"content":{"rendered":"<p><span style=\"font-family: 'Helvetica','sans-serif';\"><span style=\"color: #000000; font-size: medium;\">Bevis.<\/span><\/span><\/p>\n<p><span style=\"font-family: 'Helvetica','sans-serif';\"><span style=\"color: #000000; font-size: medium;\">Att herr Folkskoll\u00e4raren Johan Jakob Wadstr\u00f6m fr\u00e5n Lappfj\u00e4rds socken, h\u00e4rst\u00e4des anm\u00e4lt sig sinnad att \u00e5 Klemets hemman i Dagsmark by af n\u00e4mnda socken bedrifva tillverkning och f\u00f6rs\u00e4ljning af l\u00e4skdrycker under firma \u201dLappfj\u00e4rd l\u00e4skdryckfabrik, J. J. Wadstr\u00f6m\u201d varder h\u00e4rmed till bevis meddeladt.<\/span><\/span><\/p>\n<p><span style=\"font-family: 'Helvetica','sans-serif';\"><span style=\"color: #000000; font-size: medium;\">Ilmola h\u00e4rads kronofogdekontor den 12 juli 1902.<\/span><\/span><\/p>\n<p><span style=\"font-family: 'Helvetica','sans-serif';\"><span style=\"color: #000000; font-size: medium;\">Arthur Lew\u00e1n<\/span><\/span><\/p>\n<p><img loading=\"lazy\" decoding=\"async\" class=\"size-full wp-image-7547 aligncenter\" src=\"http:\/\/www.lassebacklund.fi\/wp-content\/uploads\/2018\/02\/Arthur-Lewans-bevis-\u00e5t-Wadstr\u00f6m.jpg\" alt=\"Arthur Lewans bevis \u00e5t Wadstr\u00f6m\" width=\"1187\" height=\"890\" srcset=\"https:\/\/www.lassebacklund.fi\/wp-content\/uploads\/2018\/02\/Arthur-Lewans-bevis-\u00e5t-Wadstr\u00f6m.jpg 1187w, https:\/\/www.lassebacklund.fi\/wp-content\/uploads\/2018\/02\/Arthur-Lewans-bevis-\u00e5t-Wadstr\u00f6m-300x225.jpg 300w, https:\/\/www.lassebacklund.fi\/wp-content\/uploads\/2018\/02\/Arthur-Lewans-bevis-\u00e5t-Wadstr\u00f6m-768x576.jpg 768w, https:\/\/www.lassebacklund.fi\/wp-content\/uploads\/2018\/02\/Arthur-Lewans-bevis-\u00e5t-Wadstr\u00f6m-1024x768.jpg 1024w\" sizes=\"auto, (max-width: 1187px) 100vw, 1187px\" \/><\/p>\n","protected":false},"excerpt":{"rendered":"<p>Bevis. Att herr Folkskoll\u00e4raren Johan Jakob Wadstr\u00f6m fr\u00e5n Lappfj\u00e4rds socken, h\u00e4rst\u00e4des anm\u00e4lt sig sinnad att \u00e5 Klemets hemman i Dagsmark by af n\u00e4mnda socken bedrifva tillverkning och f\u00f6rs\u00e4ljning af l\u00e4skdrycker under firma \u201dLappfj\u00e4rd l\u00e4skdryckfabrik, J. J. Wadstr\u00f6m\u201d varder h\u00e4rmed till <a class=\"more-link\" href=\"https:\/\/www.lassebacklund.fi\/?page_id=7545\">Forts\u00e4tt l\u00e4sa <span class=\"screen-reader-text\">  Lew\u00e1ns bevis \u00e5t fabrik\u00f6r Wadstr\u00f6m.<\/span><span class=\"meta-nav\">&rarr;<\/span><\/a><\/p>\n","protected":false},"author":1,"featured_media":0,"parent":7349,"menu_order":0,"comment_status":"closed","ping_status":"closed","template":"","meta":{"footnotes":""},"class_list":["post-7545","page","type-page","status-publish","hentry"],"_links":{"self":[{"href":"https:\/\/www.lassebacklund.fi\/index.php?rest_route=\/wp\/v2\/pages\/7545","targetHints":{"allow":["GET"]}}],"collection":[{"href":"https:\/\/www.lassebacklund.fi\/index.php?rest_route=\/wp\/v2\/pages"}],"about":[{"href":"https:\/\/www.lassebacklund.fi\/index.php?rest_route=\/wp\/v2\/types\/page"}],"author":[{"embeddable":true,"href":"https:\/\/www.lassebacklund.fi\/index.php?rest_route=\/wp\/v2\/users\/1"}],"replies":[{"embeddable":true,"href":"https:\/\/www.lassebacklund.fi\/index.php?rest_route=%2Fwp%2Fv2%2Fcomments&post=7545"}],"version-history":[{"count":2,"href":"https:\/\/www.lassebacklund.fi\/index.php?rest_route=\/wp\/v2\/pages\/7545\/revisions"}],"predecessor-version":[{"id":7548,"href":"https:\/\/www.lassebacklund.fi\/index.php?rest_route=\/wp\/v2\/pages\/7545\/revisions\/7548"}],"up":[{"embeddable":true,"href":"https:\/\/www.lassebacklund.fi\/index.php?rest_route=\/wp\/v2\/pages\/7349"}],"wp:attachment":[{"href":"https:\/\/www.lassebacklund.fi\/index.php?rest_route=%2Fwp%2Fv2%2Fmedia&parent=7545"}],"curies":[{"name":"wp","href":"https:\/\/api.w.org\/{rel}","templated":true}]}}