{"id":7349,"date":"2018-02-06T15:50:08","date_gmt":"2018-02-06T14:50:08","guid":{"rendered":"http:\/\/www.lassebacklund.fi\/?page_id=7349"},"modified":"2020-08-03T09:05:56","modified_gmt":"2020-08-03T06:05:56","slug":"lappfjard-laskedrycksfabrik","status":"publish","type":"page","link":"https:\/\/www.lassebacklund.fi\/?page_id=7349","title":{"rendered":"Lappfj\u00e4rd L\u00e4skdrycksfabrik i Dagsmark."},"content":{"rendered":"<p><span style=\"color: #000080;\">Nedtecknat av Lasse Backlund i februari 2018 med hj\u00e4lp av Henrik Wikstr\u00f6m fr\u00e5n N\u00e4rpes, som forskar i \u00e4mnet gamla lemonadfabriker i Syd\u00f6sterbotten. <\/span><\/p>\n<p>Folkskoll\u00e4raren Johan Jakob Wadstr\u00f6m b\u00f6rjade i slutet p\u00e5 \u00e5r 1902 tillverka l\u00e4skedrycker.\u00a0 Enligt en liten notis i Hufvudstadsbladet 12.1.1903 skulle firman Lappfj\u00e4rd L\u00e4skedrycksfabrik, J. J. Wadstr\u00f6m ha inf\u00f6rts i handelsregistret. Det finns inte mycket dokumenterat om denna verksamhet men h\u00f6gst troligt tillverkade han l\u00e4skedrycker sommartid och den skedde p\u00e5 Klemets hemman, n\u00e4ra den skolbyggnad i Dagsmark, d\u00e4r han bodde och verkade som folkskoll\u00e4rare. I b\u00f6rjan p\u00e5 seklet var lemonader inte s\u00e5 vanliga och f\u00f6r att f\u00e5 dessa s\u00e5lda, s\u00e5 annonserade han regelbundet i lokaltidningarna.<\/p>\n<p>Arthur Lew\u00e1n p\u00e5 kronofogde\u00e4mbetet p\u00e5 Ilmola h\u00e4rad skrev \u00e5r 1902 ett bevis \u00e5t Wadstr\u00f6m, som du kan l\u00e4sa <a href=\"http:\/\/www.lassebacklund.fi\/?page_id=7545\"><span style=\"text-decoration: underline;\"><span style=\"color: #000080;\"><strong>H\u00c4R!<\/strong><\/span><\/span><\/a><\/p>\n<figure id=\"attachment_7365\" aria-describedby=\"caption-attachment-7365\" style=\"width: 468px\" class=\"wp-caption aligncenter\"><img loading=\"lazy\" decoding=\"async\" class=\" wp-image-7365\" src=\"http:\/\/www.lassebacklund.fi\/wp-content\/uploads\/2018\/02\/J.-J.-Wadstr\u00f6m-ca-1910.jpg\" alt=\"Folkskoll\u00e4raren J. J. Wadstr\u00f6m som \u00e5r 1902 blev l\u00e4skedryckstillverkare i Dagsmark, d\u00e5 han grundade Lappfj\u00e4rd L\u00e4skedrycksfabrik.\" width=\"468\" height=\"682\" srcset=\"https:\/\/www.lassebacklund.fi\/wp-content\/uploads\/2018\/02\/J.-J.-Wadstr\u00f6m-ca-1910.jpg 661w, https:\/\/www.lassebacklund.fi\/wp-content\/uploads\/2018\/02\/J.-J.-Wadstr\u00f6m-ca-1910-206x300.jpg 206w\" sizes=\"auto, (max-width: 468px) 100vw, 468px\" \/><figcaption id=\"caption-attachment-7365\" class=\"wp-caption-text\">Folkskoll\u00e4raren J. J. Wadstr\u00f6m som \u00e5r 1902 blev l\u00e4skedryckstillverkare i Dagsmark, d\u00e5 han grundade Lappfj\u00e4rd L\u00e4skedrycksfabrik.\u00a0 Barnbarnet\u00a0Johan Wadstr\u00f6m fr\u00e5n Vasa l\u00e5nade ut fotot.<\/figcaption><\/figure>\n<figure id=\"attachment_7345\" aria-describedby=\"caption-attachment-7345\" style=\"width: 291px\" class=\"wp-caption aligncenter\"><img loading=\"lazy\" decoding=\"async\" class=\"size-full wp-image-7345\" src=\"http:\/\/www.lassebacklund.fi\/wp-content\/uploads\/2018\/02\/19060621-Suupohjan-Kaiku-Wadstr\u00f6ms-annons.jpg\" alt=\"21 juni 1906 bj\u00f6d J. J. Wadstr\u00f6m ut &quot;Limonaadeja&quot; i tidningen Suupohjan Kaiku.\" width=\"291\" height=\"286\" \/><figcaption id=\"caption-attachment-7345\" class=\"wp-caption-text\">21 juni 1906 bj\u00f6d J. J. Wadstr\u00f6m ut &#8221;Limonaadeja&#8221; i tidningen Suupohjan Kaiku.<\/figcaption><\/figure>\n<figure id=\"attachment_7330\" aria-describedby=\"caption-attachment-7330\" style=\"width: 571px\" class=\"wp-caption aligncenter\"><img loading=\"lazy\" decoding=\"async\" class=\"size-full wp-image-7330\" src=\"http:\/\/www.lassebacklund.fi\/wp-content\/uploads\/2018\/02\/19080606-Sydin-Wadstr\u00f6m-s\u00e4ljer-l\u00e4skedrycker.jpg\" alt=\"6 juni 1908 bj\u00f6d folkskoll\u00e4raren Wadstr\u00f6m ut sina &quot;Limonadtillv\u00e4rkningar&quot; i tidningen Syd-\u00d6sterbotten.\" width=\"571\" height=\"235\" srcset=\"https:\/\/www.lassebacklund.fi\/wp-content\/uploads\/2018\/02\/19080606-Sydin-Wadstr\u00f6m-s\u00e4ljer-l\u00e4skedrycker.jpg 571w, https:\/\/www.lassebacklund.fi\/wp-content\/uploads\/2018\/02\/19080606-Sydin-Wadstr\u00f6m-s\u00e4ljer-l\u00e4skedrycker-300x123.jpg 300w\" sizes=\"auto, (max-width: 571px) 100vw, 571px\" \/><figcaption id=\"caption-attachment-7330\" class=\"wp-caption-text\">6 juni 1908 bj\u00f6d folkskoll\u00e4raren Wadstr\u00f6m ut sina &#8221;Limonadtillv\u00e4rkningar&#8221; i tidningen Syd-\u00d6sterbotten.<\/figcaption><\/figure>\n<figure id=\"attachment_7347\" aria-describedby=\"caption-attachment-7347\" style=\"width: 572px\" class=\"wp-caption aligncenter\"><img loading=\"lazy\" decoding=\"async\" class=\"size-full wp-image-7347\" src=\"http:\/\/www.lassebacklund.fi\/wp-content\/uploads\/2018\/02\/19100611-Wadstr\u00f6m-s\u00e4ljer-limonader.jpg\" alt=\"11 juni 1910 annonserade Wadstr\u00f6m s\u00e5 h\u00e4r i Syd-\u00d6sterbotten.\" width=\"572\" height=\"187\" srcset=\"https:\/\/www.lassebacklund.fi\/wp-content\/uploads\/2018\/02\/19100611-Wadstr\u00f6m-s\u00e4ljer-limonader.jpg 572w, https:\/\/www.lassebacklund.fi\/wp-content\/uploads\/2018\/02\/19100611-Wadstr\u00f6m-s\u00e4ljer-limonader-300x98.jpg 300w\" sizes=\"auto, (max-width: 572px) 100vw, 572px\" \/><figcaption id=\"caption-attachment-7347\" class=\"wp-caption-text\">11 juni 1910 annonserade Wadstr\u00f6m s\u00e5 h\u00e4r i Syd-\u00d6sterbotten.<\/figcaption><\/figure>\n<figure id=\"attachment_7348\" aria-describedby=\"caption-attachment-7348\" style=\"width: 561px\" class=\"wp-caption aligncenter\"><img loading=\"lazy\" decoding=\"async\" class=\"size-full wp-image-7348\" src=\"http:\/\/www.lassebacklund.fi\/wp-content\/uploads\/2018\/02\/19110610-Wadstr\u00f6m-s\u00e4ljer-limonad.jpg\" alt=\"10 juni 1911 annonserade Wadstr\u00f6m i tidningen Syd-\u00d6sterbotten d\u00e5 han bj\u00f6d ut saccarinfria limonadtillverkningar.\" width=\"561\" height=\"152\" srcset=\"https:\/\/www.lassebacklund.fi\/wp-content\/uploads\/2018\/02\/19110610-Wadstr\u00f6m-s\u00e4ljer-limonad.jpg 561w, https:\/\/www.lassebacklund.fi\/wp-content\/uploads\/2018\/02\/19110610-Wadstr\u00f6m-s\u00e4ljer-limonad-300x81.jpg 300w\" sizes=\"auto, (max-width: 561px) 100vw, 561px\" \/><figcaption id=\"caption-attachment-7348\" class=\"wp-caption-text\">10 juni 1911 annonserade Wadstr\u00f6m i tidningen Syd-\u00d6sterbotten d\u00e5 han bj\u00f6d ut saccarinfria limonadtillverkningar.<\/figcaption><\/figure>\n<p>J. J. Wadstr\u00f6ms enda barnbarn Johan (f.1934) har ber\u00e4ttat att hans farfar J. J. en g\u00e5ng gav smakprov p\u00e5 lemonad \u00e5t en dagsmarkbo. Eftersom denna inte tidigare hade smakat p\u00e5 den h\u00e4r\u00a0drycken, s\u00e5 fr\u00e5gade J. J. att vad han tyckte om lemonaden. Varp\u00e5 mannen svarade: &#8221;Gott &#8211;\u00a0men liite&#8221;.<\/p>\n<p>Wadstr\u00f6m h\u00f6ll p\u00e5 med denna tillverkning i 10 \u00e5r. I Syd-\u00d6sterbotten den 26 februari 1913 s\u00e5 st\u00e5r det att han hade s\u00e5lt sin L\u00e4skedrycksfabrik \u00e5t Erik Broberg och E. Sundholm. Erik Anders Broberg och hans sv\u00e5ger Erik Anders Sundholm flyttade d\u00e5 lemonadmaskinen till en byggnad som stod p\u00e5 Myll\u00e4ris tomt. Efter ett \u00e5r s\u00e5lde Sundholm sin andel i fabriken \u00e5t Erland Lindqvist men inom kort \u00f6vertog Alfred Mattsson denna verksamhet.<\/p>\n<figure id=\"attachment_7354\" aria-describedby=\"caption-attachment-7354\" style=\"width: 513px\" class=\"wp-caption aligncenter\"><img loading=\"lazy\" decoding=\"async\" class=\" wp-image-7354\" src=\"http:\/\/www.lassebacklund.fi\/wp-content\/uploads\/2018\/02\/Erik-Anders-Broberg-och-Erland-Lindqvist-n\u00e5gonstans-i-Amerika.jpg\" alt=\"Till v\u00e4nster st\u00e5r m\u00e5ngsysslaren Erik Anders Broberg tillsammans med kamraten Erland Lindqvist. De for b\u00e5da till Amerika i slutet p\u00e5 \u00e5r1909 s\u00e5 fotot \u00e4r taget ungef\u00e4r 1910.\" width=\"513\" height=\"758\" srcset=\"https:\/\/www.lassebacklund.fi\/wp-content\/uploads\/2018\/02\/Erik-Anders-Broberg-och-Erland-Lindqvist-n\u00e5gonstans-i-Amerika.jpg 1062w, https:\/\/www.lassebacklund.fi\/wp-content\/uploads\/2018\/02\/Erik-Anders-Broberg-och-Erland-Lindqvist-n\u00e5gonstans-i-Amerika-203x300.jpg 203w, https:\/\/www.lassebacklund.fi\/wp-content\/uploads\/2018\/02\/Erik-Anders-Broberg-och-Erland-Lindqvist-n\u00e5gonstans-i-Amerika-768x1135.jpg 768w, https:\/\/www.lassebacklund.fi\/wp-content\/uploads\/2018\/02\/Erik-Anders-Broberg-och-Erland-Lindqvist-n\u00e5gonstans-i-Amerika-693x1024.jpg 693w\" sizes=\"auto, (max-width: 513px) 100vw, 513px\" \/><figcaption id=\"caption-attachment-7354\" class=\"wp-caption-text\">Till v\u00e4nster st\u00e5r m\u00e5ngsysslaren Erik Anders Broberg tillsammans med kamraten Erland Lindqvist. De for b\u00e5da till Amerika i slutet p\u00e5 \u00e5r1909 s\u00e5 fotot \u00e4r taget ungef\u00e4r 1910. Fotot l\u00e5nat av Bo-G\u00f6ran Lindh.<\/figcaption><\/figure>\n<h3><strong>L\u00e4nkar.<\/strong><\/h3>\n<p>Vill du l\u00e4sa mera om Myll\u00e4ris g\u00e5rd, s\u00e5 klicka <a href=\"http:\/\/www.lassebacklund.fi\/?page_id=906\"><span style=\"text-decoration: underline;\"><span style=\"color: #000080;\"><strong>H\u00c4R!<\/strong><\/span><\/span><\/a><\/p>\n<p>Vill du l\u00e4sa mera om folkskoll\u00e4raren J. J. Wadstr\u00f6m, s\u00e5 klicka <a href=\"http:\/\/www.lassebacklund.fi\/?page_id=781\"><span style=\"text-decoration: underline;\"><span style=\"color: #000080;\"><strong>H\u00c4R!<\/strong><\/span><\/span><\/a><\/p>\n<p>Vill du l\u00e4sa mera om folkskolan d\u00e4r J. J. Wadstr\u00f6m var l\u00e4rare, s\u00e5 klicka <a href=\"http:\/\/www.lassebacklund.fi\/?page_id=750\"><span style=\"text-decoration: underline;\"><span style=\"color: #000080;\"><strong>H\u00c4R!<\/strong><\/span><\/span><\/a><\/p>\n","protected":false},"excerpt":{"rendered":"<p>Nedtecknat av Lasse Backlund i februari 2018 med hj\u00e4lp av Henrik Wikstr\u00f6m fr\u00e5n N\u00e4rpes, som forskar i \u00e4mnet gamla lemonadfabriker i Syd\u00f6sterbotten. Folkskoll\u00e4raren Johan Jakob Wadstr\u00f6m b\u00f6rjade i slutet p\u00e5 \u00e5r 1902 tillverka l\u00e4skedrycker.\u00a0 Enligt en liten notis i Hufvudstadsbladet <a class=\"more-link\" href=\"https:\/\/www.lassebacklund.fi\/?page_id=7349\">Forts\u00e4tt l\u00e4sa <span class=\"screen-reader-text\">  Lappfj\u00e4rd L\u00e4skdrycksfabrik i Dagsmark.<\/span><span class=\"meta-nav\">&rarr;<\/span><\/a><\/p>\n","protected":false},"author":1,"featured_media":0,"parent":23,"menu_order":0,"comment_status":"closed","ping_status":"closed","template":"","meta":{"footnotes":""},"class_list":["post-7349","page","type-page","status-publish","hentry"],"_links":{"self":[{"href":"https:\/\/www.lassebacklund.fi\/index.php?rest_route=\/wp\/v2\/pages\/7349","targetHints":{"allow":["GET"]}}],"collection":[{"href":"https:\/\/www.lassebacklund.fi\/index.php?rest_route=\/wp\/v2\/pages"}],"about":[{"href":"https:\/\/www.lassebacklund.fi\/index.php?rest_route=\/wp\/v2\/types\/page"}],"author":[{"embeddable":true,"href":"https:\/\/www.lassebacklund.fi\/index.php?rest_route=\/wp\/v2\/users\/1"}],"replies":[{"embeddable":true,"href":"https:\/\/www.lassebacklund.fi\/index.php?rest_route=%2Fwp%2Fv2%2Fcomments&post=7349"}],"version-history":[{"count":11,"href":"https:\/\/www.lassebacklund.fi\/index.php?rest_route=\/wp\/v2\/pages\/7349\/revisions"}],"predecessor-version":[{"id":17384,"href":"https:\/\/www.lassebacklund.fi\/index.php?rest_route=\/wp\/v2\/pages\/7349\/revisions\/17384"}],"up":[{"embeddable":true,"href":"https:\/\/www.lassebacklund.fi\/index.php?rest_route=\/wp\/v2\/pages\/23"}],"wp:attachment":[{"href":"https:\/\/www.lassebacklund.fi\/index.php?rest_route=%2Fwp%2Fv2%2Fmedia&parent=7349"}],"curies":[{"name":"wp","href":"https:\/\/api.w.org\/{rel}","templated":true}]}}