{"id":6677,"date":"2017-11-26T17:34:50","date_gmt":"2017-11-26T16:34:50","guid":{"rendered":"http:\/\/www.lassebacklund.fi\/?page_id=6677"},"modified":"2020-11-15T23:16:22","modified_gmt":"2020-11-15T21:16:22","slug":"nya-folkskolan-forstord-i-brand-7-juni-1905","status":"publish","type":"page","link":"https:\/\/www.lassebacklund.fi\/?page_id=6677","title":{"rendered":"Nya folkskolan f\u00f6rst\u00f6rd i brand 7 juni 1905."},"content":{"rendered":"<p><span style=\"color: #000080;\">Syd-\u00d6sterbotten 10.6.1905:<\/span><\/p>\n<p><strong>\u00a0<\/strong><strong>Eldsv\u00e5da med f\u00f6rlust av m\u00e4nniskoliv<\/strong>.<\/p>\n<p>Senaste onsdag omkring kl. \u00bd 5 e. m. kom elden l\u00f6s i den under byggnad varande nya folkskolan i Lappfj\u00e4rd. Trots det att halftannat tiotal arbetare vid tillf\u00e4llet var d\u00e4rst\u00e4des i arbetet, lyckades man ej f\u00e5 elden sl\u00e4ckt, utan nedbrann byggnaden till grunden. Alla arbetare hann inte ens r\u00e4dda sig utan blev timmermannen Karl Erik Agn\u00e4s l\u00e5gornas rov.<\/p>\n<p>Fr\u00e5n skolbyggnaden spred sig elden till f\u00f6ljd av den starka nordliga vinden till angr\u00e4nsande g\u00e5rdar, men lyckades man r\u00e4dda alla andra utom karakt\u00e4rsbyggnaden \u00e5 hemmanet H\u00e5ks, vilken f\u00f6rst\u00f6rdes f\u00e5 att endast de f\u00f6rkolnade yttre v\u00e4ggarna \u00e5terstod. P\u00e5 kilometers avst\u00e5nd fr\u00e5n brandst\u00e4llet bel\u00e4gna byggnader ant\u00e4ndes liksom ocks\u00e5 komposth\u00f6garna \u00e5 under vinden bel\u00e4gna \u00e5krar fattade eld, men sl\u00e4cktes i tid. D\u00e5 faran f\u00f6r byn, som l\u00e5g under elden, s\u00e5g hotande ut. anh\u00f6lls om en brandspruta fr\u00e5n staden, varf\u00f6r frivilliga brandk\u00e5rens chef reste ut med en s\u00e5dan. Vid framkomsten var dock eldfaran redan \u00f6verst\u00e5nden.<\/p>\n<p>Ang\u00e5ende eldens l\u00f6skomst var man f\u00f6rst n\u00e5got okunnig, men torde numera vara avgjort, att den uppst\u00e5tt genom of\u00f6rsiktig tobaksr\u00f6kning. Man var just sysselsatt med att dikta v\u00e4ggarna och f\u00f6r \u00e4ndam\u00e5let fanns en m\u00e4ngd bl\u00e5r och drev i byggnaden. Likas\u00e5 var p\u00e5 mellantaket samlad en hel hop mossa f\u00f6r takfyllningen. Med ens syntes l\u00e5gorna flamma upp p\u00e5 golvet i norra \u00e4ndan, men f\u00f6rr\u00e4n alla hann ned fr\u00e5n st\u00e4llningarna hade l\u00e5gorna omringat den ovann\u00e4mnde sjuttio\u00e5ringen, s\u00e5 att han inte hittade ut. Av hans kropp hittades efter branden blott n\u00e5gra f\u00f6rbr\u00e4nda rester.<\/p>\n<p>Skolbyggnaden, som var avsedd till dubbelskola, och nu redan torde ha varit v\u00e4rd omkring 10,000 mk, var f\u00f6rs\u00e4krad i socknens eget brandstodsbolag f\u00f6r n\u00e4mnda summa och den nedbrunna bondg\u00e5rden som redan var n\u00e5got f\u00f6rfallen, till 1.000 mk.<\/p>\n<p><strong>Lasses kommentar till artikeln:\u00a0<\/strong><\/p>\n<p>Enligt en artikel i Syd-\u00d6sterbotten fr\u00e5n augusti 1904, s\u00e5 \u00e4r det s\u00e5g\u00e4garen Viktor Nylund som skall bygga den norra folkskolan p\u00e5 entreprenad f\u00f6r 1 800 mark. H\u00e4r m\u00e5ste det vara fr\u00e5ga om uthusbyggnaden och inte sj\u00e4lva skolbyggnaden, allts\u00e5 den som f\u00f6rst\u00f6rdes i en brand 1905. Alternativt s\u00e5 \u00e4r det fr\u00e5ga om enbart stenfotsarbete, eftersom det ofta gavs ut p\u00e5 en skild entreprenad.<\/p>\n<figure id=\"attachment_18324\" aria-describedby=\"caption-attachment-18324\" style=\"width: 501px\" class=\"wp-caption alignnone\"><img loading=\"lazy\" decoding=\"async\" class=\" wp-image-18324\" src=\"https:\/\/www.lassebacklund.fi\/wp-content\/uploads\/2020\/11\/19040820-Viktor-Nylund-skall-bygga-Norra-skolan.jpg\" alt=\"\" width=\"501\" height=\"308\" srcset=\"https:\/\/www.lassebacklund.fi\/wp-content\/uploads\/2020\/11\/19040820-Viktor-Nylund-skall-bygga-Norra-skolan.jpg 691w, https:\/\/www.lassebacklund.fi\/wp-content\/uploads\/2020\/11\/19040820-Viktor-Nylund-skall-bygga-Norra-skolan-300x185.jpg 300w\" sizes=\"auto, (max-width: 501px) 100vw, 501px\" \/><figcaption id=\"caption-attachment-18324\" class=\"wp-caption-text\">Enligt en kort notis i Syd-\u00d6sterbotten 20 augusti 1904, s\u00e5 \u00e4r det s\u00e5g\u00e4garen Viktor Nylund fr\u00e5n Dagsmark som f\u00f6r 1 800 mark skall uppf\u00f6ra den norra folkskolan.<\/figcaption><\/figure>\n","protected":false},"excerpt":{"rendered":"<p>Syd-\u00d6sterbotten 10.6.1905: \u00a0Eldsv\u00e5da med f\u00f6rlust av m\u00e4nniskoliv. Senaste onsdag omkring kl. \u00bd 5 e. m. kom elden l\u00f6s i den under byggnad varande nya folkskolan i Lappfj\u00e4rd. Trots det att halftannat tiotal arbetare vid tillf\u00e4llet var d\u00e4rst\u00e4des i arbetet, lyckades <a class=\"more-link\" href=\"https:\/\/www.lassebacklund.fi\/?page_id=6677\">Forts\u00e4tt l\u00e4sa <span class=\"screen-reader-text\">  Nya folkskolan f\u00f6rst\u00f6rd i brand 7 juni 1905.<\/span><span class=\"meta-nav\">&rarr;<\/span><\/a><\/p>\n","protected":false},"author":1,"featured_media":0,"parent":6662,"menu_order":0,"comment_status":"closed","ping_status":"closed","template":"","meta":{"footnotes":""},"class_list":["post-6677","page","type-page","status-publish","hentry"],"_links":{"self":[{"href":"https:\/\/www.lassebacklund.fi\/index.php?rest_route=\/wp\/v2\/pages\/6677","targetHints":{"allow":["GET"]}}],"collection":[{"href":"https:\/\/www.lassebacklund.fi\/index.php?rest_route=\/wp\/v2\/pages"}],"about":[{"href":"https:\/\/www.lassebacklund.fi\/index.php?rest_route=\/wp\/v2\/types\/page"}],"author":[{"embeddable":true,"href":"https:\/\/www.lassebacklund.fi\/index.php?rest_route=\/wp\/v2\/users\/1"}],"replies":[{"embeddable":true,"href":"https:\/\/www.lassebacklund.fi\/index.php?rest_route=%2Fwp%2Fv2%2Fcomments&post=6677"}],"version-history":[{"count":7,"href":"https:\/\/www.lassebacklund.fi\/index.php?rest_route=\/wp\/v2\/pages\/6677\/revisions"}],"predecessor-version":[{"id":18405,"href":"https:\/\/www.lassebacklund.fi\/index.php?rest_route=\/wp\/v2\/pages\/6677\/revisions\/18405"}],"up":[{"embeddable":true,"href":"https:\/\/www.lassebacklund.fi\/index.php?rest_route=\/wp\/v2\/pages\/6662"}],"wp:attachment":[{"href":"https:\/\/www.lassebacklund.fi\/index.php?rest_route=%2Fwp%2Fv2%2Fmedia&parent=6677"}],"curies":[{"name":"wp","href":"https:\/\/api.w.org\/{rel}","templated":true}]}}