{"id":6626,"date":"2017-11-21T22:01:03","date_gmt":"2017-11-21T21:01:03","guid":{"rendered":"http:\/\/www.lassebacklund.fi\/?page_id=6626"},"modified":"2024-04-25T10:10:41","modified_gmt":"2024-04-25T07:10:41","slug":"selims-foton-fran-ar-1943","status":"publish","type":"page","link":"https:\/\/www.lassebacklund.fi\/?page_id=6626","title":{"rendered":"Selims foton fr\u00e5n \u00e5r 1943."},"content":{"rendered":"<p>H\u00e4r n\u00e5gra av Selim Bj\u00f6rses\u00b4 fotografier tagna \u00e5r 1943. Eric Stens har identifierat personerna och skrivit de flesta texter. Fotografierna \u00e4r fr\u00e5n Svenska Litteraturs\u00e4llskapets arkiv i Vasa.<\/p>\n<figure id=\"attachment_6625\" aria-describedby=\"caption-attachment-6625\" style=\"width: 1121px\" class=\"wp-caption aligncenter\"><img loading=\"lazy\" decoding=\"async\" class=\"size-full wp-image-6625\" src=\"http:\/\/www.lassebacklund.fi\/wp-content\/uploads\/2017\/11\/ota295_foto_0554.jpg\" alt=\"Glada elever vid s\u00f6dra folkskolan 1943. L\u00e4rarbostaden i bakgrunden.\" width=\"1121\" height=\"816\" srcset=\"https:\/\/www.lassebacklund.fi\/wp-content\/uploads\/2017\/11\/ota295_foto_0554.jpg 1121w, https:\/\/www.lassebacklund.fi\/wp-content\/uploads\/2017\/11\/ota295_foto_0554-300x218.jpg 300w, https:\/\/www.lassebacklund.fi\/wp-content\/uploads\/2017\/11\/ota295_foto_0554-768x559.jpg 768w, https:\/\/www.lassebacklund.fi\/wp-content\/uploads\/2017\/11\/ota295_foto_0554-1024x745.jpg 1024w\" sizes=\"auto, (max-width: 1121px) 100vw, 1121px\" \/><figcaption id=\"caption-attachment-6625\" class=\"wp-caption-text\">Glada elever vid s\u00f6dra folkskolan 1943. L\u00e4rarbostaden i bakgrunden.<\/figcaption><\/figure>\n<figure id=\"attachment_6624\" aria-describedby=\"caption-attachment-6624\" style=\"width: 1200px\" class=\"wp-caption aligncenter\"><img loading=\"lazy\" decoding=\"async\" class=\"size-full wp-image-6624\" src=\"http:\/\/www.lassebacklund.fi\/wp-content\/uploads\/2017\/11\/ota295_foto_0553.jpg\" alt=\"Sommaren 1943 gjorde lantbruksklubben en utf\u00e4rd till H\u00e4rkmerifj\u00e4rden.\" width=\"1200\" height=\"800\" srcset=\"https:\/\/www.lassebacklund.fi\/wp-content\/uploads\/2017\/11\/ota295_foto_0553.jpg 1200w, https:\/\/www.lassebacklund.fi\/wp-content\/uploads\/2017\/11\/ota295_foto_0553-300x200.jpg 300w, https:\/\/www.lassebacklund.fi\/wp-content\/uploads\/2017\/11\/ota295_foto_0553-768x512.jpg 768w, https:\/\/www.lassebacklund.fi\/wp-content\/uploads\/2017\/11\/ota295_foto_0553-1024x683.jpg 1024w\" sizes=\"auto, (max-width: 1200px) 100vw, 1200px\" \/><figcaption id=\"caption-attachment-6624\" class=\"wp-caption-text\">Sommaren 1943 gjorde lantbruksklubben en utf\u00e4rd till H\u00e4rkmerifj\u00e4rden.<\/figcaption><\/figure>\n<figure id=\"attachment_6623\" aria-describedby=\"caption-attachment-6623\" style=\"width: 1200px\" class=\"wp-caption aligncenter\"><img loading=\"lazy\" decoding=\"async\" class=\"size-full wp-image-6623\" src=\"http:\/\/www.lassebacklund.fi\/wp-content\/uploads\/2017\/11\/ota295_foto_0552.jpg\" alt=\"Kyrkan fotograferad fr\u00e5n s\u00f6dra skolan.\" width=\"1200\" height=\"811\" srcset=\"https:\/\/www.lassebacklund.fi\/wp-content\/uploads\/2017\/11\/ota295_foto_0552.jpg 1200w, https:\/\/www.lassebacklund.fi\/wp-content\/uploads\/2017\/11\/ota295_foto_0552-300x203.jpg 300w, https:\/\/www.lassebacklund.fi\/wp-content\/uploads\/2017\/11\/ota295_foto_0552-768x519.jpg 768w, https:\/\/www.lassebacklund.fi\/wp-content\/uploads\/2017\/11\/ota295_foto_0552-1024x692.jpg 1024w\" sizes=\"auto, (max-width: 1200px) 100vw, 1200px\" \/><figcaption id=\"caption-attachment-6623\" class=\"wp-caption-text\">Kyrkan fotograferad fr\u00e5n s\u00f6dra skolan.<\/figcaption><\/figure>\n<figure id=\"attachment_6622\" aria-describedby=\"caption-attachment-6622\" style=\"width: 1200px\" class=\"wp-caption aligncenter\"><img loading=\"lazy\" decoding=\"async\" class=\"size-full wp-image-6622\" src=\"http:\/\/www.lassebacklund.fi\/wp-content\/uploads\/2017\/11\/ota295_foto_0551.jpg\" alt=\"Fina flickor med vita f\u00f6rkl\u00e4den p\u00e5 kokkurs p\u00e5 s\u00f6dra folkskolan.\" width=\"1200\" height=\"811\" srcset=\"https:\/\/www.lassebacklund.fi\/wp-content\/uploads\/2017\/11\/ota295_foto_0551.jpg 1200w, https:\/\/www.lassebacklund.fi\/wp-content\/uploads\/2017\/11\/ota295_foto_0551-300x203.jpg 300w, https:\/\/www.lassebacklund.fi\/wp-content\/uploads\/2017\/11\/ota295_foto_0551-768x519.jpg 768w, https:\/\/www.lassebacklund.fi\/wp-content\/uploads\/2017\/11\/ota295_foto_0551-1024x692.jpg 1024w\" sizes=\"auto, (max-width: 1200px) 100vw, 1200px\" \/><figcaption id=\"caption-attachment-6622\" class=\"wp-caption-text\">Fina flickor med vita f\u00f6rkl\u00e4den p\u00e5 kokkurs p\u00e5 s\u00f6dra folkskolan.<\/figcaption><\/figure>\n<figure id=\"attachment_6621\" aria-describedby=\"caption-attachment-6621\" style=\"width: 1200px\" class=\"wp-caption aligncenter\"><img loading=\"lazy\" decoding=\"async\" class=\"size-full wp-image-6621\" src=\"http:\/\/www.lassebacklund.fi\/wp-content\/uploads\/2017\/11\/ota295_foto_0550.jpg\" alt=\"Margit Roseng\u00e5rd visar upp sitt v\u00e4lv\u00e4xande tr\u00e4dg\u00e5rdsland p\u00e5 Brobackan i Dagsmark.\" width=\"1200\" height=\"811\" srcset=\"https:\/\/www.lassebacklund.fi\/wp-content\/uploads\/2017\/11\/ota295_foto_0550.jpg 1200w, https:\/\/www.lassebacklund.fi\/wp-content\/uploads\/2017\/11\/ota295_foto_0550-300x203.jpg 300w, https:\/\/www.lassebacklund.fi\/wp-content\/uploads\/2017\/11\/ota295_foto_0550-768x519.jpg 768w, https:\/\/www.lassebacklund.fi\/wp-content\/uploads\/2017\/11\/ota295_foto_0550-1024x692.jpg 1024w\" sizes=\"auto, (max-width: 1200px) 100vw, 1200px\" \/><figcaption id=\"caption-attachment-6621\" class=\"wp-caption-text\">Margit Roseng\u00e5rd visar upp sitt v\u00e4lv\u00e4xande tr\u00e4dg\u00e5rdsland p\u00e5 Brobackan i Dagsmark.<\/figcaption><\/figure>\n<figure id=\"attachment_6620\" aria-describedby=\"caption-attachment-6620\" style=\"width: 1187px\" class=\"wp-caption aligncenter\"><img loading=\"lazy\" decoding=\"async\" class=\"size-full wp-image-6620\" src=\"http:\/\/www.lassebacklund.fi\/wp-content\/uploads\/2017\/11\/ota295_foto_0549.jpg\" alt=\"Marita \u00c5lgars med agr. Beaurain och Vidjeskog i sitt tr\u00e4dg\u00e5rdsland.\" width=\"1187\" height=\"762\" srcset=\"https:\/\/www.lassebacklund.fi\/wp-content\/uploads\/2017\/11\/ota295_foto_0549.jpg 1187w, https:\/\/www.lassebacklund.fi\/wp-content\/uploads\/2017\/11\/ota295_foto_0549-300x193.jpg 300w, https:\/\/www.lassebacklund.fi\/wp-content\/uploads\/2017\/11\/ota295_foto_0549-768x493.jpg 768w, https:\/\/www.lassebacklund.fi\/wp-content\/uploads\/2017\/11\/ota295_foto_0549-1024x657.jpg 1024w\" sizes=\"auto, (max-width: 1187px) 100vw, 1187px\" \/><figcaption id=\"caption-attachment-6620\" class=\"wp-caption-text\">Marita \u00c5lgars med agr. Beaurain och Vidjeskog i sitt tr\u00e4dg\u00e5rdsland.<\/figcaption><\/figure>\n<figure id=\"attachment_6619\" aria-describedby=\"caption-attachment-6619\" style=\"width: 1200px\" class=\"wp-caption aligncenter\"><img loading=\"lazy\" decoding=\"async\" class=\"size-full wp-image-6619\" src=\"http:\/\/www.lassebacklund.fi\/wp-content\/uploads\/2017\/11\/ota295_foto_0548.jpg\" alt=\"Systrarna Irma och Margit Rosendahl i tr\u00e4dg\u00e5rdslandet framf\u00f6r hemg\u00e5rden i Lappfj\u00e4rd.\" width=\"1200\" height=\"810\" srcset=\"https:\/\/www.lassebacklund.fi\/wp-content\/uploads\/2017\/11\/ota295_foto_0548.jpg 1200w, https:\/\/www.lassebacklund.fi\/wp-content\/uploads\/2017\/11\/ota295_foto_0548-300x203.jpg 300w, https:\/\/www.lassebacklund.fi\/wp-content\/uploads\/2017\/11\/ota295_foto_0548-768x518.jpg 768w, https:\/\/www.lassebacklund.fi\/wp-content\/uploads\/2017\/11\/ota295_foto_0548-1024x691.jpg 1024w\" sizes=\"auto, (max-width: 1200px) 100vw, 1200px\" \/><figcaption id=\"caption-attachment-6619\" class=\"wp-caption-text\">Systrarna\u00a0Rosendahl, Margit till v\u00e4nster och\u00a0Irma till h\u00f6ger\u00a0visar upp sina tr\u00e4dg\u00e5rdsland framf\u00f6r hemg\u00e5rden i Lappfj\u00e4rd.<\/figcaption><\/figure>\n<figure id=\"attachment_6618\" aria-describedby=\"caption-attachment-6618\" style=\"width: 1183px\" class=\"wp-caption aligncenter\"><img loading=\"lazy\" decoding=\"async\" class=\"size-full wp-image-6618\" src=\"http:\/\/www.lassebacklund.fi\/wp-content\/uploads\/2017\/11\/ota295_foto_0547.jpg\" alt=\"Klubbledaren Karin Andtfolk p\u00e5 bes\u00f6k hos systrarna Holmberg, som visar upp sitt l\u00f6kland.\" width=\"1183\" height=\"793\" srcset=\"https:\/\/www.lassebacklund.fi\/wp-content\/uploads\/2017\/11\/ota295_foto_0547.jpg 1183w, https:\/\/www.lassebacklund.fi\/wp-content\/uploads\/2017\/11\/ota295_foto_0547-300x201.jpg 300w, https:\/\/www.lassebacklund.fi\/wp-content\/uploads\/2017\/11\/ota295_foto_0547-768x515.jpg 768w, https:\/\/www.lassebacklund.fi\/wp-content\/uploads\/2017\/11\/ota295_foto_0547-1024x686.jpg 1024w\" sizes=\"auto, (max-width: 1183px) 100vw, 1183px\" \/><figcaption id=\"caption-attachment-6618\" class=\"wp-caption-text\">Klubbledaren Karin Andtfolk p\u00e5 bes\u00f6k hos systrarna Holmberg, som visar upp sitt l\u00f6kland.<\/figcaption><\/figure>\n<figure id=\"attachment_6617\" aria-describedby=\"caption-attachment-6617\" style=\"width: 1186px\" class=\"wp-caption aligncenter\"><img loading=\"lazy\" decoding=\"async\" class=\"size-full wp-image-6617\" src=\"http:\/\/www.lassebacklund.fi\/wp-content\/uploads\/2017\/11\/ota295_foto_0283.jpg\" alt=\"Kriget sk\u00f6rdade offer hela tiden och h\u00e4r ser vi allvarstyngda miner runt en hj\u00e4ltegrav.\" width=\"1186\" height=\"773\" srcset=\"https:\/\/www.lassebacklund.fi\/wp-content\/uploads\/2017\/11\/ota295_foto_0283.jpg 1186w, https:\/\/www.lassebacklund.fi\/wp-content\/uploads\/2017\/11\/ota295_foto_0283-300x196.jpg 300w, https:\/\/www.lassebacklund.fi\/wp-content\/uploads\/2017\/11\/ota295_foto_0283-768x501.jpg 768w, https:\/\/www.lassebacklund.fi\/wp-content\/uploads\/2017\/11\/ota295_foto_0283-1024x667.jpg 1024w\" sizes=\"auto, (max-width: 1186px) 100vw, 1186px\" \/><figcaption id=\"caption-attachment-6617\" class=\"wp-caption-text\">Kriget sk\u00f6rdade offer hela tiden och h\u00e4r ser vi allvarstyngda miner runt en hj\u00e4ltegrav.<\/figcaption><\/figure>\n<p>Mera foton av Selim Bj\u00f6rses hittar du genom att klicka<a href=\"https:\/\/www.lassebacklund.fi\/?page_id=6649\"><span style=\"color: #000080;\"><strong> H\u00c4R!<\/strong><\/span><\/a><\/p>\n","protected":false},"excerpt":{"rendered":"<p>H\u00e4r n\u00e5gra av Selim Bj\u00f6rses\u00b4 fotografier tagna \u00e5r 1943. Eric Stens har identifierat personerna och skrivit de flesta texter. Fotografierna \u00e4r fr\u00e5n Svenska Litteraturs\u00e4llskapets arkiv i Vasa. Mera foton av Selim Bj\u00f6rses hittar du genom att klicka H\u00c4R!<\/p>\n","protected":false},"author":1,"featured_media":0,"parent":4555,"menu_order":1943,"comment_status":"closed","ping_status":"closed","template":"","meta":{"footnotes":""},"class_list":["post-6626","page","type-page","status-publish","hentry"],"_links":{"self":[{"href":"https:\/\/www.lassebacklund.fi\/index.php?rest_route=\/wp\/v2\/pages\/6626","targetHints":{"allow":["GET"]}}],"collection":[{"href":"https:\/\/www.lassebacklund.fi\/index.php?rest_route=\/wp\/v2\/pages"}],"about":[{"href":"https:\/\/www.lassebacklund.fi\/index.php?rest_route=\/wp\/v2\/types\/page"}],"author":[{"embeddable":true,"href":"https:\/\/www.lassebacklund.fi\/index.php?rest_route=\/wp\/v2\/users\/1"}],"replies":[{"embeddable":true,"href":"https:\/\/www.lassebacklund.fi\/index.php?rest_route=%2Fwp%2Fv2%2Fcomments&post=6626"}],"version-history":[{"count":6,"href":"https:\/\/www.lassebacklund.fi\/index.php?rest_route=\/wp\/v2\/pages\/6626\/revisions"}],"predecessor-version":[{"id":22771,"href":"https:\/\/www.lassebacklund.fi\/index.php?rest_route=\/wp\/v2\/pages\/6626\/revisions\/22771"}],"up":[{"embeddable":true,"href":"https:\/\/www.lassebacklund.fi\/index.php?rest_route=\/wp\/v2\/pages\/4555"}],"wp:attachment":[{"href":"https:\/\/www.lassebacklund.fi\/index.php?rest_route=%2Fwp%2Fv2%2Fmedia&parent=6626"}],"curies":[{"name":"wp","href":"https:\/\/api.w.org\/{rel}","templated":true}]}}

Selims foton från år 1943.

<p>Här några av Selim Björses´ fotografier tagna år 1943. Eric Stens har identifierat personerna och skrivit de flesta texter. Fotografierna är från Svenska Litteratursällskapets arkiv i Vasa.</p>
<figure id="attachment_6625" aria-describedby="caption-attachment-6625" style="width: 1121px" class="wp-caption aligncenter"><img loading="lazy" decoding="async" class="size-full wp-image-6625" src="http://www.lassebacklund.fi/wp-content/uploads/2017/11/ota295_foto_0554.jpg" alt="Glada elever vid södra folkskolan 1943. Lärarbostaden i bakgrunden." width="1121" height="816" srcset="https://www.lassebacklund.fi/wp-content/uploads/2017/11/ota295_foto_0554.jpg 1121w, https://www.lassebacklund.fi/wp-content/uploads/2017/11/ota295_foto_0554-300x218.jpg 300w, https://www.lassebacklund.fi/wp-content/uploads/2017/11/ota295_foto_0554-768x559.jpg 768w, https://www.lassebacklund.fi/wp-content/uploads/2017/11/ota295_foto_0554-1024x745.jpg 1024w" sizes="auto, (max-width: 1121px) 100vw, 1121px" /><figcaption id="caption-attachment-6625" class="wp-caption-text">Glada elever vid södra folkskolan 1943. Lärarbostaden i bakgrunden.</figcaption></figure>
<figure id="attachment_6624" aria-describedby="caption-attachment-6624" style="width: 1200px" class="wp-caption aligncenter"><img loading="lazy" decoding="async" class="size-full wp-image-6624" src="http://www.lassebacklund.fi/wp-content/uploads/2017/11/ota295_foto_0553.jpg" alt="Sommaren 1943 gjorde lantbruksklubben en utfärd till Härkmerifjärden." width="1200" height="800" srcset="https://www.lassebacklund.fi/wp-content/uploads/2017/11/ota295_foto_0553.jpg 1200w, https://www.lassebacklund.fi/wp-content/uploads/2017/11/ota295_foto_0553-300x200.jpg 300w, https://www.lassebacklund.fi/wp-content/uploads/2017/11/ota295_foto_0553-768x512.jpg 768w, https://www.lassebacklund.fi/wp-content/uploads/2017/11/ota295_foto_0553-1024x683.jpg 1024w" sizes="auto, (max-width: 1200px) 100vw, 1200px" /><figcaption id="caption-attachment-6624" class="wp-caption-text">Sommaren 1943 gjorde lantbruksklubben en utfärd till Härkmerifjärden.</figcaption></figure>
<figure id="attachment_6623" aria-describedby="caption-attachment-6623" style="width: 1200px" class="wp-caption aligncenter"><img loading="lazy" decoding="async" class="size-full wp-image-6623" src="http://www.lassebacklund.fi/wp-content/uploads/2017/11/ota295_foto_0552.jpg" alt="Kyrkan fotograferad från södra skolan." width="1200" height="811" srcset="https://www.lassebacklund.fi/wp-content/uploads/2017/11/ota295_foto_0552.jpg 1200w, https://www.lassebacklund.fi/wp-content/uploads/2017/11/ota295_foto_0552-300x203.jpg 300w, https://www.lassebacklund.fi/wp-content/uploads/2017/11/ota295_foto_0552-768x519.jpg 768w, https://www.lassebacklund.fi/wp-content/uploads/2017/11/ota295_foto_0552-1024x692.jpg 1024w" sizes="auto, (max-width: 1200px) 100vw, 1200px" /><figcaption id="caption-attachment-6623" class="wp-caption-text">Kyrkan fotograferad från södra skolan.</figcaption></figure>
<figure id="attachment_6622" aria-describedby="caption-attachment-6622" style="width: 1200px" class="wp-caption aligncenter"><img loading="lazy" decoding="async" class="size-full wp-image-6622" src="http://www.lassebacklund.fi/wp-content/uploads/2017/11/ota295_foto_0551.jpg" alt="Fina flickor med vita förkläden på kokkurs på södra folkskolan." width="1200" height="811" srcset="https://www.lassebacklund.fi/wp-content/uploads/2017/11/ota295_foto_0551.jpg 1200w, https://www.lassebacklund.fi/wp-content/uploads/2017/11/ota295_foto_0551-300x203.jpg 300w, https://www.lassebacklund.fi/wp-content/uploads/2017/11/ota295_foto_0551-768x519.jpg 768w, https://www.lassebacklund.fi/wp-content/uploads/2017/11/ota295_foto_0551-1024x692.jpg 1024w" sizes="auto, (max-width: 1200px) 100vw, 1200px" /><figcaption id="caption-attachment-6622" class="wp-caption-text">Fina flickor med vita förkläden på kokkurs på södra folkskolan.</figcaption></figure>
<figure id="attachment_6621" aria-describedby="caption-attachment-6621" style="width: 1200px" class="wp-caption aligncenter"><img loading="lazy" decoding="async" class="size-full wp-image-6621" src="http://www.lassebacklund.fi/wp-content/uploads/2017/11/ota295_foto_0550.jpg" alt="Margit Rosengård visar upp sitt välväxande trädgårdsland på Brobackan i Dagsmark." width="1200" height="811" srcset="https://www.lassebacklund.fi/wp-content/uploads/2017/11/ota295_foto_0550.jpg 1200w, https://www.lassebacklund.fi/wp-content/uploads/2017/11/ota295_foto_0550-300x203.jpg 300w, https://www.lassebacklund.fi/wp-content/uploads/2017/11/ota295_foto_0550-768x519.jpg 768w, https://www.lassebacklund.fi/wp-content/uploads/2017/11/ota295_foto_0550-1024x692.jpg 1024w" sizes="auto, (max-width: 1200px) 100vw, 1200px" /><figcaption id="caption-attachment-6621" class="wp-caption-text">Margit Rosengård visar upp sitt välväxande trädgårdsland på Brobackan i Dagsmark.</figcaption></figure>
<figure id="attachment_6620" aria-describedby="caption-attachment-6620" style="width: 1187px" class="wp-caption aligncenter"><img loading="lazy" decoding="async" class="size-full wp-image-6620" src="http://www.lassebacklund.fi/wp-content/uploads/2017/11/ota295_foto_0549.jpg" alt="Marita Ålgars med agr. Beaurain och Vidjeskog i sitt trädgårdsland." width="1187" height="762" srcset="https://www.lassebacklund.fi/wp-content/uploads/2017/11/ota295_foto_0549.jpg 1187w, https://www.lassebacklund.fi/wp-content/uploads/2017/11/ota295_foto_0549-300x193.jpg 300w, https://www.lassebacklund.fi/wp-content/uploads/2017/11/ota295_foto_0549-768x493.jpg 768w, https://www.lassebacklund.fi/wp-content/uploads/2017/11/ota295_foto_0549-1024x657.jpg 1024w" sizes="auto, (max-width: 1187px) 100vw, 1187px" /><figcaption id="caption-attachment-6620" class="wp-caption-text">Marita Ålgars med agr. Beaurain och Vidjeskog i sitt trädgårdsland.</figcaption></figure>
<figure id="attachment_6619" aria-describedby="caption-attachment-6619" style="width: 1200px" class="wp-caption aligncenter"><img loading="lazy" decoding="async" class="size-full wp-image-6619" src="http://www.lassebacklund.fi/wp-content/uploads/2017/11/ota295_foto_0548.jpg" alt="Systrarna Irma och Margit Rosendahl i trädgårdslandet framför hemgården i Lappfjärd." width="1200" height="810" srcset="https://www.lassebacklund.fi/wp-content/uploads/2017/11/ota295_foto_0548.jpg 1200w, https://www.lassebacklund.fi/wp-content/uploads/2017/11/ota295_foto_0548-300x203.jpg 300w, https://www.lassebacklund.fi/wp-content/uploads/2017/11/ota295_foto_0548-768x518.jpg 768w, https://www.lassebacklund.fi/wp-content/uploads/2017/11/ota295_foto_0548-1024x691.jpg 1024w" sizes="auto, (max-width: 1200px) 100vw, 1200px" /><figcaption id="caption-attachment-6619" class="wp-caption-text">Systrarna Rosendahl, Margit till vänster och Irma till höger visar upp sina trädgårdsland framför hemgården i Lappfjärd.</figcaption></figure>
<figure id="attachment_6618" aria-describedby="caption-attachment-6618" style="width: 1183px" class="wp-caption aligncenter"><img loading="lazy" decoding="async" class="size-full wp-image-6618" src="http://www.lassebacklund.fi/wp-content/uploads/2017/11/ota295_foto_0547.jpg" alt="Klubbledaren Karin Andtfolk på besök hos systrarna Holmberg, som visar upp sitt lökland." width="1183" height="793" srcset="https://www.lassebacklund.fi/wp-content/uploads/2017/11/ota295_foto_0547.jpg 1183w, https://www.lassebacklund.fi/wp-content/uploads/2017/11/ota295_foto_0547-300x201.jpg 300w, https://www.lassebacklund.fi/wp-content/uploads/2017/11/ota295_foto_0547-768x515.jpg 768w, https://www.lassebacklund.fi/wp-content/uploads/2017/11/ota295_foto_0547-1024x686.jpg 1024w" sizes="auto, (max-width: 1183px) 100vw, 1183px" /><figcaption id="caption-attachment-6618" class="wp-caption-text">Klubbledaren Karin Andtfolk på besök hos systrarna Holmberg, som visar upp sitt lökland.</figcaption></figure>
<figure id="attachment_6617" aria-describedby="caption-attachment-6617" style="width: 1186px" class="wp-caption aligncenter"><img loading="lazy" decoding="async" class="size-full wp-image-6617" src="http://www.lassebacklund.fi/wp-content/uploads/2017/11/ota295_foto_0283.jpg" alt="Kriget skördade offer hela tiden och här ser vi allvarstyngda miner runt en hjältegrav." width="1186" height="773" srcset="https://www.lassebacklund.fi/wp-content/uploads/2017/11/ota295_foto_0283.jpg 1186w, https://www.lassebacklund.fi/wp-content/uploads/2017/11/ota295_foto_0283-300x196.jpg 300w, https://www.lassebacklund.fi/wp-content/uploads/2017/11/ota295_foto_0283-768x501.jpg 768w, https://www.lassebacklund.fi/wp-content/uploads/2017/11/ota295_foto_0283-1024x667.jpg 1024w" sizes="auto, (max-width: 1186px) 100vw, 1186px" /><figcaption id="caption-attachment-6617" class="wp-caption-text">Kriget skördade offer hela tiden och här ser vi allvarstyngda miner runt en hjältegrav.</figcaption></figure>
<p>Mera foton av Selim Björses hittar du genom att klicka<a href="https://www.lassebacklund.fi/?page_id=6649"><span style="color: #000080;"><strong> HÄR!</strong></span></a></p>

<p>Här några av Selim Björses´ fotografier tagna år 1943. Eric Stens har identifierat personerna och skrivit de flesta texter. Fotografierna är från Svenska Litteratursällskapets arkiv i Vasa. Mera foton av Selim Björses hittar du genom att klicka HÄR!</p>
