{"id":6505,"date":"2017-11-14T17:11:31","date_gmt":"2017-11-14T16:11:31","guid":{"rendered":"http:\/\/www.lassebacklund.fi\/?page_id=6505"},"modified":"2026-03-15T22:42:13","modified_gmt":"2026-03-15T20:42:13","slug":"rosenbacks-gard-pa-storavagen-35","status":"publish","type":"page","link":"https:\/\/www.lassebacklund.fi\/?page_id=6505","title":{"rendered":"Rosenbacks g\u00e5rd p\u00e5 Stor\u00e5v\u00e4gen 35"},"content":{"rendered":"<figure id=\"attachment_24201\" aria-describedby=\"caption-attachment-24201\" style=\"width: 2304px\" class=\"wp-caption alignnone\"><img loading=\"lazy\" decoding=\"async\" class=\"wp-image-24201 size-full\" src=\"https:\/\/www.lassebacklund.fi\/wp-content\/uploads\/2025\/06\/Rosenback-torstenas-2025-3.jpg\" alt=\"\" width=\"2304\" height=\"1469\" srcset=\"https:\/\/www.lassebacklund.fi\/wp-content\/uploads\/2025\/06\/Rosenback-torstenas-2025-3.jpg 2304w, https:\/\/www.lassebacklund.fi\/wp-content\/uploads\/2025\/06\/Rosenback-torstenas-2025-3-300x191.jpg 300w, https:\/\/www.lassebacklund.fi\/wp-content\/uploads\/2025\/06\/Rosenback-torstenas-2025-3-1024x653.jpg 1024w, https:\/\/www.lassebacklund.fi\/wp-content\/uploads\/2025\/06\/Rosenback-torstenas-2025-3-768x490.jpg 768w, https:\/\/www.lassebacklund.fi\/wp-content\/uploads\/2025\/06\/Rosenback-torstenas-2025-3-1536x979.jpg 1536w, https:\/\/www.lassebacklund.fi\/wp-content\/uploads\/2025\/06\/Rosenback-torstenas-2025-3-2048x1306.jpg 2048w\" sizes=\"auto, (max-width: 2304px) 100vw, 2304px\" \/><figcaption id=\"caption-attachment-24201\" class=\"wp-caption-text\">Det h\u00e4r huset \u00e4r byggt av Torsten (1926-2015) och Kaino Rosenback (1929-2025) och de flyttade in 15 september 1961. Fotot fr\u00e5n sommaren 2025 \u00e4r taget fr\u00e5n nordv\u00e4st.<\/figcaption><\/figure>\n<p><span style=\"color: #000080;\"><strong>Sammanst\u00e4llt av Lasse Backlund 2014, med hj\u00e4lp av Torsten och Kaino.\u00a0<\/strong><\/span><\/p>\n<h3><strong>G\u00e5rdens historia.<\/strong><\/h3>\n<p>P\u00e5 denna tomt p\u00e5 Stor\u00e5v\u00e4gen 35 hade det tidigare st\u00e5tt ett gammalt hus, som revs ca 1959 d\u00e5 det nya huset skulle byggas. I det gamla huset som var uppf\u00f6rt ca 1914 bodde Erland och Alvina Rosenback fram till 1928, medan Erlands far Erik Rosenback (Fr\u00f6berg, 1851 &#8211; 1930) och farmor Maria Sofia (1846 \u2013 1939) bodde 200 meter <a href=\"https:\/\/www.lassebacklund.fi\/?page_id=6534\">v\u00e4sterut p\u00e5 samma sida av v\u00e4gen.\u00a0<\/a><\/p>\n<figure id=\"attachment_6500\" aria-describedby=\"caption-attachment-6500\" style=\"width: 1200px\" class=\"wp-caption aligncenter\"><img loading=\"lazy\" decoding=\"async\" class=\"size-full wp-image-6500\" src=\"http:\/\/www.lassebacklund.fi\/wp-content\/uploads\/2017\/11\/2.jpg\" alt=\"Det hus som tidigare stod p\u00e5 denna tomt, s\u00e5g likadant ut som det som fortfarande st\u00e5r p\u00e5 Dagsmarkv\u00e4gen 17. Huset p\u00e5 bilden \u00e4r i dag obebott men senast bodde Egil och Ritva Rosenback h\u00e4r med sin familj. Bakom huset skymtar Westeras smedjan och l\u00e4ngst till v\u00e4nster syns Kull-Minas lilla stuga. Det var allts\u00e5 i detta som hus Erik och Maria Rosenback bodde i tiderna.\" width=\"1200\" height=\"903\" srcset=\"https:\/\/www.lassebacklund.fi\/wp-content\/uploads\/2017\/11\/2.jpg 1200w, https:\/\/www.lassebacklund.fi\/wp-content\/uploads\/2017\/11\/2-300x226.jpg 300w, https:\/\/www.lassebacklund.fi\/wp-content\/uploads\/2017\/11\/2-768x578.jpg 768w, https:\/\/www.lassebacklund.fi\/wp-content\/uploads\/2017\/11\/2-1024x771.jpg 1024w\" sizes=\"auto, (max-width: 1200px) 100vw, 1200px\" \/><figcaption id=\"caption-attachment-6500\" class=\"wp-caption-text\">Det hus som tidigare stod p\u00e5 Stor\u00e5v\u00e4gen 35, s\u00e5g likadant ut som det som fortfarande st\u00e5r p\u00e5 Stor\u00e5v\u00e4gen 17. Huset p\u00e5 bilden \u00e4r i dag obebott och anv\u00e4nds i dag som fritidsbostad men senast bodde Egil och Ritva Rosenback h\u00e4r med sin familj. Bakom huset skymtar Westeras smedjan och l\u00e4ngst till v\u00e4nster syns Koll Minas lilla stuga. Det var allts\u00e5 i detta som hus Erik och Maria Rosenback bodde i tiderna.<\/figcaption><\/figure>\n<p>Eriks farfar var sockenskomakaren Johan Petter Fr\u00f6berg, som var f\u00f6dd i Vasa men som sedan flyttade till Lappfj\u00e4rd. Eriks mor var fr\u00e5n Stor\u00e5 och hette Lena Greta och det \u00e4r nog efter henne som sl\u00e4kten under en l\u00e5ng tid kallades &#8221;Lena&#8221;.<\/p>\n<p>Erik vistades i Amerika i flera \u00e5r p\u00e5 1800-talet men \u00e5r 1890 k\u00f6pte han h\u00e4lften av Kvarnen i Verkforsen av bonden &#8221;K\u00e5rk Viktor&#8221; Eklund. Under \u00e5ren 1894-1903 \u00e4r han registrerad som torpare p\u00e5 L\u00e5ng hemman, n\u00e5gonstans p\u00e5 A-sidon. \u00c5r 1904 k\u00f6pte han den andra halvan av Kvarnen i Verkforsen av &#8221;\u00c5dd Ivar&#8221; Westerback. \u00c5r 1907 s\u00e5lde &#8221;Lena Erik&#8221; hela Verkfors Kvarn och S\u00e5g \u00e5t Erik Anders Broberg, som innehade den n\u00e5gon tid. Vill du l\u00e4sa mera om kvarnen, klicka <a href=\"http:\/\/www.lassebacklund.fi\/?page_id=1652\"><span style=\"text-decoration: underline;\"><span style=\"color: #000080;\"><strong>H\u00c4R!<\/strong><\/span><\/span><\/a><\/p>\n<p>&#8221;Lena Erik&#8221; och Maria Sofia med sonen Erland, som d\u00e5 var 17 \u00e5r emigrerade direkt efter f\u00f6rs\u00e4ljningen av kvarnen till Norwood i Amerika men med ett 5-\u00e5rspass, s\u00e5 de \u00e5terv\u00e4nde allihopa 1912.<\/p>\n<h3><strong>Erik Rosenback f\u00f6rv\u00e4rvar S\u00f6derberg av E. A. Roseng\u00e5rd<\/strong><\/h3>\n<p><strong>\u00c5r 1913, den 2 december<\/strong> arrenderade Erik och Maria Rosenback ett omr\u00e5de p\u00e5 ca ett halvt hektar av Erik Anders Rosenback och han uppf\u00f6rde d\u00e5 en g\u00e5rd p\u00e5 detta arrendeomr\u00e5de.<\/p>\n<p><strong>\u00c5r 1916, den 1 mars<\/strong> k\u00f6pte backstugusittaren Erik Rosenback och hans hustru Maria Sofia detta jordomr\u00e5de p\u00e5 ca ett halvt hektar av handlanden Erik Anders Roseng\u00e5rd f\u00f6r 800 mark. Den h\u00e4r parcellen fick d\u00e5 namnet &#8221;S\u00f6derberg&#8221; p\u00e5 Stor\u00e5v\u00e4gen 17.<\/p>\n<p>Erik Rosenback var en handelsman som k\u00f6pte upp olika produkter av b\u00f6nderna i Dagsmark, som han sedan s\u00e5lde till borgarna och k\u00f6pm\u00e4nnen i Kristinestad. Det kunde vara sm\u00f6r, ost och kr\u00e4ftor och Erik var s\u00e5 pass f\u00f6rsiktig att b\u00e4ra riktiga pengar p\u00e5 sig s\u00e5 han gjorde egna speciella mynt, som ortens banker sedan l\u00f6ste in.<\/p>\n<figure id=\"attachment_6501\" aria-describedby=\"caption-attachment-6501\" style=\"width: 499px\" class=\"wp-caption aligncenter\"><img loading=\"lazy\" decoding=\"async\" class=\"size-full wp-image-6501\" src=\"http:\/\/www.lassebacklund.fi\/wp-content\/uploads\/2017\/11\/3.jpg\" alt=\"Erik och Maria Sofia Rosenback.\" width=\"499\" height=\"779\" srcset=\"https:\/\/www.lassebacklund.fi\/wp-content\/uploads\/2017\/11\/3.jpg 499w, https:\/\/www.lassebacklund.fi\/wp-content\/uploads\/2017\/11\/3-192x300.jpg 192w\" sizes=\"auto, (max-width: 499px) 100vw, 499px\" \/><figcaption id=\"caption-attachment-6501\" class=\"wp-caption-text\">Erik (1851-1930) och Maria Sofia (1846-1939) Rosenback.<\/figcaption><\/figure>\n<figure id=\"attachment_6502\" aria-describedby=\"caption-attachment-6502\" style=\"width: 520px\" class=\"wp-caption aligncenter\"><img loading=\"lazy\" decoding=\"async\" class=\" wp-image-6502\" src=\"http:\/\/www.lassebacklund.fi\/wp-content\/uploads\/2017\/11\/4.jpg\" alt=\"Erik Rosenback fotograferad i Boston.\" width=\"520\" height=\"721\" srcset=\"https:\/\/www.lassebacklund.fi\/wp-content\/uploads\/2017\/11\/4.jpg 1079w, https:\/\/www.lassebacklund.fi\/wp-content\/uploads\/2017\/11\/4-216x300.jpg 216w, https:\/\/www.lassebacklund.fi\/wp-content\/uploads\/2017\/11\/4-768x1066.jpg 768w, https:\/\/www.lassebacklund.fi\/wp-content\/uploads\/2017\/11\/4-738x1024.jpg 738w\" sizes=\"auto, (max-width: 520px) 100vw, 520px\" \/><figcaption id=\"caption-attachment-6502\" class=\"wp-caption-text\">Erik Rosenback fotograferad i Boston.<\/figcaption><\/figure>\n<p>&nbsp;<\/p>\n<figure id=\"attachment_6503\" aria-describedby=\"caption-attachment-6503\" style=\"width: 495px\" class=\"wp-caption aligncenter\"><img loading=\"lazy\" decoding=\"async\" class=\" wp-image-6503\" src=\"http:\/\/www.lassebacklund.fi\/wp-content\/uploads\/2017\/11\/5.jpg\" alt=\"Erland Rosenback under sin vistelse i Amerika.\" width=\"495\" height=\"842\" srcset=\"https:\/\/www.lassebacklund.fi\/wp-content\/uploads\/2017\/11\/5.jpg 676w, https:\/\/www.lassebacklund.fi\/wp-content\/uploads\/2017\/11\/5-176x300.jpg 176w, https:\/\/www.lassebacklund.fi\/wp-content\/uploads\/2017\/11\/5-601x1024.jpg 601w\" sizes=\"auto, (max-width: 495px) 100vw, 495px\" \/><figcaption id=\"caption-attachment-6503\" class=\"wp-caption-text\">Erland Rosenback under sin vistelse i Amerika, som varade mellan 1907-1912.<\/figcaption><\/figure>\n<p>Eriks son Erland var 22 \u00e5r gammal d\u00e5 familjen \u00e5terv\u00e4nde och d\u00e5 tr\u00e4ffade han sin blivande hustru Alvina Kankaanp\u00e4\u00e4 och de gifte sig 13 juli 1914. Alvina var dotter till Robert Kankaanp\u00e4\u00e4 fr\u00e5n Timo i Korsb\u00e4ck och hon hade flera syskon som alla blev n\u00e5gorlunda gamla.<\/p>\n<p>Redan i maj 1914 hade Erland arrenderat ett markomr\u00e5de p\u00e5 ett halvt hektar, som l\u00e5g i n\u00e4rheten av hemg\u00e5rden av <a href=\"https:\/\/www.lassebacklund.fi\/?page_id=887\">Erik Anders Roseng\u00e5rd<\/a>, som han kallade Fr\u00f6berg. Detta tomtomr\u00e5de k\u00f6pte han \u00e5r 1920 f\u00f6r 500 mark av Roseng\u00e5rd.<strong> I maj 1925<\/strong> k\u00f6pte han ytterligare ett halvt hektar av Roseng\u00e5rd och detta omr\u00e5de kallade han Gr\u00f6nberg. <strong>\u00c5r 1927, den 27 mars<\/strong> k\u00f6pte Erland och Alvina ett \u00e5keromr\u00e5de av Frans Agn\u00e4s, som h\u00f6rde till hans hemman Rosenback. Omr\u00e5det p\u00e5 1,2 ha fanns i Paradiset och det fick namnet Bj\u00f6rklid 3:49<\/p>\n<p><img loading=\"lazy\" decoding=\"async\" class=\"size-full wp-image-3278\" src=\"http:\/\/www.lassebacklund.fi\/wp-content\/uploads\/2017\/03\/9-3.jpg\" alt=\"Nere t.v. Alvina (1889-1982) som gifte sig med Erland Rosenback , f\u00f6ljande Johannes (1891-1970) som gifte sig med Hilma Elvira Ojanper\u00e4 fr\u00e5n Stor\u00e5 och som tog namnet H\u00e4llback, Maria Vilhelmina (1893-1989) som gifte sig med Sigfrid Storl\u00e5hls fr\u00e5n M\u00e5ston eller Lillsund, f\u00f6ljande Alma (1895-1984) som gifte sig med Emil Nyberg och l\u00e4ngst ut Amanda (1897-1985) som gifte sig med Evert Gr\u00f6ndahl. St\u00e5ende fr.v. Viktor (1899-1981) som f\u00f6rst varit gift med Helmi Tuominiemi men som sedan gifte sig med Selma Nyberg och som tog namnet Berglind, f\u00f6ljande \u00e4r Jenny (1901-1976) som var ogift, f\u00f6ljande Leander (1904-1972) som gifte sig med Selma Hammarberg, sedan Arthur (1905-1985) som gifte sig med Helmi Lydia Jansson fr\u00e5n Stor\u00e5 och l\u00e4ngst t.h. Mathilda (1908-1984) som gifte sig med Emil Lillsj\u00f6. \" width=\"1164\" height=\"770\" srcset=\"https:\/\/www.lassebacklund.fi\/wp-content\/uploads\/2017\/03\/9-3.jpg 1164w, https:\/\/www.lassebacklund.fi\/wp-content\/uploads\/2017\/03\/9-3-300x198.jpg 300w, https:\/\/www.lassebacklund.fi\/wp-content\/uploads\/2017\/03\/9-3-768x508.jpg 768w, https:\/\/www.lassebacklund.fi\/wp-content\/uploads\/2017\/03\/9-3-1024x677.jpg 1024w\" sizes=\"auto, (max-width: 1164px) 100vw, 1164px\" \/><\/p>\n<p>Alvina Rosenback (1889-1982), som sitter nere t.v. och som gifte sig med Erland Rosenback hade m\u00e5nga syskon. Bredvid henne sitter Johannes (1891-1970) som gifte sig med Hilma Elvira Ojanper\u00e4 fr\u00e5n Stor\u00e5 och som tog namnet H\u00e4llback, Maria Vilhelmina (1893-1989) som gifte sig med Sigfrid Storl\u00e5hls fr\u00e5n M\u00e5ston eller Lillsund, f\u00f6ljande Alma (1895-1984) som gifte sig med Emil Nyberg och l\u00e4ngst ut Amanda (1897-1985) som gifte sig med Evert Gr\u00f6ndahl.<br \/>\nSt\u00e5ende fr.v. Viktor (1899-1981) som f\u00f6rst varit gift med Helmi Tuominiemi men som sedan gifte sig med Selma Nyberg och som tog namnet Berglind, f\u00f6ljande \u00e4r Jenny (1901-1976) som var ogift, f\u00f6ljande Leander (1904-1972) som gifte sig med Selma Hammarberg, sedan Arthur (1905-1985) som gifte sig med Helmi Lydia Jansson fr\u00e5n Stor\u00e5 och l\u00e4ngst t.h. Mathilda (1908-1984) som gifte sig med Emil Lillsj\u00f6.<\/p>\n<figure id=\"attachment_6504\" aria-describedby=\"caption-attachment-6504\" style=\"width: 1178px\" class=\"wp-caption aligncenter\"><img loading=\"lazy\" decoding=\"async\" class=\"size-full wp-image-6504\" src=\"http:\/\/www.lassebacklund.fi\/wp-content\/uploads\/2017\/11\/6.jpg\" alt=\"Erland och Alvina Rosenback.\" width=\"1178\" height=\"829\" srcset=\"https:\/\/www.lassebacklund.fi\/wp-content\/uploads\/2017\/11\/6.jpg 1178w, https:\/\/www.lassebacklund.fi\/wp-content\/uploads\/2017\/11\/6-300x211.jpg 300w, https:\/\/www.lassebacklund.fi\/wp-content\/uploads\/2017\/11\/6-768x540.jpg 768w, https:\/\/www.lassebacklund.fi\/wp-content\/uploads\/2017\/11\/6-1024x721.jpg 1024w\" sizes=\"auto, (max-width: 1178px) 100vw, 1178px\" \/><figcaption id=\"caption-attachment-6504\" class=\"wp-caption-text\">Erland och Alvina Rosenback.<\/figcaption><\/figure>\n<h3><strong>Anselm Lund tar \u00f6ver<\/strong><\/h3>\n<p>D\u00e5 Erland och Alvina gifte sig, bosatte de sig i det hus som de uppf\u00f6rde omkring 1914 p\u00e5 Stor\u00e5v\u00e4gen 35 och Erland arbetade bland annat som murare. \u00c5r 1928 flyttade Erland med sin familj till f\u00f6r\u00e4ldrarnas hus l\u00e4ngre ner mot byn d\u00e5 de skulle ta hand om Erlands gamla och sjuka f\u00f6r\u00e4ldrar.<\/p>\n<p><strong>\u00c5r 1930, den 28 april<\/strong> s\u00e5lde Erland och Alvina Rosenback huset om tomten p\u00e5 Stor\u00e5v\u00e4gen 35 \u00e5t slaktaren &#8221;Haga&#8221; Anselm Lund (1903-1967) och hans hustru Julia. Anselm var o\u00e4kta son till Karolina L\u00e5ng (1876-1952) som \u00e5r 1904 gifte sig med Emil Lund (1884-1937) . <strong>\u00c5r 1925<\/strong> gifte sig Anselm med Julia Kokko (1891-1945), som var dotter till Matti Matinpoika Uusi-Kokko och Aurora Antintyt\u00e4r Keski-Kokko. Hon var f\u00f6dd i Michigan i Amerika och med henne fick han s\u00f6nerna\u00a0 Alvar (1925-1995) och Arne (1927-1990). Julia dog p\u00e5 Roparn\u00e4s sinnessjukhus i Vasa \u00e5r 1945 och f\u00f6ljande \u00e5r gifte Anselm om sig med Adele (f. R\u00f6nng\u00e5rd eller Ekstr\u00f6m \u00e5r 1915) och \u00e5r 1950 flyttade de till Nykarleby. De fick en dotter Anna-Lisa \u00e5r 1949, som \u00e4r gift med Leif Erik Olsson (f.1944) och de h\u00f6r till L\u00e4nna f\u00f6rsamling i Norrk\u00f6ping. Anselm dog i Avesta i Sverige 9 augusti 1967.<\/p>\n<p><strong>\u00c5r 1950<\/strong> s\u00e5lde fabriksarbetaren Alvar Lund, d\u00e5 bosatt i Avesta sin \u00e4rvda andel \u00e5t sin far Anselm f\u00f6r 25 000 mark och andelen bestod av 1\/4 av l\u00e4genheten Fr\u00f6berg och 1\/8 av skogsskiftet L\u00e5ngskog p\u00e5 Drag\u00e5sen.<\/p>\n<figure id=\"attachment_23579\" aria-describedby=\"caption-attachment-23579\" style=\"width: 826px\" class=\"wp-caption alignnone\"><img loading=\"lazy\" decoding=\"async\" class=\"size-full wp-image-23579\" src=\"https:\/\/www.lassebacklund.fi\/wp-content\/uploads\/2025\/01\/Karta-Langskog-4-70-pa-Dragasen.png\" alt=\"\" width=\"826\" height=\"558\" srcset=\"https:\/\/www.lassebacklund.fi\/wp-content\/uploads\/2025\/01\/Karta-Langskog-4-70-pa-Dragasen.png 826w, https:\/\/www.lassebacklund.fi\/wp-content\/uploads\/2025\/01\/Karta-Langskog-4-70-pa-Dragasen-300x203.png 300w, https:\/\/www.lassebacklund.fi\/wp-content\/uploads\/2025\/01\/Karta-Langskog-4-70-pa-Dragasen-768x519.png 768w\" sizes=\"auto, (max-width: 826px) 100vw, 826px\" \/><figcaption id=\"caption-attachment-23579\" class=\"wp-caption-text\">\u00c5r 1930 k\u00f6pte Anselm Lund i bolag med handlanden Erik Anders Roseng\u00e5rd ett skogsskifte L\u00e5ngskog 4:70 p\u00e5 ca 5,5 ha av Anselmi Peltomaa. Skiftet p\u00e5 Drag\u00e5sen hade i tiderna tillh\u00f6rt bonden Erik Johan &#8221;K\u00e5rk Erk J\u00e5han&#8221; L\u00e5ng. \u00c5r 1959 s\u00e5lde Anselm Lund och sonen Arne sin halva av skogsskiftet \u00e5t skogstekniker Stenlund fr\u00e5n Henriksdal.<\/figcaption><\/figure>\n<h4><strong>Torsten och Kaino Rosenback tar \u00f6ver \u00e5r 1959<\/strong><\/h4>\n<p><strong>\u00c5r 1959, den 30 mars<\/strong> s\u00e5lde Anselm och sonen Arne l\u00e4genheten Fr\u00f6berg med alla byggnader f\u00f6r 350 000 mark \u00e5t arbetaren Torsten Rosenback (1926-2015). Han var son till Erland (1890-1943) och Alvina (f. Kankaanp\u00e4\u00e4 i Korsb\u00e4ck &#8221;d\u00e4r Timo&#8221; 1889, d. 1982). Hustrun Kaino (1929-2025) var f\u00f6dd i B\u00f6tom, dotter till Urpo och Ellen Santam\u00e4ki. Kaino var kusin med Helvi Klemets och hennes br\u00f6der Kauko, Keijo och Pertti Santam\u00e4ki.<\/p>\n<p>Kaino och Torsten gifte sig midsommaren 1950 och for samma sommar till Sverige och de bodde d\u00e4r till 1956 d\u00e5 de flyttade tillbaka till Dagsmark med sina tv\u00e5 s\u00f6ner. De f\u00f6rsta \u00e5ren efter flytten tillbaka till Dagsmark bodde de i Agn\u00e4s Henriks g\u00e5rd, som stod p\u00e5 <a href=\"https:\/\/www.lassebacklund.fi\/?page_id=623\">Dagsmarkv\u00e4gen 381<\/a>. \u00c5r 1958 flyttade familjen till <a href=\"https:\/\/www.lassebacklund.fi\/?page_id=7496\">Dagsmark Ungdomsf\u00f6renings hus<\/a>, till den l\u00e4genhet i \u00f6vre v\u00e5ningen d\u00e4r <a href=\"https:\/\/www.lassebacklund.fi\/?page_id=3542\">Dagsmark Telefoncentral<\/a> var inrymd. D\u00e4r sk\u00f6tte Kaino och Torsten om Dagsmarkcentralen under n\u00e5gra \u00e5r. \u00c5r 1959 k\u00f6pte de tillbaka Torstens gamla f\u00f6delsehem av Anselm och Adele Lund. De byggde ett nytt hus och \u00e5r 1961 flyttade de dit, till Stor\u00e5v\u00e4gen 35. Centralen flyttade sedan till <a href=\"https:\/\/www.lassebacklund.fi\/?page_id=253\">Sparbankens hus<\/a> och Kaino fortsatte att arbeta d\u00e4r \u00e4nda fram till b\u00f6rjan p\u00e5 70-talet d\u00e5 hon fick flyttning till Lappfj\u00e4rds telefoncentral, som d\u00e5 \u00e4nnu fungerade manuellt. Automatisering d\u00e4r var p\u00e5 kommande 1978 men Kaino b\u00f6rjade f\u00f6re det, den 1 mars 1977 arbeta som kanslist p\u00e5 stadens lantbruksbyr\u00e5 i Lappfj\u00e4rd, d\u00e4rifr\u00e5n hon avgick med pension \u00e5r 1991. D\u00e4refter fortsatte hon som deltidsl\u00e4rare p\u00e5 Kristinestads Medborgarinstitut under \u00e5ren 1986 \u2013 2006.<\/p>\n<p>Torsten fick p\u00e5 50-talet arbete som r\u00f6rmokare, f\u00f6rst i Bj\u00f6rneborg och sedan i Kristinestad p\u00e5 Vesijohtoliike Teline. D\u00e4r slutade han d\u00e5 de b\u00f6rjade sk\u00f6ta telefoncentralen i Dagsmark. I b\u00f6rjan av 1960-talet blev Torsten privatf\u00f6retagare som r\u00f6rmokare med firmanamnet \u201dLappfj\u00e4rds Vatten och V\u00e4rme\u201d och gjorde installationer och reparationer i n\u00e4romr\u00e5det men ocks\u00e5 i grannkommunerna. Han hade 1 \u2013 2 anst\u00e4llda n\u00e4r det var n\u00e5got st\u00f6rre projekt eller n\u00e4r det var h\u00f6gs\u00e4song. \u00c5r 1977 flyttade han \u00f6ver till stadens Tekniska verk och arbetade d\u00e4r som r\u00f6rmont\u00f6r tills han avgick med pension \u00e5r 1987.<\/p>\n<p><strong>I september 2015<\/strong> var det meningen att Kaino och Torsten skulle flytta till en av l\u00e4genheterna i servicehemmet bredvid \u00c5ldersro. Dessv\u00e4rre gick det s\u00e5 att Torsten avled en kort tid f\u00f6re flytten, s\u00e5 Kaino flyttade ensam in i l\u00e4genheten. Torsten avled allts\u00e5 \u00e5r 2015 och Kaino \u00e5r 2025.<\/p>\n<p>Huset p\u00e5 Stor\u00e5v\u00e4gen har \u00f6vertagits av den \u00e4ldre sonen, som anv\u00e4nder det som fritidsbostad.<\/p>\n<figure id=\"attachment_6509\" aria-describedby=\"caption-attachment-6509\" style=\"width: 775px\" class=\"wp-caption alignnone\"><img loading=\"lazy\" decoding=\"async\" class=\" wp-image-6509\" src=\"http:\/\/www.lassebacklund.fi\/wp-content\/uploads\/2017\/11\/Rosenbacks-uthus-som-byggdes-som-slakteri.jpg\" alt=\"Uthuset p\u00e5 g\u00e5rden hos Rosenbacks anv\u00e4ndes i tiderna som slakteri, allts\u00e5 under tid Haga-Anselm bodde h\u00e4r.\" width=\"775\" height=\"581\" srcset=\"https:\/\/www.lassebacklund.fi\/wp-content\/uploads\/2017\/11\/Rosenbacks-uthus-som-byggdes-som-slakteri.jpg 2816w, https:\/\/www.lassebacklund.fi\/wp-content\/uploads\/2017\/11\/Rosenbacks-uthus-som-byggdes-som-slakteri-300x225.jpg 300w, https:\/\/www.lassebacklund.fi\/wp-content\/uploads\/2017\/11\/Rosenbacks-uthus-som-byggdes-som-slakteri-768x576.jpg 768w, https:\/\/www.lassebacklund.fi\/wp-content\/uploads\/2017\/11\/Rosenbacks-uthus-som-byggdes-som-slakteri-1024x768.jpg 1024w\" sizes=\"auto, (max-width: 775px) 100vw, 775px\" \/><figcaption id=\"caption-attachment-6509\" class=\"wp-caption-text\">Uthuset p\u00e5 g\u00e5rden hos Rosenbacks anv\u00e4ndes i tiderna som slakteri, allts\u00e5 under tid Haga Anselm bodde h\u00e4r.<\/figcaption><\/figure>\n<figure id=\"attachment_6499\" aria-describedby=\"caption-attachment-6499\" style=\"width: 1173px\" class=\"wp-caption alignnone\"><img loading=\"lazy\" decoding=\"async\" class=\"size-full wp-image-6499\" src=\"http:\/\/www.lassebacklund.fi\/wp-content\/uploads\/2017\/11\/1.jpg\" alt=\"Det h\u00e4r huset \u00e4r byggt av Torsten (1926-2015) och Kaino Rosenback f.1929 och de flyttade in 15 september 1961. Fotot fr\u00e5n 2003 \u00e4r taget fr\u00e5n v\u00e4ster.\" width=\"1173\" height=\"880\" srcset=\"https:\/\/www.lassebacklund.fi\/wp-content\/uploads\/2017\/11\/1.jpg 1173w, https:\/\/www.lassebacklund.fi\/wp-content\/uploads\/2017\/11\/1-300x225.jpg 300w, https:\/\/www.lassebacklund.fi\/wp-content\/uploads\/2017\/11\/1-768x576.jpg 768w, https:\/\/www.lassebacklund.fi\/wp-content\/uploads\/2017\/11\/1-1024x768.jpg 1024w\" sizes=\"auto, (max-width: 1173px) 100vw, 1173px\" \/><figcaption id=\"caption-attachment-6499\" class=\"wp-caption-text\">Rosenbacks hus fotograferat fr\u00e5n v\u00e4ster sommaren fr\u00e5n 2003.<\/figcaption><\/figure>\n<h2><strong>\u00d6vrigt.<\/strong><\/h2>\n<p>Dagsmark Elandelslag bildades i b\u00f6rjan p\u00e5 1930-talet och Erland fungerade som deras bokf\u00f6rare och kass\u00f6r fram till sin d\u00f6d 1943. Detta elandelslag anskaffade ocks\u00e5 en elektrisk motor som anv\u00e4ndes f\u00f6r tr\u00f6skverken i Dagsmark och det var Erland som sk\u00f6tte denna vid tr\u00f6skningarna.<\/p>\n<p>\u00c5r 1943 d\u00e5 Erland dog bildade b\u00f6nehusf\u00f6reningen i Dagsmark en minnes- och hyllningsfond och \u00e5r 1944 ink\u00f6ptes de f\u00f6rsta hyllningskorten och kuverten. \u00c5r 1952 besl\u00f6ts att pengar fr\u00e5n f\u00f6rs\u00e4ljningen av hyllningskorten f\u00e5r anv\u00e4ndas till underh\u00e5ll och reparationer av b\u00f6nehuset. Med hj\u00e4lp av medel ur denna fond har m\u00e5nga reparationer gjorts p\u00e5 b\u00f6nehuset.<\/p>\n","protected":false},"excerpt":{"rendered":"<p>Sammanst\u00e4llt av Lasse Backlund 2014, med hj\u00e4lp av Torsten och Kaino.\u00a0 G\u00e5rdens historia. P\u00e5 denna tomt p\u00e5 Stor\u00e5v\u00e4gen 35 hade det tidigare st\u00e5tt ett gammalt hus, som revs ca 1959 d\u00e5 det nya huset skulle byggas. I det gamla huset <a class=\"more-link\" href=\"https:\/\/www.lassebacklund.fi\/?page_id=6505\">Forts\u00e4tt l\u00e4sa <span class=\"screen-reader-text\">  Rosenbacks g\u00e5rd p\u00e5 Stor\u00e5v\u00e4gen 35<\/span><span class=\"meta-nav\">&rarr;<\/span><\/a><\/p>\n","protected":false},"author":1,"featured_media":0,"parent":88,"menu_order":35,"comment_status":"closed","ping_status":"closed","template":"","meta":{"footnotes":""},"class_list":["post-6505","page","type-page","status-publish","hentry"],"_links":{"self":[{"href":"https:\/\/www.lassebacklund.fi\/index.php?rest_route=\/wp\/v2\/pages\/6505","targetHints":{"allow":["GET"]}}],"collection":[{"href":"https:\/\/www.lassebacklund.fi\/index.php?rest_route=\/wp\/v2\/pages"}],"about":[{"href":"https:\/\/www.lassebacklund.fi\/index.php?rest_route=\/wp\/v2\/types\/page"}],"author":[{"embeddable":true,"href":"https:\/\/www.lassebacklund.fi\/index.php?rest_route=\/wp\/v2\/users\/1"}],"replies":[{"embeddable":true,"href":"https:\/\/www.lassebacklund.fi\/index.php?rest_route=%2Fwp%2Fv2%2Fcomments&post=6505"}],"version-history":[{"count":26,"href":"https:\/\/www.lassebacklund.fi\/index.php?rest_route=\/wp\/v2\/pages\/6505\/revisions"}],"predecessor-version":[{"id":25689,"href":"https:\/\/www.lassebacklund.fi\/index.php?rest_route=\/wp\/v2\/pages\/6505\/revisions\/25689"}],"up":[{"embeddable":true,"href":"https:\/\/www.lassebacklund.fi\/index.php?rest_route=\/wp\/v2\/pages\/88"}],"wp:attachment":[{"href":"https:\/\/www.lassebacklund.fi\/index.php?rest_route=%2Fwp%2Fv2%2Fmedia&parent=6505"}],"curies":[{"name":"wp","href":"https:\/\/api.w.org\/{rel}","templated":true}]}}