{"id":6087,"date":"2017-09-29T18:21:25","date_gmt":"2017-09-29T16:21:25","guid":{"rendered":"http:\/\/www.lassebacklund.fi\/?page_id=6087"},"modified":"2025-10-17T23:47:30","modified_gmt":"2025-10-17T20:47:30","slug":"dahlroos-gard-pa-lillsjovagen-329","status":"publish","type":"page","link":"https:\/\/www.lassebacklund.fi\/?page_id=6087","title":{"rendered":"Dahlroos g\u00e5rd p\u00e5 Lillsj\u00f6v\u00e4gen 329"},"content":{"rendered":"<figure id=\"attachment_6079\" aria-describedby=\"caption-attachment-6079\" style=\"width: 1408px\" class=\"wp-caption aligncenter\"><img loading=\"lazy\" decoding=\"async\" class=\"size-full wp-image-6079\" src=\"http:\/\/www.lassebacklund.fi\/wp-content\/uploads\/2017\/09\/1-4.jpg\" alt=\"Huset fotograferat 2017 fr\u00e5n Lillsj\u00f6v\u00e4gen.\" width=\"1408\" height=\"1056\" srcset=\"https:\/\/www.lassebacklund.fi\/wp-content\/uploads\/2017\/09\/1-4.jpg 1408w, https:\/\/www.lassebacklund.fi\/wp-content\/uploads\/2017\/09\/1-4-300x225.jpg 300w, https:\/\/www.lassebacklund.fi\/wp-content\/uploads\/2017\/09\/1-4-768x576.jpg 768w, https:\/\/www.lassebacklund.fi\/wp-content\/uploads\/2017\/09\/1-4-1024x768.jpg 1024w\" sizes=\"auto, (max-width: 1408px) 100vw, 1408px\" \/><figcaption id=\"caption-attachment-6079\" class=\"wp-caption-text\">Huset fotograferat 2017 fr\u00e5n Lillsj\u00f6v\u00e4gen.<\/figcaption><\/figure>\n<p><strong><span style=\"color: #000080;\">Sammanst\u00e4llt av Lasse Backlund 2017, med hj\u00e4lp av Lasse Dahlroos. Om du vill l\u00e4sa en tidningsartikel om Otto fr\u00e5n \u00e5r 1990, s\u00e5 skall du klicka <a href=\"http:\/\/www.lassebacklund.fi\/?page_id=14958\"><span style=\"text-decoration: underline;\">H\u00c4R!<\/span><\/a><\/span><\/strong><\/p>\n<p>Den h\u00e4r g\u00e5rden byggdes av Otto och Sylvia Dahlroos under \u00e5ren 1945-47. Otto Dahlroos (1923-1992) var son till Josef Lillsj\u00f6, senare Dahlroos (1893-1973) och Alma (f. Bj\u00f6rklund 1899-1990) medan Sylvia (1923-2004) var dotter till Vilhelm Hultqvist (f. Storsj\u00f6 1887-1947) och Paulina (f. V\u00e4lim\u00e4ki 1888-1978). Sylvia v\u00e4xte upp och bodde i Lilltm\u00e5san i Perus tills hon i april 1945 gifte sig med Otto.<\/p>\n<p>Otto och Sylvia fick 11 barn, varav 9 fortfarande lever.<\/p>\n<p>Otto var bonde p\u00e5 en del av Dahlroos hemmanet men eftersom det var relativt litet, s\u00e5 livn\u00e4rde han sig och sin stora familj som smed i Lillsj\u00f6. Han var k\u00e4nd som den som klarade av det mesta inom branschen, allt fr\u00e5n att tillverka plogbillar till potatisl\u00e5dv\u00e4ndare att s\u00e4tta p\u00e5 truckar.<\/p>\n<figure id=\"attachment_6080\" aria-describedby=\"caption-attachment-6080\" style=\"width: 1386px\" class=\"wp-caption aligncenter\"><img loading=\"lazy\" decoding=\"async\" class=\"size-full wp-image-6080\" src=\"http:\/\/www.lassebacklund.fi\/wp-content\/uploads\/2017\/09\/2-3.jpg\" alt=\"S\u00e5 h\u00e4r ser Ottos smedja ut idag.\" width=\"1386\" height=\"1039\" srcset=\"https:\/\/www.lassebacklund.fi\/wp-content\/uploads\/2017\/09\/2-3.jpg 1386w, https:\/\/www.lassebacklund.fi\/wp-content\/uploads\/2017\/09\/2-3-300x225.jpg 300w, https:\/\/www.lassebacklund.fi\/wp-content\/uploads\/2017\/09\/2-3-768x576.jpg 768w, https:\/\/www.lassebacklund.fi\/wp-content\/uploads\/2017\/09\/2-3-1024x768.jpg 1024w\" sizes=\"auto, (max-width: 1386px) 100vw, 1386px\" \/><figcaption id=\"caption-attachment-6080\" class=\"wp-caption-text\">S\u00e5 h\u00e4r ser Ottos smedja ut idag.<\/figcaption><\/figure>\n<p>Ottos far Josef var en mycket h\u00e4ndig snickare, som kunde g\u00f6ra det mesta av tr\u00e4, allt fr\u00e5n k\u00f6ksstolar till st\u00f6ttingar och han hade sitt snickeri bakom uthusen d\u00e4r hemma. Eftersom Otto mera arbetade med metall s\u00e5 byggde han den h\u00e4r smedjan bredvid Josefs snickeri. Otto byggde allts\u00e5 sin smedja bakom uthusen p\u00e5 hemg\u00e5rden p\u00e5 Lillsj\u00f6v\u00e4gen 353 men p\u00e5 80-talet drogs den iv\u00e4g med traktorer och placerades p\u00e5 hans egen g\u00e5rdsplan, d\u00e4r den fortfarande st\u00e5r.<\/p>\n<p>N\u00e4r f\u00e4huset t\u00f6mdes p\u00e5 djur, s\u00e5 togs det i bruk som smedja eftersom d\u00e4r fanns mera utrymme. Den gamla smedjan byggdes d\u00e5 om till bastu men \u00e4r inte l\u00e4ngre i bruk. Ottos hemman i Lillsj\u00f6 har \u00f6vertagits av grannen Berglund, som f\u00f6r n\u00e4rvarande \u00e4r den enda bonden i Lillsj\u00f6.<\/p>\n<p>N\u00e4r Otto dog, s\u00e5 \u00f6vertogs g\u00e5rden av den yngsta sonen, som renoverade huset och byggde ut det med en st\u00f6rre farstukvist.<\/p>\n<figure id=\"attachment_6081\" aria-describedby=\"caption-attachment-6081\" style=\"width: 1386px\" class=\"wp-caption aligncenter\"><img loading=\"lazy\" decoding=\"async\" class=\"size-full wp-image-6081\" src=\"http:\/\/www.lassebacklund.fi\/wp-content\/uploads\/2017\/09\/3-4.jpg\" alt=\"Dahlroos fotograferad fr\u00e5n v\u00e4ster \u00e5r 2003.\" width=\"1386\" height=\"1040\" srcset=\"https:\/\/www.lassebacklund.fi\/wp-content\/uploads\/2017\/09\/3-4.jpg 1386w, https:\/\/www.lassebacklund.fi\/wp-content\/uploads\/2017\/09\/3-4-300x225.jpg 300w, https:\/\/www.lassebacklund.fi\/wp-content\/uploads\/2017\/09\/3-4-768x576.jpg 768w, https:\/\/www.lassebacklund.fi\/wp-content\/uploads\/2017\/09\/3-4-1024x768.jpg 1024w\" sizes=\"auto, (max-width: 1386px) 100vw, 1386px\" \/><figcaption id=\"caption-attachment-6081\" class=\"wp-caption-text\">Dahlroos fotograferad fr\u00e5n v\u00e4ster \u00e5r 2003.<\/figcaption><\/figure>\n<figure id=\"attachment_6082\" aria-describedby=\"caption-attachment-6082\" style=\"width: 200px\" class=\"wp-caption aligncenter\"><img loading=\"lazy\" decoding=\"async\" class=\" wp-image-6082\" src=\"http:\/\/www.lassebacklund.fi\/wp-content\/uploads\/2017\/09\/4-4.jpg\" alt=\"Otto Dahlroos i unga \u00e5r.\" width=\"200\" height=\"289\" srcset=\"https:\/\/www.lassebacklund.fi\/wp-content\/uploads\/2017\/09\/4-4.jpg 463w, https:\/\/www.lassebacklund.fi\/wp-content\/uploads\/2017\/09\/4-4-207x300.jpg 207w\" sizes=\"auto, (max-width: 200px) 100vw, 200px\" \/><figcaption id=\"caption-attachment-6082\" class=\"wp-caption-text\">Otto Dahlroos i unga \u00e5r.<\/figcaption><\/figure>\n<figure id=\"attachment_6083\" aria-describedby=\"caption-attachment-6083\" style=\"width: 708px\" class=\"wp-caption aligncenter\"><img loading=\"lazy\" decoding=\"async\" class=\"size-full wp-image-6083\" src=\"http:\/\/www.lassebacklund.fi\/wp-content\/uploads\/2017\/09\/5-3.jpg\" alt=\"P\u00e5 fotot fr\u00e5n mitten p\u00e5 60-talet st\u00e5r Elisabeth Dahlroos, senare Svensson med dottern Helena i famnen. Fram henne st\u00e5r de andra barnen Gunilla och Magnus. Mitt i bild st\u00e5r Sylvia med Lasse i famnen och framf\u00f6r st\u00e5r Carola, Ole och Elof. Till h\u00f6ger Otto med Saga i famnen.\" width=\"708\" height=\"499\" srcset=\"https:\/\/www.lassebacklund.fi\/wp-content\/uploads\/2017\/09\/5-3.jpg 708w, https:\/\/www.lassebacklund.fi\/wp-content\/uploads\/2017\/09\/5-3-300x211.jpg 300w\" sizes=\"auto, (max-width: 708px) 100vw, 708px\" \/><figcaption id=\"caption-attachment-6083\" class=\"wp-caption-text\">P\u00e5 fotot fr\u00e5n mitten p\u00e5 60-talet st\u00e5r Elisabeth Dahlroos, senare Svensson med dottern Helena i famnen. Fram henne st\u00e5r de andra barnen Gunilla och Magnus. Mitt i bild st\u00e5r Sylvia med Lasse i famnen och framf\u00f6r st\u00e5r Carola, Ole och Elof. Till h\u00f6ger Otto med Saga i famnen.<\/figcaption><\/figure>\n<figure id=\"attachment_6084\" aria-describedby=\"caption-attachment-6084\" style=\"width: 690px\" class=\"wp-caption aligncenter\"><img loading=\"lazy\" decoding=\"async\" class=\"size-full wp-image-6084\" src=\"http:\/\/www.lassebacklund.fi\/wp-content\/uploads\/2017\/09\/6-3.jpg\" alt=\"Sylvia och Otto Dahlroos med ungef\u00e4r h\u00e4lften av barnen.\" width=\"690\" height=\"462\" srcset=\"https:\/\/www.lassebacklund.fi\/wp-content\/uploads\/2017\/09\/6-3.jpg 690w, https:\/\/www.lassebacklund.fi\/wp-content\/uploads\/2017\/09\/6-3-300x201.jpg 300w\" sizes=\"auto, (max-width: 690px) 100vw, 690px\" \/><figcaption id=\"caption-attachment-6084\" class=\"wp-caption-text\">Sylvia och Otto Dahlroos med ungef\u00e4r h\u00e4lften av barnen.<\/figcaption><\/figure>\n<figure id=\"attachment_6085\" aria-describedby=\"caption-attachment-6085\" style=\"width: 1226px\" class=\"wp-caption aligncenter\"><img loading=\"lazy\" decoding=\"async\" class=\"size-full wp-image-6085\" src=\"http:\/\/www.lassebacklund.fi\/wp-content\/uploads\/2017\/09\/7-3.jpg\" alt=\"P\u00e5 Nils Bergmans foto h\u00e5ller Otto j\u00e4rnet i \u00e4ssjan med sonen Sixten hj\u00e4lper till. \" width=\"1226\" height=\"784\" srcset=\"https:\/\/www.lassebacklund.fi\/wp-content\/uploads\/2017\/09\/7-3.jpg 1226w, https:\/\/www.lassebacklund.fi\/wp-content\/uploads\/2017\/09\/7-3-300x192.jpg 300w, https:\/\/www.lassebacklund.fi\/wp-content\/uploads\/2017\/09\/7-3-768x491.jpg 768w, https:\/\/www.lassebacklund.fi\/wp-content\/uploads\/2017\/09\/7-3-1024x655.jpg 1024w\" sizes=\"auto, (max-width: 1226px) 100vw, 1226px\" \/><figcaption id=\"caption-attachment-6085\" class=\"wp-caption-text\">P\u00e5 Nils Bergmans foto h\u00e5ller Otto j\u00e4rnet i \u00e4ssjan med sonen Sixten hj\u00e4lper till.<\/figcaption><\/figure>\n<figure id=\"attachment_15116\" aria-describedby=\"caption-attachment-15116\" style=\"width: 873px\" class=\"wp-caption aligncenter\"><img loading=\"lazy\" decoding=\"async\" class=\"size-full wp-image-15116\" src=\"http:\/\/www.lassebacklund.fi\/wp-content\/uploads\/2019\/12\/Dahlroos-Otto-i-smedjan.jpg\" alt=\"\" width=\"873\" height=\"1203\" srcset=\"https:\/\/www.lassebacklund.fi\/wp-content\/uploads\/2019\/12\/Dahlroos-Otto-i-smedjan.jpg 873w, https:\/\/www.lassebacklund.fi\/wp-content\/uploads\/2019\/12\/Dahlroos-Otto-i-smedjan-218x300.jpg 218w, https:\/\/www.lassebacklund.fi\/wp-content\/uploads\/2019\/12\/Dahlroos-Otto-i-smedjan-768x1058.jpg 768w, https:\/\/www.lassebacklund.fi\/wp-content\/uploads\/2019\/12\/Dahlroos-Otto-i-smedjan-743x1024.jpg 743w\" sizes=\"auto, (max-width: 873px) 100vw, 873px\" \/><figcaption id=\"caption-attachment-15116\" class=\"wp-caption-text\">Det \u00e4r s\u00e5 h\u00e4r som de flesta minns smeden Otto, med t\u00e5ngen i ena handen och svetsen och masken i den andra.<\/figcaption><\/figure>\n<figure id=\"attachment_6086\" aria-describedby=\"caption-attachment-6086\" style=\"width: 991px\" class=\"wp-caption aligncenter\"><img loading=\"lazy\" decoding=\"async\" class=\"size-full wp-image-6086\" src=\"http:\/\/www.lassebacklund.fi\/wp-content\/uploads\/2017\/09\/Dahlroos-Sylvia-med-flera-barn.jpg\" alt=\"Sylvia Dahlroos med en del av barnen.\" width=\"991\" height=\"656\" srcset=\"https:\/\/www.lassebacklund.fi\/wp-content\/uploads\/2017\/09\/Dahlroos-Sylvia-med-flera-barn.jpg 991w, https:\/\/www.lassebacklund.fi\/wp-content\/uploads\/2017\/09\/Dahlroos-Sylvia-med-flera-barn-300x199.jpg 300w, https:\/\/www.lassebacklund.fi\/wp-content\/uploads\/2017\/09\/Dahlroos-Sylvia-med-flera-barn-768x508.jpg 768w\" sizes=\"auto, (max-width: 991px) 100vw, 991px\" \/><figcaption id=\"caption-attachment-6086\" class=\"wp-caption-text\">Sylvia Dahlroos med en del av barnen.<\/figcaption><\/figure>\n<figure id=\"attachment_15080\" aria-describedby=\"caption-attachment-15080\" style=\"width: 2492px\" class=\"wp-caption alignnone\"><img loading=\"lazy\" decoding=\"async\" class=\"size-full wp-image-15080\" src=\"http:\/\/www.lassebacklund.fi\/wp-content\/uploads\/2019\/12\/Hultqvist-Vilhelm-och-Paulina.jpg\" alt=\"\" width=\"2492\" height=\"1539\" srcset=\"https:\/\/www.lassebacklund.fi\/wp-content\/uploads\/2019\/12\/Hultqvist-Vilhelm-och-Paulina.jpg 2492w, https:\/\/www.lassebacklund.fi\/wp-content\/uploads\/2019\/12\/Hultqvist-Vilhelm-och-Paulina-300x185.jpg 300w, https:\/\/www.lassebacklund.fi\/wp-content\/uploads\/2019\/12\/Hultqvist-Vilhelm-och-Paulina-768x474.jpg 768w, https:\/\/www.lassebacklund.fi\/wp-content\/uploads\/2019\/12\/Hultqvist-Vilhelm-och-Paulina-1024x632.jpg 1024w\" sizes=\"auto, (max-width: 2492px) 100vw, 2492px\" \/><figcaption id=\"caption-attachment-15080\" class=\"wp-caption-text\">Sylvi Dahlroos\u00b4\u00a0 f\u00f6r\u00e4ldrar Paulina (1888-1978) och Vilhelm Hultqvist (1887-1947) som bodde avsides i Lilltm\u00e5san i Perus. Vilhelm, som kallades &#8221;Blom Ville&#8221; var son till Robert och Klara Storsj\u00f6 och han dog n\u00e4r han skulle v\u00e4nda plogen vid teg\u00e4ndan. Hustrun Paulina var f\u00f6dd i Vesij\u00e4rvi i Stor\u00e5 och var finskspr\u00e5kig men l\u00e4r ha pratat utm\u00e4rkt svenska.<\/figcaption><\/figure>\n<figure id=\"attachment_17328\" aria-describedby=\"caption-attachment-17328\" style=\"width: 496px\" class=\"wp-caption alignnone\"><img loading=\"lazy\" decoding=\"async\" class=\" wp-image-17328\" src=\"http:\/\/www.lassebacklund.fi\/wp-content\/uploads\/2020\/07\/Sylvia-1994-i-KT-inf\u00f6r-Mors-dag.jpg\" alt=\"\" width=\"496\" height=\"352\" srcset=\"https:\/\/www.lassebacklund.fi\/wp-content\/uploads\/2020\/07\/Sylvia-1994-i-KT-inf\u00f6r-Mors-dag.jpg 1706w, https:\/\/www.lassebacklund.fi\/wp-content\/uploads\/2020\/07\/Sylvia-1994-i-KT-inf\u00f6r-Mors-dag-300x213.jpg 300w, https:\/\/www.lassebacklund.fi\/wp-content\/uploads\/2020\/07\/Sylvia-1994-i-KT-inf\u00f6r-Mors-dag-1024x726.jpg 1024w, https:\/\/www.lassebacklund.fi\/wp-content\/uploads\/2020\/07\/Sylvia-1994-i-KT-inf\u00f6r-Mors-dag-768x545.jpg 768w, https:\/\/www.lassebacklund.fi\/wp-content\/uploads\/2020\/07\/Sylvia-1994-i-KT-inf\u00f6r-Mors-dag-1536x1089.jpg 1536w\" sizes=\"auto, (max-width: 496px) 100vw, 496px\" \/><figcaption id=\"caption-attachment-17328\" class=\"wp-caption-text\">Inf\u00f6r Mors dag \u00e5r 1994 publicerade Kristinestads Tidning en artikel med Sylvia Dahlroos med anledning av hennes 10 barn. &#8221;Visst har det varit tungt ibland, men de har ocks\u00e5 gett mig s\u00e5 mycket&#8221; sade hon och uppmanade familjerna att skaffa flera barn. Att bo i Lillsj\u00f6 gick hur bra som helst, eftersom det bara \u00e4r n\u00e5gra kilometer ner till byn.<\/figcaption><\/figure>\n","protected":false},"excerpt":{"rendered":"<p>Sammanst\u00e4llt av Lasse Backlund 2017, med hj\u00e4lp av Lasse Dahlroos. Om du vill l\u00e4sa en tidningsartikel om Otto fr\u00e5n \u00e5r 1990, s\u00e5 skall du klicka H\u00c4R! Den h\u00e4r g\u00e5rden byggdes av Otto och Sylvia Dahlroos under \u00e5ren 1945-47. Otto Dahlroos <a class=\"more-link\" href=\"https:\/\/www.lassebacklund.fi\/?page_id=6087\">Forts\u00e4tt l\u00e4sa <span class=\"screen-reader-text\">  Dahlroos g\u00e5rd p\u00e5 Lillsj\u00f6v\u00e4gen 329<\/span><span class=\"meta-nav\">&rarr;<\/span><\/a><\/p>\n","protected":false},"author":1,"featured_media":0,"parent":78,"menu_order":329,"comment_status":"closed","ping_status":"closed","template":"","meta":{"footnotes":""},"class_list":["post-6087","page","type-page","status-publish","hentry"],"_links":{"self":[{"href":"https:\/\/www.lassebacklund.fi\/index.php?rest_route=\/wp\/v2\/pages\/6087","targetHints":{"allow":["GET"]}}],"collection":[{"href":"https:\/\/www.lassebacklund.fi\/index.php?rest_route=\/wp\/v2\/pages"}],"about":[{"href":"https:\/\/www.lassebacklund.fi\/index.php?rest_route=\/wp\/v2\/types\/page"}],"author":[{"embeddable":true,"href":"https:\/\/www.lassebacklund.fi\/index.php?rest_route=\/wp\/v2\/users\/1"}],"replies":[{"embeddable":true,"href":"https:\/\/www.lassebacklund.fi\/index.php?rest_route=%2Fwp%2Fv2%2Fcomments&post=6087"}],"version-history":[{"count":10,"href":"https:\/\/www.lassebacklund.fi\/index.php?rest_route=\/wp\/v2\/pages\/6087\/revisions"}],"predecessor-version":[{"id":24854,"href":"https:\/\/www.lassebacklund.fi\/index.php?rest_route=\/wp\/v2\/pages\/6087\/revisions\/24854"}],"up":[{"embeddable":true,"href":"https:\/\/www.lassebacklund.fi\/index.php?rest_route=\/wp\/v2\/pages\/78"}],"wp:attachment":[{"href":"https:\/\/www.lassebacklund.fi\/index.php?rest_route=%2Fwp%2Fv2%2Fmedia&parent=6087"}],"curies":[{"name":"wp","href":"https:\/\/api.w.org\/{rel}","templated":true}]}}