{"id":5994,"date":"2017-09-25T20:38:42","date_gmt":"2017-09-25T18:38:42","guid":{"rendered":"http:\/\/www.lassebacklund.fi\/?page_id=5994"},"modified":"2025-07-24T23:08:09","modified_gmt":"2025-07-24T20:08:09","slug":"slaktnamn-som-borjar-pa-e","status":"publish","type":"page","link":"https:\/\/www.lassebacklund.fi\/?page_id=5994","title":{"rendered":"Sl\u00e4ktnamn som b\u00f6rjar p\u00e5 E."},"content":{"rendered":"<p><img loading=\"lazy\" decoding=\"async\" class=\"alignnone size-full wp-image-5996\" src=\"http:\/\/www.lassebacklund.fi\/wp-content\/uploads\/2017\/09\/Ekberg-Erik-Johan.jpg\" alt=\"Ekberg Erik Johan\" width=\"1697\" height=\"1433\" srcset=\"https:\/\/www.lassebacklund.fi\/wp-content\/uploads\/2017\/09\/Ekberg-Erik-Johan.jpg 1697w, https:\/\/www.lassebacklund.fi\/wp-content\/uploads\/2017\/09\/Ekberg-Erik-Johan-300x253.jpg 300w, https:\/\/www.lassebacklund.fi\/wp-content\/uploads\/2017\/09\/Ekberg-Erik-Johan-768x649.jpg 768w, https:\/\/www.lassebacklund.fi\/wp-content\/uploads\/2017\/09\/Ekberg-Erik-Johan-1024x865.jpg 1024w\" sizes=\"auto, (max-width: 1697px) 100vw, 1697px\" \/><\/p>\n<p><img loading=\"lazy\" decoding=\"async\" class=\"alignnone size-full wp-image-5997\" src=\"http:\/\/www.lassebacklund.fi\/wp-content\/uploads\/2017\/09\/Ekberg-Fia-Anna-Sofia.jpg\" alt=\"Ekberg Fia, Anna Sofia\" width=\"1976\" height=\"1426\" srcset=\"https:\/\/www.lassebacklund.fi\/wp-content\/uploads\/2017\/09\/Ekberg-Fia-Anna-Sofia.jpg 1976w, https:\/\/www.lassebacklund.fi\/wp-content\/uploads\/2017\/09\/Ekberg-Fia-Anna-Sofia-300x216.jpg 300w, https:\/\/www.lassebacklund.fi\/wp-content\/uploads\/2017\/09\/Ekberg-Fia-Anna-Sofia-768x554.jpg 768w, https:\/\/www.lassebacklund.fi\/wp-content\/uploads\/2017\/09\/Ekberg-Fia-Anna-Sofia-1024x739.jpg 1024w\" sizes=\"auto, (max-width: 1976px) 100vw, 1976px\" \/><\/p>\n<p><img loading=\"lazy\" decoding=\"async\" class=\"alignnone size-full wp-image-22943\" src=\"https:\/\/www.lassebacklund.fi\/wp-content\/uploads\/2024\/06\/Ekholm-Valma.jpg\" alt=\"\" width=\"860\" height=\"638\" srcset=\"https:\/\/www.lassebacklund.fi\/wp-content\/uploads\/2024\/06\/Ekholm-Valma.jpg 860w, https:\/\/www.lassebacklund.fi\/wp-content\/uploads\/2024\/06\/Ekholm-Valma-300x223.jpg 300w, https:\/\/www.lassebacklund.fi\/wp-content\/uploads\/2024\/06\/Ekholm-Valma-768x570.jpg 768w\" sizes=\"auto, (max-width: 860px) 100vw, 860px\" \/><\/p>\n<p><img loading=\"lazy\" decoding=\"async\" class=\"alignnone size-full wp-image-5998\" src=\"http:\/\/www.lassebacklund.fi\/wp-content\/uploads\/2017\/09\/Eklund-Adele.jpg\" alt=\"Eklund Adele\" width=\"1892\" height=\"1265\" srcset=\"https:\/\/www.lassebacklund.fi\/wp-content\/uploads\/2017\/09\/Eklund-Adele.jpg 1892w, https:\/\/www.lassebacklund.fi\/wp-content\/uploads\/2017\/09\/Eklund-Adele-300x201.jpg 300w, https:\/\/www.lassebacklund.fi\/wp-content\/uploads\/2017\/09\/Eklund-Adele-768x513.jpg 768w, https:\/\/www.lassebacklund.fi\/wp-content\/uploads\/2017\/09\/Eklund-Adele-1024x685.jpg 1024w\" sizes=\"auto, (max-width: 1892px) 100vw, 1892px\" \/><\/p>\n<p><img loading=\"lazy\" decoding=\"async\" class=\"alignnone size-full wp-image-5999\" src=\"http:\/\/www.lassebacklund.fi\/wp-content\/uploads\/2017\/09\/Eklund-Aina.jpg\" alt=\"Eklund Aina\" width=\"1866\" height=\"930\" srcset=\"https:\/\/www.lassebacklund.fi\/wp-content\/uploads\/2017\/09\/Eklund-Aina.jpg 1866w, https:\/\/www.lassebacklund.fi\/wp-content\/uploads\/2017\/09\/Eklund-Aina-300x150.jpg 300w, https:\/\/www.lassebacklund.fi\/wp-content\/uploads\/2017\/09\/Eklund-Aina-768x383.jpg 768w, https:\/\/www.lassebacklund.fi\/wp-content\/uploads\/2017\/09\/Eklund-Aina-1024x510.jpg 1024w, https:\/\/www.lassebacklund.fi\/wp-content\/uploads\/2017\/09\/Eklund-Aina-640x318.jpg 640w\" sizes=\"auto, (max-width: 1866px) 100vw, 1866px\" \/><\/p>\n<p><img loading=\"lazy\" decoding=\"async\" class=\"alignnone wp-image-6000\" src=\"http:\/\/www.lassebacklund.fi\/wp-content\/uploads\/2017\/09\/Eklund-Alice.jpg\" alt=\"Eklund Alice\" width=\"609\" height=\"393\" \/><\/p>\n<p><img loading=\"lazy\" decoding=\"async\" class=\"alignnone size-full wp-image-6001\" src=\"http:\/\/www.lassebacklund.fi\/wp-content\/uploads\/2017\/09\/Eklund-Emil.jpg\" alt=\"Eklund Emil\" width=\"2356\" height=\"922\" srcset=\"https:\/\/www.lassebacklund.fi\/wp-content\/uploads\/2017\/09\/Eklund-Emil.jpg 2356w, https:\/\/www.lassebacklund.fi\/wp-content\/uploads\/2017\/09\/Eklund-Emil-300x117.jpg 300w, https:\/\/www.lassebacklund.fi\/wp-content\/uploads\/2017\/09\/Eklund-Emil-768x301.jpg 768w, https:\/\/www.lassebacklund.fi\/wp-content\/uploads\/2017\/09\/Eklund-Emil-1024x401.jpg 1024w\" sizes=\"auto, (max-width: 2356px) 100vw, 2356px\" \/><\/p>\n<p><img loading=\"lazy\" decoding=\"async\" class=\"alignnone size-full wp-image-6002\" src=\"http:\/\/www.lassebacklund.fi\/wp-content\/uploads\/2017\/09\/Eklund-Frans.jpg\" alt=\"Eklund Frans\" width=\"2401\" height=\"1496\" srcset=\"https:\/\/www.lassebacklund.fi\/wp-content\/uploads\/2017\/09\/Eklund-Frans.jpg 2401w, https:\/\/www.lassebacklund.fi\/wp-content\/uploads\/2017\/09\/Eklund-Frans-300x187.jpg 300w, https:\/\/www.lassebacklund.fi\/wp-content\/uploads\/2017\/09\/Eklund-Frans-768x479.jpg 768w, https:\/\/www.lassebacklund.fi\/wp-content\/uploads\/2017\/09\/Eklund-Frans-1024x638.jpg 1024w\" sizes=\"auto, (max-width: 2401px) 100vw, 2401px\" \/><\/p>\n<p><img loading=\"lazy\" decoding=\"async\" class=\"alignnone wp-image-6003\" src=\"http:\/\/www.lassebacklund.fi\/wp-content\/uploads\/2017\/09\/Eklund-Hulda-Maria.jpg\" alt=\"Eklund Hulda Maria\" width=\"718\" height=\"465\" \/><\/p>\n<p><img loading=\"lazy\" decoding=\"async\" class=\"alignnone wp-image-6004\" src=\"http:\/\/www.lassebacklund.fi\/wp-content\/uploads\/2017\/09\/Eklund-Nils.jpg\" alt=\"Eklund Nils\" width=\"799\" height=\"844\" srcset=\"https:\/\/www.lassebacklund.fi\/wp-content\/uploads\/2017\/09\/Eklund-Nils.jpg 1164w, https:\/\/www.lassebacklund.fi\/wp-content\/uploads\/2017\/09\/Eklund-Nils-284x300.jpg 284w, https:\/\/www.lassebacklund.fi\/wp-content\/uploads\/2017\/09\/Eklund-Nils-768x812.jpg 768w, https:\/\/www.lassebacklund.fi\/wp-content\/uploads\/2017\/09\/Eklund-Nils-968x1024.jpg 968w\" sizes=\"auto, (max-width: 799px) 100vw, 799px\" \/><\/p>\n<p><img loading=\"lazy\" decoding=\"async\" class=\"alignnone wp-image-6005\" src=\"http:\/\/www.lassebacklund.fi\/wp-content\/uploads\/2017\/09\/Eklund-Ragni-Viola.jpg\" alt=\"Eklund Ragni Viola\" width=\"602\" height=\"604\" srcset=\"https:\/\/www.lassebacklund.fi\/wp-content\/uploads\/2017\/09\/Eklund-Ragni-Viola.jpg 1282w, https:\/\/www.lassebacklund.fi\/wp-content\/uploads\/2017\/09\/Eklund-Ragni-Viola-150x150.jpg 150w, https:\/\/www.lassebacklund.fi\/wp-content\/uploads\/2017\/09\/Eklund-Ragni-Viola-300x300.jpg 300w, https:\/\/www.lassebacklund.fi\/wp-content\/uploads\/2017\/09\/Eklund-Ragni-Viola-768x770.jpg 768w, https:\/\/www.lassebacklund.fi\/wp-content\/uploads\/2017\/09\/Eklund-Ragni-Viola-1021x1024.jpg 1021w\" sizes=\"auto, (max-width: 602px) 100vw, 602px\" \/><\/p>\n<p><img loading=\"lazy\" decoding=\"async\" class=\"alignnone wp-image-6006\" src=\"http:\/\/www.lassebacklund.fi\/wp-content\/uploads\/2017\/09\/Eklund-Selim.jpg\" alt=\"Eklund Selim\" width=\"654\" height=\"614\" srcset=\"https:\/\/www.lassebacklund.fi\/wp-content\/uploads\/2017\/09\/Eklund-Selim.jpg 1341w, https:\/\/www.lassebacklund.fi\/wp-content\/uploads\/2017\/09\/Eklund-Selim-300x281.jpg 300w, https:\/\/www.lassebacklund.fi\/wp-content\/uploads\/2017\/09\/Eklund-Selim-768x720.jpg 768w, https:\/\/www.lassebacklund.fi\/wp-content\/uploads\/2017\/09\/Eklund-Selim-1024x960.jpg 1024w\" sizes=\"auto, (max-width: 654px) 100vw, 654px\" \/><\/p>\n<p><img loading=\"lazy\" decoding=\"async\" class=\"alignnone wp-image-6007\" src=\"http:\/\/www.lassebacklund.fi\/wp-content\/uploads\/2017\/09\/Eklund-Ture.jpg\" alt=\"Eklund Ture\" width=\"541\" height=\"466\" srcset=\"https:\/\/www.lassebacklund.fi\/wp-content\/uploads\/2017\/09\/Eklund-Ture.jpg 1437w, https:\/\/www.lassebacklund.fi\/wp-content\/uploads\/2017\/09\/Eklund-Ture-300x258.jpg 300w, https:\/\/www.lassebacklund.fi\/wp-content\/uploads\/2017\/09\/Eklund-Ture-768x660.jpg 768w, https:\/\/www.lassebacklund.fi\/wp-content\/uploads\/2017\/09\/Eklund-Ture-1024x880.jpg 1024w\" sizes=\"auto, (max-width: 541px) 100vw, 541px\" \/><\/p>\n<p><img loading=\"lazy\" decoding=\"async\" class=\"alignnone size-full wp-image-6008\" src=\"http:\/\/www.lassebacklund.fi\/wp-content\/uploads\/2017\/09\/Eklund-Vendla-Maria.jpg\" alt=\"Eklund Vendla Maria\" width=\"1566\" height=\"1305\" srcset=\"https:\/\/www.lassebacklund.fi\/wp-content\/uploads\/2017\/09\/Eklund-Vendla-Maria.jpg 1566w, https:\/\/www.lassebacklund.fi\/wp-content\/uploads\/2017\/09\/Eklund-Vendla-Maria-300x250.jpg 300w, https:\/\/www.lassebacklund.fi\/wp-content\/uploads\/2017\/09\/Eklund-Vendla-Maria-768x640.jpg 768w, https:\/\/www.lassebacklund.fi\/wp-content\/uploads\/2017\/09\/Eklund-Vendla-Maria-1024x853.jpg 1024w\" sizes=\"auto, (max-width: 1566px) 100vw, 1566px\" \/><\/p>\n<p><img loading=\"lazy\" decoding=\"async\" class=\"alignnone wp-image-6009\" src=\"http:\/\/www.lassebacklund.fi\/wp-content\/uploads\/2017\/09\/Eklund-Viktor.jpg\" alt=\"Eklund Viktor\" width=\"682\" height=\"646\" srcset=\"https:\/\/www.lassebacklund.fi\/wp-content\/uploads\/2017\/09\/Eklund-Viktor.jpg 1324w, https:\/\/www.lassebacklund.fi\/wp-content\/uploads\/2017\/09\/Eklund-Viktor-300x284.jpg 300w, https:\/\/www.lassebacklund.fi\/wp-content\/uploads\/2017\/09\/Eklund-Viktor-768x726.jpg 768w, https:\/\/www.lassebacklund.fi\/wp-content\/uploads\/2017\/09\/Eklund-Viktor-1024x968.jpg 1024w\" sizes=\"auto, (max-width: 682px) 100vw, 682px\" \/><\/p>\n<p><img loading=\"lazy\" decoding=\"async\" class=\"alignnone size-full wp-image-19928\" src=\"https:\/\/www.lassebacklund.fi\/wp-content\/uploads\/2021\/03\/Enberg-Jorma.jpg\" alt=\"\" width=\"762\" height=\"677\" srcset=\"https:\/\/www.lassebacklund.fi\/wp-content\/uploads\/2021\/03\/Enberg-Jorma.jpg 762w, https:\/\/www.lassebacklund.fi\/wp-content\/uploads\/2021\/03\/Enberg-Jorma-300x267.jpg 300w\" sizes=\"auto, (max-width: 762px) 100vw, 762px\" \/><\/p>\n<p><img loading=\"lazy\" decoding=\"async\" class=\"alignnone wp-image-6010\" src=\"http:\/\/www.lassebacklund.fi\/wp-content\/uploads\/2017\/09\/Englund-Amanda.jpg\" alt=\"Englund Amanda\" width=\"595\" height=\"768\" \/><\/p>\n<p><img loading=\"lazy\" decoding=\"async\" class=\"alignnone wp-image-6011\" src=\"http:\/\/www.lassebacklund.fi\/wp-content\/uploads\/2017\/09\/Englund-Anna-Greta.jpg\" alt=\"Englund Anna Greta\" width=\"627\" height=\"574\" srcset=\"https:\/\/www.lassebacklund.fi\/wp-content\/uploads\/2017\/09\/Englund-Anna-Greta.jpg 1150w, https:\/\/www.lassebacklund.fi\/wp-content\/uploads\/2017\/09\/Englund-Anna-Greta-300x274.jpg 300w, https:\/\/www.lassebacklund.fi\/wp-content\/uploads\/2017\/09\/Englund-Anna-Greta-768x702.jpg 768w, https:\/\/www.lassebacklund.fi\/wp-content\/uploads\/2017\/09\/Englund-Anna-Greta-1024x936.jpg 1024w\" sizes=\"auto, (max-width: 627px) 100vw, 627px\" \/><\/p>\n<p><img loading=\"lazy\" decoding=\"async\" class=\"alignnone size-full wp-image-6012\" src=\"http:\/\/www.lassebacklund.fi\/wp-content\/uploads\/2017\/09\/Englund-Erik-Anders.jpg\" alt=\"Englund Erik Anders\" width=\"2610\" height=\"1172\" srcset=\"https:\/\/www.lassebacklund.fi\/wp-content\/uploads\/2017\/09\/Englund-Erik-Anders.jpg 2610w, https:\/\/www.lassebacklund.fi\/wp-content\/uploads\/2017\/09\/Englund-Erik-Anders-300x135.jpg 300w, https:\/\/www.lassebacklund.fi\/wp-content\/uploads\/2017\/09\/Englund-Erik-Anders-768x345.jpg 768w, https:\/\/www.lassebacklund.fi\/wp-content\/uploads\/2017\/09\/Englund-Erik-Anders-1024x460.jpg 1024w\" sizes=\"auto, (max-width: 2610px) 100vw, 2610px\" \/><img loading=\"lazy\" decoding=\"async\" class=\"alignnone size-full wp-image-6013\" src=\"http:\/\/www.lassebacklund.fi\/wp-content\/uploads\/2017\/09\/Englund-Estrid.jpg\" alt=\"Englund Estrid\" width=\"2408\" height=\"952\" srcset=\"https:\/\/www.lassebacklund.fi\/wp-content\/uploads\/2017\/09\/Englund-Estrid.jpg 2408w, https:\/\/www.lassebacklund.fi\/wp-content\/uploads\/2017\/09\/Englund-Estrid-300x119.jpg 300w, https:\/\/www.lassebacklund.fi\/wp-content\/uploads\/2017\/09\/Englund-Estrid-768x304.jpg 768w, https:\/\/www.lassebacklund.fi\/wp-content\/uploads\/2017\/09\/Englund-Estrid-1024x405.jpg 1024w\" sizes=\"auto, (max-width: 2408px) 100vw, 2408px\" \/><\/p>\n<p><img loading=\"lazy\" decoding=\"async\" class=\"alignnone wp-image-6014\" src=\"http:\/\/www.lassebacklund.fi\/wp-content\/uploads\/2017\/09\/Englund-Gerda.jpg\" alt=\"Englund Gerda\" width=\"528\" height=\"329\" \/><\/p>\n<p>&nbsp;<\/p>\n<p><img loading=\"lazy\" decoding=\"async\" class=\"alignnone wp-image-6016\" src=\"http:\/\/www.lassebacklund.fi\/wp-content\/uploads\/2017\/09\/Englund-Helga.jpg\" alt=\"Englund Helga\" width=\"562\" height=\"522\" srcset=\"https:\/\/www.lassebacklund.fi\/wp-content\/uploads\/2017\/09\/Englund-Helga.jpg 1569w, https:\/\/www.lassebacklund.fi\/wp-content\/uploads\/2017\/09\/Englund-Helga-300x278.jpg 300w, https:\/\/www.lassebacklund.fi\/wp-content\/uploads\/2017\/09\/Englund-Helga-768x713.jpg 768w, https:\/\/www.lassebacklund.fi\/wp-content\/uploads\/2017\/09\/Englund-Helga-1024x950.jpg 1024w\" sizes=\"auto, (max-width: 562px) 100vw, 562px\" \/><\/p>\n<p><img loading=\"lazy\" decoding=\"async\" class=\"alignnone size-full wp-image-6017\" src=\"http:\/\/www.lassebacklund.fi\/wp-content\/uploads\/2017\/09\/Englund-Inga.jpg\" alt=\"Englund Inga\" width=\"2314\" height=\"894\" srcset=\"https:\/\/www.lassebacklund.fi\/wp-content\/uploads\/2017\/09\/Englund-Inga.jpg 2314w, https:\/\/www.lassebacklund.fi\/wp-content\/uploads\/2017\/09\/Englund-Inga-300x116.jpg 300w, https:\/\/www.lassebacklund.fi\/wp-content\/uploads\/2017\/09\/Englund-Inga-768x297.jpg 768w, https:\/\/www.lassebacklund.fi\/wp-content\/uploads\/2017\/09\/Englund-Inga-1024x396.jpg 1024w\" sizes=\"auto, (max-width: 2314px) 100vw, 2314px\" \/><\/p>\n<p><img loading=\"lazy\" decoding=\"async\" class=\"alignnone size-full wp-image-23248\" src=\"https:\/\/www.lassebacklund.fi\/wp-content\/uploads\/2024\/10\/Englund-Paul.jpg\" alt=\"\" width=\"1010\" height=\"661\" srcset=\"https:\/\/www.lassebacklund.fi\/wp-content\/uploads\/2024\/10\/Englund-Paul.jpg 1010w, https:\/\/www.lassebacklund.fi\/wp-content\/uploads\/2024\/10\/Englund-Paul-300x196.jpg 300w, https:\/\/www.lassebacklund.fi\/wp-content\/uploads\/2024\/10\/Englund-Paul-768x503.jpg 768w\" sizes=\"auto, (max-width: 1010px) 100vw, 1010px\" \/><\/p>\n<p><img loading=\"lazy\" decoding=\"async\" class=\"alignnone size-full wp-image-24374\" src=\"https:\/\/www.lassebacklund.fi\/wp-content\/uploads\/2025\/07\/Enkulla-Signhild-och-Bjarne-scaled.jpg\" alt=\"\" width=\"2560\" height=\"1491\" srcset=\"https:\/\/www.lassebacklund.fi\/wp-content\/uploads\/2025\/07\/Enkulla-Signhild-och-Bjarne-scaled.jpg 2560w, https:\/\/www.lassebacklund.fi\/wp-content\/uploads\/2025\/07\/Enkulla-Signhild-och-Bjarne-300x175.jpg 300w, https:\/\/www.lassebacklund.fi\/wp-content\/uploads\/2025\/07\/Enkulla-Signhild-och-Bjarne-1024x596.jpg 1024w, https:\/\/www.lassebacklund.fi\/wp-content\/uploads\/2025\/07\/Enkulla-Signhild-och-Bjarne-768x447.jpg 768w, https:\/\/www.lassebacklund.fi\/wp-content\/uploads\/2025\/07\/Enkulla-Signhild-och-Bjarne-1536x895.jpg 1536w, https:\/\/www.lassebacklund.fi\/wp-content\/uploads\/2025\/07\/Enkulla-Signhild-och-Bjarne-2048x1193.jpg 2048w\" sizes=\"auto, (max-width: 2560px) 100vw, 2560px\" \/><\/p>\n<p><img loading=\"lazy\" decoding=\"async\" class=\"alignnone size-full wp-image-21445\" src=\"https:\/\/www.lassebacklund.fi\/wp-content\/uploads\/2021\/12\/Eriksberg-Siv.jpg\" alt=\"\" width=\"1016\" height=\"665\" srcset=\"https:\/\/www.lassebacklund.fi\/wp-content\/uploads\/2021\/12\/Eriksberg-Siv.jpg 1016w, https:\/\/www.lassebacklund.fi\/wp-content\/uploads\/2021\/12\/Eriksberg-Siv-300x196.jpg 300w, https:\/\/www.lassebacklund.fi\/wp-content\/uploads\/2021\/12\/Eriksberg-Siv-768x503.jpg 768w\" sizes=\"auto, (max-width: 1016px) 100vw, 1016px\" \/><\/p>\n<p><img loading=\"lazy\" decoding=\"async\" class=\"alignnone size-full wp-image-21152\" src=\"https:\/\/www.lassebacklund.fi\/wp-content\/uploads\/2021\/06\/Eriksson-Else-Gronlund-2.jpg\" alt=\"\" width=\"712\" height=\"625\" srcset=\"https:\/\/www.lassebacklund.fi\/wp-content\/uploads\/2021\/06\/Eriksson-Else-Gronlund-2.jpg 712w, https:\/\/www.lassebacklund.fi\/wp-content\/uploads\/2021\/06\/Eriksson-Else-Gronlund-2-300x263.jpg 300w\" sizes=\"auto, (max-width: 712px) 100vw, 712px\" \/><\/p>\n<p><img loading=\"lazy\" decoding=\"async\" class=\"alignnone size-full wp-image-6018\" src=\"http:\/\/www.lassebacklund.fi\/wp-content\/uploads\/2017\/09\/Eskola-Alvar.jpg\" alt=\"Eskola Alvar\" width=\"2319\" height=\"934\" srcset=\"https:\/\/www.lassebacklund.fi\/wp-content\/uploads\/2017\/09\/Eskola-Alvar.jpg 2319w, https:\/\/www.lassebacklund.fi\/wp-content\/uploads\/2017\/09\/Eskola-Alvar-300x121.jpg 300w, https:\/\/www.lassebacklund.fi\/wp-content\/uploads\/2017\/09\/Eskola-Alvar-768x309.jpg 768w, https:\/\/www.lassebacklund.fi\/wp-content\/uploads\/2017\/09\/Eskola-Alvar-1024x412.jpg 1024w\" sizes=\"auto, (max-width: 2319px) 100vw, 2319px\" \/><\/p>\n<p><img loading=\"lazy\" decoding=\"async\" class=\"alignnone size-full wp-image-6019\" src=\"http:\/\/www.lassebacklund.fi\/wp-content\/uploads\/2017\/09\/Eskola-Elin.jpg\" alt=\"Eskola Elin\" width=\"1331\" height=\"707\" srcset=\"https:\/\/www.lassebacklund.fi\/wp-content\/uploads\/2017\/09\/Eskola-Elin.jpg 1331w, https:\/\/www.lassebacklund.fi\/wp-content\/uploads\/2017\/09\/Eskola-Elin-300x159.jpg 300w, https:\/\/www.lassebacklund.fi\/wp-content\/uploads\/2017\/09\/Eskola-Elin-768x408.jpg 768w, https:\/\/www.lassebacklund.fi\/wp-content\/uploads\/2017\/09\/Eskola-Elin-1024x544.jpg 1024w\" sizes=\"auto, (max-width: 1331px) 100vw, 1331px\" \/><\/p>\n<p><img loading=\"lazy\" decoding=\"async\" class=\"alignnone size-full wp-image-6020\" src=\"http:\/\/www.lassebacklund.fi\/wp-content\/uploads\/2017\/09\/Eskola-Gerda.jpg\" alt=\"Eskola Gerda\" width=\"2428\" height=\"1185\" srcset=\"https:\/\/www.lassebacklund.fi\/wp-content\/uploads\/2017\/09\/Eskola-Gerda.jpg 2428w, https:\/\/www.lassebacklund.fi\/wp-content\/uploads\/2017\/09\/Eskola-Gerda-300x146.jpg 300w, https:\/\/www.lassebacklund.fi\/wp-content\/uploads\/2017\/09\/Eskola-Gerda-768x375.jpg 768w, https:\/\/www.lassebacklund.fi\/wp-content\/uploads\/2017\/09\/Eskola-Gerda-1024x500.jpg 1024w\" sizes=\"auto, (max-width: 2428px) 100vw, 2428px\" \/><\/p>\n<p><img loading=\"lazy\" decoding=\"async\" class=\"alignnone size-full wp-image-23242\" src=\"https:\/\/www.lassebacklund.fi\/wp-content\/uploads\/2024\/10\/Eskola-Ragni.jpg\" alt=\"\" width=\"777\" height=\"778\" srcset=\"https:\/\/www.lassebacklund.fi\/wp-content\/uploads\/2024\/10\/Eskola-Ragni.jpg 777w, https:\/\/www.lassebacklund.fi\/wp-content\/uploads\/2024\/10\/Eskola-Ragni-300x300.jpg 300w, https:\/\/www.lassebacklund.fi\/wp-content\/uploads\/2024\/10\/Eskola-Ragni-150x150.jpg 150w, https:\/\/www.lassebacklund.fi\/wp-content\/uploads\/2024\/10\/Eskola-Ragni-768x769.jpg 768w\" sizes=\"auto, (max-width: 777px) 100vw, 777px\" \/><\/p>\n","protected":false},"excerpt":{"rendered":"<p>&nbsp;<\/p>\n","protected":false},"author":1,"featured_media":0,"parent":27,"menu_order":5,"comment_status":"closed","ping_status":"closed","template":"","meta":{"footnotes":""},"class_list":["post-5994","page","type-page","status-publish","hentry"],"_links":{"self":[{"href":"https:\/\/www.lassebacklund.fi\/index.php?rest_route=\/wp\/v2\/pages\/5994","targetHints":{"allow":["GET"]}}],"collection":[{"href":"https:\/\/www.lassebacklund.fi\/index.php?rest_route=\/wp\/v2\/pages"}],"about":[{"href":"https:\/\/www.lassebacklund.fi\/index.php?rest_route=\/wp\/v2\/types\/page"}],"author":[{"embeddable":true,"href":"https:\/\/www.lassebacklund.fi\/index.php?rest_route=\/wp\/v2\/users\/1"}],"replies":[{"embeddable":true,"href":"https:\/\/www.lassebacklund.fi\/index.php?rest_route=%2Fwp%2Fv2%2Fcomments&post=5994"}],"version-history":[{"count":10,"href":"https:\/\/www.lassebacklund.fi\/index.php?rest_route=\/wp\/v2\/pages\/5994\/revisions"}],"predecessor-version":[{"id":24375,"href":"https:\/\/www.lassebacklund.fi\/index.php?rest_route=\/wp\/v2\/pages\/5994\/revisions\/24375"}],"up":[{"embeddable":true,"href":"https:\/\/www.lassebacklund.fi\/index.php?rest_route=\/wp\/v2\/pages\/27"}],"wp:attachment":[{"href":"https:\/\/www.lassebacklund.fi\/index.php?rest_route=%2Fwp%2Fv2%2Fmedia&parent=5994"}],"curies":[{"name":"wp","href":"https:\/\/api.w.org\/{rel}","templated":true}]}}