{"id":5825,"date":"2017-09-17T21:00:14","date_gmt":"2017-09-17T19:00:14","guid":{"rendered":"http:\/\/www.lassebacklund.fi\/?page_id=5825"},"modified":"2024-08-10T23:14:16","modified_gmt":"2024-08-10T20:14:16","slug":"familjen-basks-historia","status":"publish","type":"page","link":"https:\/\/www.lassebacklund.fi\/?page_id=5825","title":{"rendered":"Familjen B\u00e5sks historia"},"content":{"rendered":"<p><span style=\"color: #000080;\">Det h\u00e4r en f\u00f6rkortad version av familjen B\u00e5sks historia, ber\u00e4ttad av Emil B\u00e5sk och nedtecknad av hans barnbarn Bjarne B\u00e5sk, son till Hjalmar. Eftersom det finns mycket litet fakta om vissa delar av denna ber\u00e4ttelse, t.ex. om tiden f\u00f6re flytten till Dagsmark, s\u00e5 m\u00e5 var och en sj\u00e4lv bed\u00f6ma sanningshalten.<\/span><\/p>\n<p>Enligt Emil B\u00e5sk s\u00e5 kom sl\u00e4kten ursprungligen fr\u00e5n den gamla Hansastaden Lybeck i norra Tyskland men flyttade \u00e5r 1328 till Stockholm d\u00e4r de livn\u00e4rde sig som k\u00f6pm\u00e4n. Sl\u00e4ktnamnet stavades d\u00e5 Bosc p\u00e5 tyskt man\u00e9r och familjen som idkade aff\u00e4rer bodde i ett stenhus n\u00e4ra hamnen i Lybeck och huset st\u00e5r troligtvis kvar \u00e4nnu.<\/p>\n<p>I Stockholm livn\u00e4rde sig familjen p\u00e5 handel men d\u00e4r \u00e4r oklart var de bodde men de bodde h\u00e4r till slutet av 1400-talet d\u00e5 de blev landsf\u00f6rvisade till \u00c5land under kung Sten Sture d.\u00e4. tid. Orsaken till f\u00f6rvisningen var att en Bosc sl\u00e4kting blivit f\u00f6r\u00e4lskad i en adelsdam som tillh\u00f6rde den grevliga \u00e4tten Bonde. Karl VIII Knutsson Bonde som var Sveriges kung f\u00f6re Sten Sture var den \u00e4ttens fr\u00e4msta representant. Ett f\u00f6rh\u00e5llande mellan en tysk k\u00f6pman och en svensk adelsdam var den tiden mycket opassande och borde ha bestraffats med d\u00f6dsstraff men tack att vare Hansans starka st\u00e4llning, s\u00e5 blev straffet endast landsf\u00f6rvisning.<\/p>\n<p>Familjen f\u00f6rvisades till \u00c5land med adelsdamen och allt p\u00e5 1470-talet och de miste p\u00e5 samma g\u00e5ng familjenamnet Bosc. De bosatte sig i Klemetsby i Lumparland och tog d\u00e5 namnet Klemets. \u00c5land var den tiden ytterst outvecklat och det gick inte att leva p\u00e5 annat \u00e4n fiske och jordbruk, vilket betydde ett h\u00e5rt liv f\u00f6r de hitflyttade k\u00f6pm\u00e4nnen och adelsdamen. Familjen byggde h\u00e4r sin f\u00f6rsta kyrka i b\u00f6rjan p\u00e5 1500-talet men den br\u00e4ndes ner av kringstrykande och plundrande ryssar. En ny kyrka byggdes sedan upp kring \u00e5r 1700, som fortfarande st\u00e5r kvar. Den nya kyrkan byggdes inte av B\u00e5skarna, f\u00f6r de hade d\u00e5 redan flyttat till Dagsmark by i Syd-\u00d6sterbotten. Omr\u00e5det de flyttade till var mycket b\u00f6rdigare med st\u00f6rre m\u00f6jligheter och skattefrihet f\u00f6r att de r\u00f6jde upp vildmark.<\/p>\n<p>Familjen bosatte sig p\u00e5 Klemets hemman nr 1 som hade k\u00e4nda b\u00f6nder \u00e4nda till \u00e5r 1480. \u00c5r 1694 kl\u00f6vs Klemets hemman och av den ena delen bildades B\u00e5sk hemman p\u00e5 \u00bd mtl \u00a0med bonden Henrik Larsson Klemets, senare B\u00e5sk. Sedan l\u00e5nga tider tillbaka har det bedrivits normalt jordbruk i Dagsmark och varorna s\u00e5ldes via stapelst\u00e4derna Vasa eller Bj\u00f6rneborg till Stockholm och Reval. Handelsvaror var f\u00f6rutom jordbruksprodukter, \u00e4ven tj\u00e4ra, torkade g\u00e4ddor och skinnprodukter. Avst\u00e5ndet till stapelst\u00e4derna var dock l\u00e5ngt och opraktiskt och exporten bedrevs ofta olagligt av f\u00f6rklarliga sk\u00e4l. En bonde som bedrev handel med egna fartyg var Lars M\u00e5nsson Klemets fr\u00e5n Dagsmark. Han var storbonde, skeppsredare och riksdagsman och han b\u00f6rjade arbeta p\u00e5 att f\u00e5 en stapelstad grundad p\u00e5 n\u00e4rmare h\u00e5ll.<\/p>\n<p>Per Brahe som p\u00e5 1640-talet grundade m\u00e5nga st\u00e4der i Finland l\u00e4r ha bes\u00f6kt Lars M\u00e5nsson Klemets i Dagsmark och denne hade d\u00e5 framf\u00f6rt \u00f6nskem\u00e5let om en stad, som kunde grundas p\u00e5 Kopp\u00f6n. B\u00f6nderna i Lappfj\u00e4rd och i N\u00e4rpes har flera g\u00e5nger p\u00e5pekat behovet om en egen stapelstad i omr\u00e5det.<\/p>\n<p>Per Brahe f\u00f6rde fram \u00e4rendet f\u00f6r riksdagen i Stockholm och f\u00f6r drottning Kristina och \u00e5r 1649, den 5 december fick en delegation fr\u00e5n Lappfj\u00e4rd fundationsbreven som bekr\u00e4ftade grundandet.<\/p>\n<p>Sj\u00e4lva hemmanet B\u00e5sk i Dagsmark kom till genom en klyvning av hemmanet Klemets \u00e5r 1694, d\u00e5 Henrik Larsson Klemets tog namnet B\u00e5sk.<\/p>\n<p>Sedan dess har hemmanet varit i familjen B\u00e5sks \u00e4go och h\u00e4r har funnits flera ber\u00f6mda personer. Speciellt ville Emil lyfta fram kyrkobyggaren Johan Henrik B\u00e5sk (1816-1886). P\u00e5 1840-talet besl\u00f6ts att man skulle bygga en ny kyrka i Lappfj\u00e4rd i st\u00e4llet f\u00f6r den alltf\u00f6r lilla Birgitta-kyrkan och man kunde enas om att den skulle st\u00e5 p\u00e5 Mangsbacken, ca 1 kilometer fr\u00e5n den f\u00f6rra. Kyrkan skulle byggas som dagsverken av b\u00f6nderna under \u00f6verinseende av en byggm\u00e4stare. Hela bygget blev en villervalla som p\u00e5gick l\u00e4nge och hela bygget var hotat. Enligt kyrkoherden Estlanders anteckningar s\u00e5 \u201dframtr\u00e4dde en anspr\u00e5ksl\u00f6s ung bonde, det var sexman Johan Henrik B\u00e5sk \u00a0fr\u00e5n Dagsmark, vars namn jag nedskriver med st\u00f6rsta aktning. Han hade p\u00e5 egen hand l\u00e4rt sig skriva och r\u00e4kna, s\u00e5som nog syntes av hans handstil och siffror.Men hans rediga och klara tanke, hans osvikliga minne och goda vilja ersatte allt. Han bar kyrkobyggnadens hela dr\u00e4tsel i sitt huvud: ett sannskyldigt n\u00e4t med fina maskor, d\u00e4r inga fiskar sluppo undan. I b\u00f6rjan ville man inte visa honom nog h\u00f6rsamhet, men allm\u00e4nna meningen, representerad av pr\u00e4sterskapet, st\u00f6dde honom, s\u00e5 att inom kort, n\u00e4r B\u00e5skens bud kom, den tredskande fogligt kastade yxa och j\u00e4rnst\u00f6r p\u00e5 axeln eller, om det s\u00e5 skulle vara, sp\u00e4nde blacken f\u00f6r. \u00c4ven de minsta fick han att dra sitt str\u00e5 till stacken. Och allt f\u00f6rtecknades med reda och noggrannhet, s\u00e5 att B\u00e5skens kladdar, om de just inte var s\u00e5 vackra att se p\u00e5, inneh\u00f6ll ett tillf\u00f6rlitligt r\u00e4kenskapsverk \u00f6ver det trassliga samarbetet. F\u00f6r detta kamrerarbete beg\u00e4rde han blott att f\u00e5 tillgodor\u00e4kna sina dagsverken. En b\u00e4ttre typ av den svenska allmogens praktiska f\u00f6rst\u00e5nd kunde man inte se, i f\u00f6rening med en fast och seg h\u00e4ngivenhet f\u00f6r ett gemensamt h\u00f6gt m\u00e5l\u201d.<\/p>\n<p>&nbsp;<\/p>\n","protected":false},"excerpt":{"rendered":"<p>Det h\u00e4r en f\u00f6rkortad version av familjen B\u00e5sks historia, ber\u00e4ttad av Emil B\u00e5sk och nedtecknad av hans barnbarn Bjarne B\u00e5sk, son till Hjalmar. Eftersom det finns mycket litet fakta om vissa delar av denna ber\u00e4ttelse, t.ex. om tiden f\u00f6re flytten <a class=\"more-link\" href=\"https:\/\/www.lassebacklund.fi\/?page_id=5825\">Forts\u00e4tt l\u00e4sa <span class=\"screen-reader-text\">  Familjen B\u00e5sks historia<\/span><span class=\"meta-nav\">&rarr;<\/span><\/a><\/p>\n","protected":false},"author":1,"featured_media":0,"parent":5810,"menu_order":0,"comment_status":"closed","ping_status":"closed","template":"","meta":{"footnotes":""},"class_list":["post-5825","page","type-page","status-publish","hentry"],"_links":{"self":[{"href":"https:\/\/www.lassebacklund.fi\/index.php?rest_route=\/wp\/v2\/pages\/5825","targetHints":{"allow":["GET"]}}],"collection":[{"href":"https:\/\/www.lassebacklund.fi\/index.php?rest_route=\/wp\/v2\/pages"}],"about":[{"href":"https:\/\/www.lassebacklund.fi\/index.php?rest_route=\/wp\/v2\/types\/page"}],"author":[{"embeddable":true,"href":"https:\/\/www.lassebacklund.fi\/index.php?rest_route=\/wp\/v2\/users\/1"}],"replies":[{"embeddable":true,"href":"https:\/\/www.lassebacklund.fi\/index.php?rest_route=%2Fwp%2Fv2%2Fcomments&post=5825"}],"version-history":[{"count":2,"href":"https:\/\/www.lassebacklund.fi\/index.php?rest_route=\/wp\/v2\/pages\/5825\/revisions"}],"predecessor-version":[{"id":23066,"href":"https:\/\/www.lassebacklund.fi\/index.php?rest_route=\/wp\/v2\/pages\/5825\/revisions\/23066"}],"up":[{"embeddable":true,"href":"https:\/\/www.lassebacklund.fi\/index.php?rest_route=\/wp\/v2\/pages\/5810"}],"wp:attachment":[{"href":"https:\/\/www.lassebacklund.fi\/index.php?rest_route=%2Fwp%2Fv2%2Fmedia&parent=5825"}],"curies":[{"name":"wp","href":"https:\/\/api.w.org\/{rel}","templated":true}]}}