{"id":5732,"date":"2017-08-29T22:17:23","date_gmt":"2017-08-29T20:17:23","guid":{"rendered":"http:\/\/www.lassebacklund.fi\/?page_id=5732"},"modified":"2017-08-29T22:17:23","modified_gmt":"2017-08-29T20:17:23","slug":"vattenverkssyn-pa-sagkvarnen-i-verkforsen","status":"publish","type":"page","link":"https:\/\/www.lassebacklund.fi\/?page_id=5732","title":{"rendered":"Vattenverkssyn p\u00e5 s\u00e5gkvarnen i Verkforsen."},"content":{"rendered":"<p><span style=\"font-family: 'Helvetica','sans-serif';\"><span style=\"color: #000000; font-size: medium;\">Den 14 februari 1899 gav guvern\u00f6ren i Nikolajstad ett positivt utslag p\u00e5 den ans\u00f6kan som b\u00f6nderna Ivar Westerback och Viktor Eklund hade inkommit med den 29 mars 1897. <\/span><\/span><\/p>\n<p><span style=\"font-family: 'Helvetica','sans-serif';\"><span style=\"color: #000000; font-size: medium;\">De b\u00e5de b\u00f6nderna hade d\u00e5 ans\u00f6kt om tillst\u00e5nd att f\u00e5 uppf\u00f6ra ett vattenverk p\u00e5 deras \u00e4gande mark, som tillh\u00f6rde L\u00e5ng hemman nr 4, omfattande 1\/12 dels mantal i Dagsmark. Vattenverket skulle byggas i Verkforsen och inrymma en s\u00e5gram och cirkels\u00e5g, samt tv\u00e5 par stenar f\u00f6r m\u00e4ld och ett grynverk. <\/span><\/span><\/p>\n<p><span style=\"font-family: 'Helvetica','sans-serif';\"><span style=\"color: #000000; font-size: medium;\">Distriktsingenj\u00f6ren von Willebrandt och ingenj\u00f6ren Calamnius utf\u00f6rde en f\u00f6rfattningsenlig syn p\u00e5 f\u00f6rr\u00e4ttningsst\u00e4llet den 17 september 1897. De hade d\u00e5 uppgjort en karta och ett syneinstrument.<\/span><\/span><\/p>\n<figure id=\"attachment_1648\" aria-describedby=\"caption-attachment-1648\" style=\"width: 965px\" class=\"wp-caption aligncenter\"><img loading=\"lazy\" decoding=\"async\" class=\"wp-image-1648 size-full\" src=\"http:\/\/www.lassebacklund.fi\/wp-content\/uploads\/2016\/11\/6-1.jpg\" alt=\"H\u00e4r den v\u00e4lgjorda kartan i sin helhet med sk\u00e4rningar och profiler.\" width=\"965\" height=\"1507\" srcset=\"https:\/\/www.lassebacklund.fi\/wp-content\/uploads\/2016\/11\/6-1.jpg 965w, https:\/\/www.lassebacklund.fi\/wp-content\/uploads\/2016\/11\/6-1-192x300.jpg 192w, https:\/\/www.lassebacklund.fi\/wp-content\/uploads\/2016\/11\/6-1-768x1199.jpg 768w, https:\/\/www.lassebacklund.fi\/wp-content\/uploads\/2016\/11\/6-1-656x1024.jpg 656w\" sizes=\"auto, (max-width: 965px) 100vw, 965px\" \/><figcaption id=\"caption-attachment-1648\" class=\"wp-caption-text\">S\u00e5 h\u00e4r s\u00e5g kartan ut som ingenj\u00f6rerna hade gjort upp i september 1897. H\u00f6gst upp till v\u00e4nster finns den fixpunkt, d\u00e4rifr\u00e5n alla h\u00f6jder p\u00e5 kanalen och dammen ber\u00e4knades.<\/figcaption><\/figure>\n<p><span style=\"font-family: 'Helvetica','sans-serif';\"><span style=\"color: #000000; font-size: medium;\">Till f\u00f6rr\u00e4ttningen, som hade kungjorts i kyrkan i Lappfj\u00e4rd hade kallats f\u00f6rutom ingenj\u00f6ren sj\u00e4lv tv\u00e5 godem\u00e4n, bonden Karl Gustavsson Lillkull, allts\u00e5 \u201dRebeck-Kalle\u201d och torparen Josef Gustavsson Lillkull, som kallades \u201dRebeck-Josip\u201d. B\u00e5da s\u00f6kande hade ocks\u00e5 kallats till f\u00f6rr\u00e4ttningen och dessutom b\u00f6nderna Josef Johan Henriksson Rosenback, Josef Josefsson Rosenback, Johan Viktor Josefsson Rosenback, Viktor Johan Henriksson, Johan Viktor Johansson Storkull, Erik Johansson L\u00e5ng och torparen Josef S\u00f6derholm.<\/span><\/span><\/p>\n<p><span style=\"font-family: 'Helvetica','sans-serif';\"><span style=\"color: #000000; font-size: medium;\">Samtliga intygade att f\u00f6rr\u00e4ttningen var i laga ordning kungjord och att ingen av dem var j\u00e4viga.<\/span><\/span><\/p>\n<p><span style=\"font-family: 'Helvetica','sans-serif';\"><span style=\"color: #000000; font-size: medium;\">Vattendraget, allts\u00e5 Lappfj\u00e4rds \u00e5 upprinner inom Stor\u00e5 socken, upptager strax s\u00f6der om anl\u00e4ggningsst\u00e4llet den s\u00e5 kallade K\u00e4rjenkoski \u00e5n och utfaller cirka 10 km s\u00f6der om Kristinestad i saltsj\u00f6n. N\u00e4rmast ovanf\u00f6r anl\u00e4ggningsst\u00e4llet finns en kvarn i Tuimalaforsen p\u00e5 10 km avst\u00e5nd och n\u00e4rmast nedanom en kvarn i Riab\u00e4ckforsen, p\u00e5 ett avst\u00e5nd av \u00bd km fr\u00e5n anl\u00e4ggningsst\u00e4llet. Mellan Verkforsen och Tuimalaforsen ligger den s\u00e5 kallade Bobackforsen.<\/span><\/span><\/p>\n<p><span style=\"font-family: 'Helvetica','sans-serif';\"><span style=\"color: #000000; font-size: medium;\">Vid f\u00f6rr\u00e4ttningen konstaterades att endast en g\u00e5ng i mannaminne har det flottats skogsalster i vattendraget, det har aldrig f\u00f6rekommit yrkesfiske och ingen b\u00e5tfart.<\/span><\/span><\/p>\n<p><span style=\"font-family: 'Helvetica','sans-serif';\"><span style=\"color: #000000; font-size: medium;\">S\u00f6kandena hade ans\u00f6kt om lov att f\u00f6rdjupa kanalen och samtidigt h\u00f6ja p\u00e5 dammen. Nu begynte en syn p\u00e5 st\u00e4llet och d\u00e5 inh\u00f6ggs i en jordfast sten p\u00e5 den v\u00e4stra stranden den fixpunkt som p\u00e5 kartan \u00e4r m\u00e4rkt F.P.<\/span><\/span><\/p>\n<p><span style=\"font-family: 'Helvetica','sans-serif';\"><span style=\"color: #000000; font-size: medium;\">I forsen fanns fr\u00e5n tidigare en f\u00e4rdig s\u00e5gkvarn men n\u00e5gon turbin fanns inte \u00e4nnu d\u00e4r. I den gamla kvarnen som tidigare drivits med ett vattenhjul, fanns 2 par stenar f\u00f6r m\u00e4ld och ett grynverk, samt i s\u00e5gen en ram och en cirkels\u00e5g.<\/span><\/span><\/p>\n<p><span style=\"font-family: 'Helvetica','sans-serif';\"><span style=\"color: #000000; font-size: medium;\">\u00d6ver \u00e5n var det byggd en damm av s\u00e5 kallat ripv\u00e4rk, p\u00e5 en h\u00f6jd av 0,5 m under F.P. Tilloppsr\u00e4nnan eller kanalen hade en bredd p\u00e5 2,3 meter och dess bottenh\u00f6jd 1,43 m under F.P. Avloppsr\u00e4nnan var 3,9 meter bred och bottendjupet 2,13 m under F.P. <\/span><\/span><\/p>\n<p><span style=\"font-family: 'Helvetica','sans-serif';\"><span style=\"color: #000000;\"><span style=\"font-size: medium;\">Vid synetillf\u00e4llet rann det 1,24 m<\/span><sup><span style=\"font-size: small;\">3 <\/span><\/sup><span style=\"font-size: medium;\">vatten i \u00e5n och det sades att det var l\u00e4gsta m\u00f6jliga vattenniv\u00e5. <\/span><\/span><\/span><\/p>\n<p><span style=\"font-family: 'Helvetica','sans-serif';\"><span style=\"color: #000000; font-size: medium;\">Efter f\u00f6rr\u00e4ttningen konstaterade ingenj\u00f6rerna i sitt utl\u00e5tande att ingen hade motsatt sig. S\u00f6kanden fick bygga om dammen av stockkistor fyllda med stenar, f\u00f6rdjupa och f\u00f6rl\u00e4nga kanalen. I dammen skulle det finnas en 8 meters \u00f6ppning, f\u00f6rsedd med luckor som skulle \u00f6ppnas p\u00e5 v\u00e5rarna i h\u00e4ndelse av flottning och f\u00f6r fiskarnas uppstigning i \u00e5n. S\u00f6kandena m\u00e5ste ocks\u00e5 se till att s\u00e5gsp\u00e5n fr\u00e5n s\u00e5gen inte hamnade i vattendraget.<\/span><\/span><\/p>\n<p><span style=\"font-family: 'Helvetica','sans-serif';\"><span style=\"color: #000000; font-size: medium;\">Med st\u00f6d av en f\u00f6rordning fr\u00e5n \u00e5r 1868 kunde f\u00f6rr\u00e4ttningsm\u00e4nnen f\u00f6rorda ans\u00f6kan.<\/span><\/span><\/p>\n","protected":false},"excerpt":{"rendered":"<p>Den 14 februari 1899 gav guvern\u00f6ren i Nikolajstad ett positivt utslag p\u00e5 den ans\u00f6kan som b\u00f6nderna Ivar Westerback och Viktor Eklund hade inkommit med den 29 mars 1897. De b\u00e5de b\u00f6nderna hade d\u00e5 ans\u00f6kt om tillst\u00e5nd att f\u00e5 uppf\u00f6ra ett <a class=\"more-link\" href=\"https:\/\/www.lassebacklund.fi\/?page_id=5732\">Forts\u00e4tt l\u00e4sa <span class=\"screen-reader-text\">  Vattenverkssyn p\u00e5 s\u00e5gkvarnen i Verkforsen.<\/span><span class=\"meta-nav\">&rarr;<\/span><\/a><\/p>\n","protected":false},"author":1,"featured_media":0,"parent":1652,"menu_order":0,"comment_status":"closed","ping_status":"closed","template":"","meta":{"footnotes":""},"class_list":["post-5732","page","type-page","status-publish","hentry"],"_links":{"self":[{"href":"https:\/\/www.lassebacklund.fi\/index.php?rest_route=\/wp\/v2\/pages\/5732","targetHints":{"allow":["GET"]}}],"collection":[{"href":"https:\/\/www.lassebacklund.fi\/index.php?rest_route=\/wp\/v2\/pages"}],"about":[{"href":"https:\/\/www.lassebacklund.fi\/index.php?rest_route=\/wp\/v2\/types\/page"}],"author":[{"embeddable":true,"href":"https:\/\/www.lassebacklund.fi\/index.php?rest_route=\/wp\/v2\/users\/1"}],"replies":[{"embeddable":true,"href":"https:\/\/www.lassebacklund.fi\/index.php?rest_route=%2Fwp%2Fv2%2Fcomments&post=5732"}],"version-history":[{"count":1,"href":"https:\/\/www.lassebacklund.fi\/index.php?rest_route=\/wp\/v2\/pages\/5732\/revisions"}],"predecessor-version":[{"id":5733,"href":"https:\/\/www.lassebacklund.fi\/index.php?rest_route=\/wp\/v2\/pages\/5732\/revisions\/5733"}],"up":[{"embeddable":true,"href":"https:\/\/www.lassebacklund.fi\/index.php?rest_route=\/wp\/v2\/pages\/1652"}],"wp:attachment":[{"href":"https:\/\/www.lassebacklund.fi\/index.php?rest_route=%2Fwp%2Fv2%2Fmedia&parent=5732"}],"curies":[{"name":"wp","href":"https:\/\/api.w.org\/{rel}","templated":true}]}}