{"id":4910,"date":"2017-07-18T12:10:38","date_gmt":"2017-07-18T10:10:38","guid":{"rendered":"http:\/\/www.lassebacklund.fi\/?page_id=4910"},"modified":"2026-02-28T23:27:15","modified_gmt":"2026-02-28T21:27:15","slug":"anders-andersson-finne-1825-1872","status":"publish","type":"page","link":"https:\/\/www.lassebacklund.fi\/?page_id=4910","title":{"rendered":"Anders Andersson Finnes sl\u00e4kt"},"content":{"rendered":"<p>Anders Andersson Finne (1825-1872) var son till bonden Anders Eriksson Finne (f. 1785) och Greta Eriksdotter L\u00e5ng (f.1792) med ett hemman p\u00e5 5\/48 mantal. Av sin far fick Anders Andersson h\u00e4lften av Rosenback hemman eller 5\/96 mantal och den andra halvan av hemmanet fick brodern Gustaf Andersson Rosenback (f.1828). Gustafs hemmansdel skulle sedan \u00f6vertas av dottern Anna Sofia Gustafdotter (1851-1910), som gifte sig med Josef Johansson Storkull (1846-1915), senare Rosenback. Josef kallades &#8221;Krook Josip&#8221; och hemmansdelen \u00f6vertogs sedan av deras son Erland Krook och den \u00e4r nu i familjen L\u00e5ngfors \u00e4go p\u00e5 \u00c5backv\u00e4gen.<\/p>\n<p>Fadern Anders Eriksson Finne (f. 1785) var son till Erik Andersson Finne eller Sebbas (1755-1810) som var gift med Anna Johansdotter (f.1757). F\u00f6rutom Anders fick de \u00e5tminstone 7 barn. Anders Eriksson Finne \u00e4rvde h\u00e4lften av hemmanet och den andra halvan \u00e4rvdes troligen av brodern Johan (f. 1784).<\/p>\n<p>Anders Andersson Finne eller Rosenback var allm\u00e4nt kallad Ant och det \u00e4r efter honom som \u00e4ttlingarna fortfarande kallas &#8221;Antas&#8221;. Anders var gift med Lena Johansdotter Skogslund (f.1834 i B\u00f6tom, d. 1885). Just f\u00f6re sin d\u00f6d \u00e5r 1872 skrev Anders Andersson Rosenback ett testamente d\u00e4r han best\u00e4mde att hans hemman p\u00e5 5\/96 mtl skall delas mellan de tv\u00e5 s\u00f6nerna i tv\u00e5 lika stora delar, allts\u00e5 5\/192 mtl.<\/p>\n<h3><strong> Anders och Lena hade 4 barn:<\/strong><\/h3>\n<p><strong>-Edla Maria<\/strong> (1856-1925), som f\u00f6rsta g\u00e5ngen var gift med bonden Johan Viktor Johansson L\u00e5ng. Andra g\u00e5ngen gift ca 1900 med \u00e4nklingen &#8221;Lid Hindrik&#8221;, allts\u00e5 Henrik Bj\u00f6rklund (1857-1924)\u00a0 och de fick \u00e5r 1902 sonen Otto Bj\u00f6rklund.<\/p>\n<p><strong>-Viktor<\/strong>, f\u00f6dd 29 oktober 1862, d\u00f6d ogift och barnl\u00f6s i Amerika 24 oktober 1895. Innehade en hemmansdel p\u00e5 5\/192 mtl, som efter hans d\u00f6d \u00f6vertogs av syskonen Edla Maria och utrikes vistande Josef Henrik, som vardera erh\u00f6ll 5\/384 dels mtl.<\/p>\n<p>&#8211;<strong>Josef Henrik<\/strong>, f\u00f6dd 9 juli 1866, sedan \u00e5r 1887 f\u00f6rsvunnen p\u00e5 ok\u00e4nd ort. \u00c5r 1897 ville systern Edla Maria att tinget i Lappfj\u00e4rd skulle utse en godeman f\u00f6r brodern Josef Henrik och tinget uts\u00e5g bonden Viktor Gustafsson L\u00e5ng. Godemannen s\u00e5lde den 13 maj 1901 Josef Henriks hemmansdel p\u00e5 s\u00e5 vis att systern Edla fick k\u00f6pa 1\/3 f\u00f6r 1 000 mark medan hennes nya man Henrik Bj\u00f6rklund k\u00f6pte 2\/3 f\u00f6r 2 000 mark, allts\u00e5 3 000 mark tillsammans.<\/p>\n<p>D\u00e4rtill fanns det enligt bouppteckningen efter Anders en syster Adelina men om henne saknas uppgifter.<\/p>\n","protected":false},"excerpt":{"rendered":"<p>Anders Andersson Finne (1825-1872) var son till bonden Anders Eriksson Finne (f. 1785) och Greta Eriksdotter L\u00e5ng (f.1792) med ett hemman p\u00e5 5\/48 mantal. Av sin far fick Anders Andersson h\u00e4lften av Rosenback hemman eller 5\/96 mantal och den andra <a class=\"more-link\" href=\"https:\/\/www.lassebacklund.fi\/?page_id=4910\">Forts\u00e4tt l\u00e4sa <span class=\"screen-reader-text\">  Anders Andersson Finnes sl\u00e4kt<\/span><span class=\"meta-nav\">&rarr;<\/span><\/a><\/p>\n","protected":false},"author":1,"featured_media":0,"parent":569,"menu_order":0,"comment_status":"closed","ping_status":"closed","template":"","meta":{"footnotes":""},"class_list":["post-4910","page","type-page","status-publish","hentry"],"_links":{"self":[{"href":"https:\/\/www.lassebacklund.fi\/index.php?rest_route=\/wp\/v2\/pages\/4910","targetHints":{"allow":["GET"]}}],"collection":[{"href":"https:\/\/www.lassebacklund.fi\/index.php?rest_route=\/wp\/v2\/pages"}],"about":[{"href":"https:\/\/www.lassebacklund.fi\/index.php?rest_route=\/wp\/v2\/types\/page"}],"author":[{"embeddable":true,"href":"https:\/\/www.lassebacklund.fi\/index.php?rest_route=\/wp\/v2\/users\/1"}],"replies":[{"embeddable":true,"href":"https:\/\/www.lassebacklund.fi\/index.php?rest_route=%2Fwp%2Fv2%2Fcomments&post=4910"}],"version-history":[{"count":4,"href":"https:\/\/www.lassebacklund.fi\/index.php?rest_route=\/wp\/v2\/pages\/4910\/revisions"}],"predecessor-version":[{"id":23886,"href":"https:\/\/www.lassebacklund.fi\/index.php?rest_route=\/wp\/v2\/pages\/4910\/revisions\/23886"}],"up":[{"embeddable":true,"href":"https:\/\/www.lassebacklund.fi\/index.php?rest_route=\/wp\/v2\/pages\/569"}],"wp:attachment":[{"href":"https:\/\/www.lassebacklund.fi\/index.php?rest_route=%2Fwp%2Fv2%2Fmedia&parent=4910"}],"curies":[{"name":"wp","href":"https:\/\/api.w.org\/{rel}","templated":true}]}}