{"id":4555,"date":"2017-07-04T16:34:26","date_gmt":"2017-07-04T14:34:26","guid":{"rendered":"http:\/\/www.lassebacklund.fi\/?page_id=4555"},"modified":"2025-07-10T00:37:58","modified_gmt":"2025-07-09T21:37:58","slug":"selim-bjorses-samlade-foton","status":"publish","type":"page","link":"https:\/\/www.lassebacklund.fi\/?page_id=4555","title":{"rendered":"Selim Bj\u00f6rses samlade foton"},"content":{"rendered":"<figure id=\"attachment_4558\" aria-describedby=\"caption-attachment-4558\" style=\"width: 492px\" class=\"wp-caption alignnone\"><img loading=\"lazy\" decoding=\"async\" class=\" wp-image-4558\" src=\"http:\/\/www.lassebacklund.fi\/wp-content\/uploads\/2017\/07\/Selim-Bj\u00f6rses-portr\u00e4tt.jpg\" alt=\"Folkskoll\u00e4raren, klubbledaren och fotografen Selim Bj\u00f6rses.\" width=\"492\" height=\"729\" srcset=\"https:\/\/www.lassebacklund.fi\/wp-content\/uploads\/2017\/07\/Selim-Bj\u00f6rses-portr\u00e4tt.jpg 2698w, https:\/\/www.lassebacklund.fi\/wp-content\/uploads\/2017\/07\/Selim-Bj\u00f6rses-portr\u00e4tt-202x300.jpg 202w, https:\/\/www.lassebacklund.fi\/wp-content\/uploads\/2017\/07\/Selim-Bj\u00f6rses-portr\u00e4tt-768x1139.jpg 768w, https:\/\/www.lassebacklund.fi\/wp-content\/uploads\/2017\/07\/Selim-Bj\u00f6rses-portr\u00e4tt-691x1024.jpg 691w\" sizes=\"auto, (max-width: 492px) 100vw, 492px\" \/><figcaption id=\"caption-attachment-4558\" class=\"wp-caption-text\">Folkskoll\u00e4raren, klubbledaren och fotografen Selim Bj\u00f6rses.<\/figcaption><\/figure>\n<p>Bondesonen Selim Bj\u00f6rses f\u00f6ddes i Lappfj\u00e4rd 7 april 1900 och \u00e5r 1926 utdimitterades han fr\u00e5n Nykarleby seminarium. Han blev sedan folkskoll\u00e4rare i hembyn, fr\u00e4mst d\u00e5 p\u00e5 s\u00f6dra folkskolan tills den st\u00e4ngde \u00e5r 1958. D\u00e5 Kyrkoby svenska folkskola inledde verksamheten samma \u00e5r fortsatte han d\u00e4r \u00e4nda fram till pensioneringen 1966.<\/p>\n<p>Selim hade ett genuint intresse f\u00f6r hembygden, jordbruket, ungdomsr\u00f6relsen, skyddsk\u00e5ren och mycket annat. Han var lokalchef f\u00f6r skyddsk\u00e5ren i Lappfj\u00e4rd fr\u00e5n 1926 till 1944. Lantbruksklubben i Lappfj\u00e4rd bildades den 10 september 1929 och han var klubbens ledare i m\u00e5nga \u00e5r och med sin motorcykel bes\u00f6kte han kommunens alla byar. Ett stort antal ungdomar i lappfj\u00e4rdsnejden har varit medlemmar i klubben, t.ex. \u00e5r 1942 hade den inte mindre \u00e4n 193 medlemmar.<\/p>\n<p>\u00d6verallt d\u00e4r han r\u00f6rde&nbsp;sig&nbsp;i nejden hade han sin kamera med och&nbsp;med den dokumenterade han en stor del av kommunens historia.<\/p>\n<p>St\u00f6rsta delen av hans fotografier finns arkiverade p\u00e5 Svenska litteraturs\u00e4llskapets arkiv i Vasa. Samlingarna som omfattar \u00f6ver 2 000 foton har digitaliserats och finns nu sparade f\u00f6r efterv\u00e4rlden. Selims \u00e4ldsta fotografier \u00e4r fr\u00e5n 1927 och de sista tog han 1966 och han dog sedan 3 april 1967.<\/p>\n<p>Lappfj\u00e4rdsbon Eric Stens har efter\u00e5t gjort ett stort arbete med att datera fotografierna, best\u00e4mma platserna och att identifiera personerna som finns p\u00e5 bilderna. N\u00e4r det arbetet var klart donerade Stens allt material till samf\u00e4lligheten i Lappfj\u00e4rd, som f\u00f6rvarade albumen p\u00e5 biblioteket d\u00e4r det sedan dess finns till allm\u00e4nt p\u00e5seende. Originalbilderna och negativen deponerades&nbsp;i valvet p\u00e5 den lokala sparbanken men flyttades i november 2014 till SLS:s arkiv, som ligger p\u00e5 Handelsesplanaden i Vasa.<\/p>\n<h3><strong>L\u00e4nkar.<\/strong><\/h3>\n<p>Om du vill l\u00e4sa Selim text om jordbruket i Lappfj\u00e4rd &#8221;f\u00f6rr i v\u00e4\u00e4den&#8221; s\u00e5 skall du klicka <a href=\"https:\/\/www.lassebacklund.fi\/?page_id=24299\"><span style=\"color: #000080;\"><strong>H\u00c4R!<\/strong><\/span><\/a><\/p>\n<p>Om du vill l\u00e4sa n\u00e5gra tidningsartiklar om eller av Selim, s\u00e5 skall du klicka <a href=\"https:\/\/www.lassebacklund.fi\/?page_id=21457\"><span style=\"text-decoration: underline;\"><span style=\"color: #000080;\"><strong>H\u00c4R!<\/strong><\/span><\/span><\/a><\/p>\n<p>Vill du se Selims originalfoton, skall du kontakta arkivet i Vasa eller s\u00e5 skall du klicka p\u00e5 n\u00e5gon av knapparna h\u00e4r under.&nbsp;<\/p>\n<h5><a class=\"fasc-button fasc-size-medium fasc-type-glossy fasc-rounded-medium\" style=\"color: #ffffff; background-color: #33809e;\" href=\"http:\/\/www.lassebacklund.fi\/?page_id=4552\">1920-talet<\/a><\/h5>\n<h5><a class=\"fasc-button fasc-size-medium fasc-type-glossy fasc-rounded-medium\" style=\"color: #ffffff; background-color: #33809e;\" href=\"http:\/\/www.lassebacklund.fi\/?page_id=4798\">1930<\/a><\/h5>\n<h5><a class=\"fasc-button fasc-size-medium fasc-type-glossy fasc-rounded-medium\" style=\"color: #ffffff; background-color: #33809e;\" href=\"http:\/\/www.lassebacklund.fi\/?page_id=4822\">1931<\/a><\/h5>\n<h5><a class=\"fasc-button fasc-size-medium fasc-type-glossy fasc-rounded-medium\" style=\"color: #ffffff; background-color: #33809e;\" href=\"http:\/\/www.lassebacklund.fi\/?page_id=4956\">1932<\/a><\/h5>\n<h5><a class=\"fasc-button fasc-size-medium fasc-type-glossy fasc-rounded-medium\" style=\"color: #ffffff; background-color: #33809e;\" href=\"http:\/\/www.lassebacklund.fi\/?page_id=5045\">1933<\/a><\/h5>\n<h5><a class=\"fasc-button fasc-size-medium fasc-type-glossy fasc-rounded-medium\" style=\"color: #ffffff; background-color: #33809e;\" href=\"http:\/\/www.lassebacklund.fi\/?page_id=5054\">1934<\/a><\/h5>\n<h5><a class=\"fasc-button fasc-size-medium fasc-type-glossy fasc-rounded-medium\" style=\"color: #ffffff; background-color: #33809e;\" href=\"http:\/\/www.lassebacklund.fi\/?page_id=4573\">1935<\/a><\/h5>\n<h5><a class=\"fasc-button fasc-size-medium fasc-type-glossy fasc-rounded-medium\" style=\"color: #ffffff; background-color: #33809e;\" href=\"http:\/\/www.lassebacklund.fi\/?page_id=5222\">1936<\/a><\/h5>\n<h5><a class=\"fasc-button fasc-size-medium fasc-type-glossy fasc-rounded-medium\" style=\"color: #ffffff; background-color: #33809e;\" href=\"http:\/\/www.lassebacklund.fi\/?page_id=5267\">1937<\/a><\/h5>\n<h5><a class=\"fasc-button fasc-size-medium fasc-type-glossy fasc-rounded-medium\" style=\"color: #ffffff; background-color: #33809e;\" href=\"http:\/\/www.lassebacklund.fi\/?page_id=5343\">1938<\/a><\/h5>\n<h5><a class=\"fasc-button fasc-size-medium fasc-type-glossy fasc-rounded-medium\" style=\"color: #ffffff; background-color: #33809e;\" href=\"http:\/\/www.lassebacklund.fi\/?page_id=5367\">1938 Lantbruksutst\u00e4llningen<\/a><\/h5>\n<h5><a class=\"fasc-button fasc-size-medium fasc-type-glossy fasc-rounded-medium\" style=\"color: #ffffff; background-color: #33809e;\" href=\"http:\/\/www.lassebacklund.fi\/?page_id=5375\">1939<\/a><\/h5>\n<h5><a class=\"fasc-button fasc-size-medium fasc-type-glossy fasc-rounded-medium\" style=\"color: #ffffff; background-color: #33809e;\" href=\"http:\/\/www.lassebacklund.fi\/?page_id=5425\">1939 Vinterkriget<\/a><\/h5>\n<h5><a class=\"fasc-button fasc-size-medium fasc-type-glossy fasc-rounded-medium\" style=\"color: #ffffff; background-color: #33809e;\" href=\"http:\/\/www.lassebacklund.fi\/?page_id=5464\">1940<\/a><\/h5>\n<h5><a class=\"fasc-button fasc-size-medium fasc-type-glossy fasc-rounded-medium\" style=\"color: #ffffff; background-color: #33809e;\" href=\"http:\/\/www.lassebacklund.fi\/?page_id=5713\">1941<\/a><\/h5>\n<h5><a class=\"fasc-button fasc-size-medium fasc-type-glossy fasc-rounded-medium\" style=\"color: #ffffff; background-color: #33809e;\" href=\"http:\/\/www.lassebacklund.fi\/?page_id=6275\">1942<\/a><\/h5>\n<h5><a class=\"fasc-button fasc-size-medium fasc-type-glossy fasc-rounded-medium\" style=\"color: #ffffff; background-color: #33809e;\" href=\"http:\/\/www.lassebacklund.fi\/?page_id=6626\">1943<\/a><\/h5>\n<h5><a class=\"fasc-button fasc-size-medium fasc-type-glossy fasc-rounded-medium\" style=\"color: #ffffff; background-color: #33809e;\" href=\"http:\/\/www.lassebacklund.fi\/?page_id=6649\">1944-45<\/a><\/h5>\n<h5><a class=\"fasc-button fasc-size-medium fasc-type-glossy fasc-rounded-medium\" style=\"color: #ffffff; background-color: #33809e;\" href=\"http:\/\/www.lassebacklund.fi\/?page_id=7082\">1946-47<\/a><\/h5>\n<h5><a class=\"fasc-button fasc-size-medium fasc-type-glossy fasc-rounded-medium\" style=\"color: #ffffff; background-color: #33809e;\" href=\"http:\/\/www.lassebacklund.fi\/?page_id=7448\">1948-50<\/a><\/h5>\n<h5><a class=\"fasc-button fasc-size-medium fasc-type-glossy fasc-rounded-medium\" style=\"color: #ffffff; background-color: #33809e;\" href=\"http:\/\/www.lassebacklund.fi\/?page_id=7480\">1951-52<\/a><\/h5>\n<h5><a class=\"fasc-button fasc-size-medium fasc-type-glossy fasc-rounded-medium\" style=\"color: #ffffff; background-color: #33809e;\" href=\"http:\/\/www.lassebacklund.fi\/?page_id=7800\">1953-54<\/a><\/h5>\n<h5><a class=\"fasc-button fasc-size-medium fasc-type-glossy fasc-rounded-medium\" style=\"color: #ffffff; background-color: #33809e;\" href=\"http:\/\/www.lassebacklund.fi\/?page_id=7813\">1955<\/a><\/h5>\n<h5><a class=\"fasc-button fasc-size-medium fasc-type-glossy fasc-rounded-medium\" style=\"color: #ffffff; background-color: #33809e;\" href=\"http:\/\/www.lassebacklund.fi\/?page_id=7972\">1956-57<\/a><\/h5>\n<h5><a class=\"fasc-button fasc-size-medium fasc-type-glossy fasc-rounded-medium\" style=\"color: #ffffff; background-color: #33809e;\" href=\"http:\/\/www.lassebacklund.fi\/?page_id=8374\">1958<\/a><\/h5>\n<h5><a class=\"fasc-button fasc-size-medium fasc-type-glossy fasc-rounded-medium\" style=\"color: #ffffff; background-color: #33809e;\" href=\"http:\/\/www.lassebacklund.fi\/?page_id=8389\">1959<\/a><\/h5>\n<h5><a class=\"fasc-button fasc-size-medium fasc-type-glossy fasc-rounded-medium\" style=\"color: #ffffff; background-color: #33809e;\" href=\"http:\/\/www.lassebacklund.fi\/?page_id=9585\">1960-61<\/a><\/h5>\n<h5><a class=\"fasc-button fasc-size-medium fasc-type-glossy fasc-rounded-medium\" style=\"color: #ffffff; background-color: #33809e;\" href=\"http:\/\/www.lassebacklund.fi\/?page_id=9599\">1962<\/a><\/h5>\n<h5><a class=\"fasc-button fasc-size-medium fasc-type-glossy fasc-rounded-medium\" style=\"color: #ffffff; background-color: #33809e;\" href=\"http:\/\/www.lassebacklund.fi\/?page_id=9624\">1963<\/a><\/h5>\n<h5>&nbsp;<\/h5>\n<h5><a class=\"fasc-button fasc-size-medium fasc-type-glossy fasc-rounded-medium\" style=\"color: #ffffff; background-color: #33809e;\" href=\"http:\/\/www.lassebacklund.fi\/?page_id=10007\">1964<\/a><\/h5>\n<p><a class=\"fasc-button fasc-size-medium fasc-type-glossy fasc-rounded-medium\" style=\"background-color: #33809e; color: #ffffff;\" href=\"http:\/\/www.lassebacklund.fi\/?page_id=10113\">1965<\/a><\/p>\n<p><a class=\"fasc-button fasc-size-medium fasc-type-glossy fasc-rounded-medium\" style=\"background-color: #33809e; color: #ffffff;\" href=\"http:\/\/www.lassebacklund.fi\/?page_id=10196\">1966<\/a><\/p>\n<h4><a href=\"https:\/\/www.lassebacklund.fi\/?page_id=23893\"><strong>Selims \u00f6vriga foton<\/strong><\/a><\/h4>\n<p>&nbsp;<\/p>\n<figure id=\"attachment_5451\" aria-describedby=\"caption-attachment-5451\" style=\"width: 960px\" class=\"wp-caption aligncenter\"><img loading=\"lazy\" decoding=\"async\" class=\"size-full wp-image-5451\" src=\"http:\/\/www.lassebacklund.fi\/wp-content\/uploads\/2017\/07\/Selims-kamera-Orionwerk-fr\u00e5n-Hannover-fr\u00e5n-\u00e5r-1927.jpg\" alt=\"Med denna Orionwerk kamera fr\u00e5n Hannover i Tyskland tog Selim Bj\u00f6rses de flesta bilderna och denna skaffade han redan \u00e5r 1927.\" width=\"960\" height=\"960\" srcset=\"https:\/\/www.lassebacklund.fi\/wp-content\/uploads\/2017\/07\/Selims-kamera-Orionwerk-fr\u00e5n-Hannover-fr\u00e5n-\u00e5r-1927.jpg 960w, https:\/\/www.lassebacklund.fi\/wp-content\/uploads\/2017\/07\/Selims-kamera-Orionwerk-fr\u00e5n-Hannover-fr\u00e5n-\u00e5r-1927-150x150.jpg 150w, https:\/\/www.lassebacklund.fi\/wp-content\/uploads\/2017\/07\/Selims-kamera-Orionwerk-fr\u00e5n-Hannover-fr\u00e5n-\u00e5r-1927-300x300.jpg 300w, https:\/\/www.lassebacklund.fi\/wp-content\/uploads\/2017\/07\/Selims-kamera-Orionwerk-fr\u00e5n-Hannover-fr\u00e5n-\u00e5r-1927-768x768.jpg 768w\" sizes=\"auto, (max-width: 960px) 100vw, 960px\" \/><figcaption id=\"caption-attachment-5451\" class=\"wp-caption-text\">Med denna Orionwerk kamera fr\u00e5n Hannover i Tyskland tog Selim Bj\u00f6rses de flesta bilderna och denna skaffade han redan \u00e5r 1927.<\/figcaption><\/figure>\n<p><span style=\"color: #000080;\"><strong>Selims \u00f6ppna brev \u00e4r skrivet 28 september 1966, det \u00e4r \u00f6ppet och vackert nedtecknat och det finns bevarat hos hans halvsyster Ann-Marie Backman i Lappfj\u00e4rd.<\/strong><\/span><\/p>\n<p>Jag reser med buss i dag mot Vasa d\u00e4r dr. Nylander skall unders\u00f6ka mitt sjuka hj\u00e4rta och skrala h\u00e4lsa. F\u00e4rden g\u00e5r med en bekv\u00e4m postbuss l\u00e4ngs gamla v\u00e4gen till Vasa genom ett landskap som har en pr\u00e4gel av tidig vinter \u00f6ver sig, Trots att datum angives 28 september \u00e4r luften kylig och marken \u00e4r t\u00e4ckt av ett cirka 5 cm sn\u00f6lager och l\u00f6vtr\u00e4den har f\u00e5tt h\u00f6stens rika f\u00e4rgprakt. Det \u00e4r l\u00e4nge sedan jag en vardag f\u00e4rdats med buss genom ett h\u00f6stlandskap.<\/p>\n<p>Skolan har tagit alla mina krafter, min tid och mitt intresse i anspr\u00e5k.<\/p>\n<p>Kring skolan, uppfostran, ungdomen och eleverna har mina tankar kretsat under mer \u00e4n 40 \u00e5rs tid. N\u00e4r jag har l\u00e4rt mig n\u00e5got nytt har det alltid skett med tanke p\u00e5 att jag skall kunna sprida ut det jag har l\u00e4rt mig till andra, fr\u00e4mst de unga.<\/p>\n<p>N\u00e4r jag sett en vacker tr\u00e4dg\u00e5rd, ett v\u00e4lbyggt och praktiskt inrett hus eller en \u00e4ndam\u00e5lsenlig, v\u00e4l arbetande maskin, har jag alltid mer eller mindre medvetet reflekterat \u00f6ver hur jag skall kunna delgiva mina l\u00e4rdomar och intryck \u00e5t andra.<\/p>\n<p>Denna str\u00e4van har liksom gett v\u00e4rde och mening \u00e5t mitt liv och min tillvaro. Det har varit liksom ett grundackord med vilket alla \u00f6vriga toner i mitt inre harmoniserat.<\/p>\n<p>Nu klingar inte ackordet mera, str\u00e4ngen har brustit. Det \u00e4r tyst och av de \u00f6vriga tonerna h\u00f6rs endast ett svagt, borttonande ljud. En stor stillhet och klarhet har brett sig \u00f6ver min tillvaro.<\/p>\n<p>Det p\u00e5minner om h\u00f6stlandskapet omkring mig med klar genomskinlig luft, vit sn\u00f6 \u00f6ver tak, v\u00e4gar, skogar, f\u00e4lt och \u00e4ngar mot vilken l\u00f6vtr\u00e4dens h\u00f6stliga f\u00e4rgprakt s\u00e5 bj\u00e4rt framtr\u00e4der.<\/p>\n<p>Men \u00e4r det ej d\u00f6dens, f\u00f6rg\u00e4ngelsens st\u00e4mpel, som vilar \u00f6ver naturen en s\u00e5dan h\u00f6stdag. \u00c4r det lika med mitt liv?<\/p>\n<p>&nbsp;<\/p>\n<p><img loading=\"lazy\" decoding=\"async\" class=\"alignnone size-full wp-image-22236\" src=\"https:\/\/www.lassebacklund.fi\/wp-content\/uploads\/2023\/11\/Dodsannons-och-nekrolog.jpg\" alt=\"\" width=\"1535\" height=\"927\" srcset=\"https:\/\/www.lassebacklund.fi\/wp-content\/uploads\/2023\/11\/Dodsannons-och-nekrolog.jpg 1535w, https:\/\/www.lassebacklund.fi\/wp-content\/uploads\/2023\/11\/Dodsannons-och-nekrolog-300x181.jpg 300w, https:\/\/www.lassebacklund.fi\/wp-content\/uploads\/2023\/11\/Dodsannons-och-nekrolog-1024x618.jpg 1024w, https:\/\/www.lassebacklund.fi\/wp-content\/uploads\/2023\/11\/Dodsannons-och-nekrolog-768x464.jpg 768w\" sizes=\"auto, (max-width: 1535px) 100vw, 1535px\" \/><\/p>\n<figure id=\"attachment_15160\" aria-describedby=\"caption-attachment-15160\" style=\"width: 2011px\" class=\"wp-caption alignnone\"><img loading=\"lazy\" decoding=\"async\" class=\"size-full wp-image-15160\" src=\"http:\/\/www.lassebacklund.fi\/wp-content\/uploads\/2019\/12\/Selim-Bj\u00f6rses-artikel.jpg\" alt=\"\" width=\"2011\" height=\"1078\" srcset=\"https:\/\/www.lassebacklund.fi\/wp-content\/uploads\/2019\/12\/Selim-Bj\u00f6rses-artikel.jpg 2011w, https:\/\/www.lassebacklund.fi\/wp-content\/uploads\/2019\/12\/Selim-Bj\u00f6rses-artikel-300x161.jpg 300w, https:\/\/www.lassebacklund.fi\/wp-content\/uploads\/2019\/12\/Selim-Bj\u00f6rses-artikel-768x412.jpg 768w, https:\/\/www.lassebacklund.fi\/wp-content\/uploads\/2019\/12\/Selim-Bj\u00f6rses-artikel-1024x549.jpg 1024w\" sizes=\"auto, (max-width: 2011px) 100vw, 2011px\" \/><figcaption id=\"caption-attachment-15160\" class=\"wp-caption-text\">\u00c5r 1991 donerade Eric Stens den digra bildsamlingen till skifteslaget i Lappfj\u00e4rd. Urklippet ur Kristinestads Tidning.<\/figcaption><\/figure>\n","protected":false},"excerpt":{"rendered":"<p>Bondesonen Selim Bj\u00f6rses f\u00f6ddes i Lappfj\u00e4rd 7 april 1900 och \u00e5r 1926 utdimitterades han fr\u00e5n Nykarleby seminarium. Han blev sedan folkskoll\u00e4rare i hembyn, fr\u00e4mst d\u00e5 p\u00e5 s\u00f6dra folkskolan tills den st\u00e4ngde \u00e5r 1958. D\u00e5 Kyrkoby svenska folkskola inledde verksamheten samma <a class=\"more-link\" href=\"https:\/\/www.lassebacklund.fi\/?page_id=4555\">Forts\u00e4tt l\u00e4sa <span class=\"screen-reader-text\">  Selim Bj\u00f6rses samlade foton<\/span><span class=\"meta-nav\">&rarr;<\/span><\/a><\/p>\n","protected":false},"author":1,"featured_media":0,"parent":47,"menu_order":0,"comment_status":"closed","ping_status":"closed","template":"","meta":{"footnotes":""},"class_list":["post-4555","page","type-page","status-publish","hentry"],"_links":{"self":[{"href":"https:\/\/www.lassebacklund.fi\/index.php?rest_route=\/wp\/v2\/pages\/4555","targetHints":{"allow":["GET"]}}],"collection":[{"href":"https:\/\/www.lassebacklund.fi\/index.php?rest_route=\/wp\/v2\/pages"}],"about":[{"href":"https:\/\/www.lassebacklund.fi\/index.php?rest_route=\/wp\/v2\/types\/page"}],"author":[{"embeddable":true,"href":"https:\/\/www.lassebacklund.fi\/index.php?rest_route=\/wp\/v2\/users\/1"}],"replies":[{"embeddable":true,"href":"https:\/\/www.lassebacklund.fi\/index.php?rest_route=%2Fwp%2Fv2%2Fcomments&post=4555"}],"version-history":[{"count":55,"href":"https:\/\/www.lassebacklund.fi\/index.php?rest_route=\/wp\/v2\/pages\/4555\/revisions"}],"predecessor-version":[{"id":24311,"href":"https:\/\/www.lassebacklund.fi\/index.php?rest_route=\/wp\/v2\/pages\/4555\/revisions\/24311"}],"up":[{"embeddable":true,"href":"https:\/\/www.lassebacklund.fi\/index.php?rest_route=\/wp\/v2\/pages\/47"}],"wp:attachment":[{"href":"https:\/\/www.lassebacklund.fi\/index.php?rest_route=%2Fwp%2Fv2%2Fmedia&parent=4555"}],"curies":[{"name":"wp","href":"https:\/\/api.w.org\/{rel}","templated":true}]}}