{"id":4385,"date":"2017-06-05T18:12:46","date_gmt":"2017-06-05T16:12:46","guid":{"rendered":"http:\/\/www.lassebacklund.fi\/?page_id=4385"},"modified":"2017-06-05T20:58:17","modified_gmt":"2017-06-05T18:58:17","slug":"erik-ivar-agnas-15-ar-stupade","status":"publish","type":"page","link":"https:\/\/www.lassebacklund.fi\/?page_id=4385","title":{"rendered":"Erik Ivar Agn\u00e4s, 15 \u00e5r stupade."},"content":{"rendered":"<p><span style=\"color: #000080;\">Nedtecknat av Lasse Backlund med hj\u00e4lp av Rolf Stenlund fr\u00e5n Tj\u00f6ck.\u00a0Tidningen Syd-\u00d6sterbotten skrev i april 1918 om en speciell begravning av\u00a0tv\u00e5 Lappfj\u00e4rdsbor. Det var Axel F\u00e4rm (eller Ferm) och blott 15-\u00e5riga Erik Ivar Agn\u00e4s. Erik Ivar hette p\u00e5 riktigt Brunman och han var son till Erik Anders Brunman (f.1877)\u00a0som sedan for till Amerika 1903. Modern hette Anna Kajsa Erlands (f.1874 i Tj\u00f6ck-d.1943 i Lappfj\u00e4rd). Erik Ivar hade en \u00e4ldre syster som hette Alma och hon gifte sig sedan med Frans Viktor Tallskog.<\/span><\/p>\n<p><strong>3.4.1918. Stupade.<\/strong><\/p>\n<p>Under den h\u00e5rda striden i Norrmark i l\u00f6rdags stupade bl.a. Eliel Ferm fr\u00e5n H\u00e4rkmeri, Henriksdal, Bruno Karstr\u00f6m fr\u00e5n Sideby, Ivar Wal\u00e9n fr\u00e5n \u00d6vermark, Vals\u00e5s och O. Koskinen fr\u00e5n Stor\u00e5.<\/p>\n<p><strong>20.4.1918. Begravning.<\/strong><\/p>\n<p>Den 18 dennes begravdes i striden vid Norrmark den 30 mars stupade frihetshj\u00e4ltarna <strong>Axel Eliel Ferm<\/strong> och <strong>Erik Ivar Agn\u00e4s<\/strong> fr\u00e5n Lappfj\u00e4rd. Jordf\u00e4stningen f\u00f6rr\u00e4ttades av prosten Georg Laur\u00e9n. F\u00f6re och efter jordf\u00e4stningen sj\u00f6ng Lappfj\u00e4rd s\u00e5ngk\u00f6r under kantor Ser\u00e9ns ledning.<\/p>\n<p>Begravningen var m\u00e4rklig s\u00e5 tillvida, att den ena av hj\u00e4ltarna Ivar Agn\u00e4s var blott 15 \u00e5r gammal. D\u00e5 tillf\u00e4lle erbj\u00f6ds att anteckna sig i den flygande k\u00e5ren, var Ivar Agn\u00e4s en av de f\u00f6rsta som anm\u00e4lde sig, men anm\u00e4lan kunde p\u00e5 grund av \u00e5ldern ej genast tagas p\u00e5 allvar.<\/p>\n<p>Ivar Agn\u00e4s gav sig emellertid ingen ro, innan han fick sluta sig i de frivilligas led till fosterlandets f\u00f6rsvar. Han var med i den f\u00f6rsta trupp, som fr\u00e5n Kristinestad drog ut till Sastmola. I de heta striderna vid Norrmark den 30 mars tog en fiendekula den 15-\u00e5riga hj\u00e4ltens liv. D\u00e5 en 15-\u00e5rig hj\u00e4lte ljuter sitt liv f\u00f6r fosterlandet, talar detta ett tydligt spr\u00e5k om, hur djupt rotad v\u00e5rt folks frihetsl\u00e4ngtan \u00e4r. V\u00e5r frihetskamp i stunder som \u00e4r, tager alla med p\u00e5 ett eller annat s\u00e4tt fr\u00e5n barnet som just l\u00e4rt sig att tala till \u00e5ldringen som g\u00e5r p\u00e5 gravens bredd. Det \u00e4r ett h\u00f6gt och \u00e4delt m\u00e5l, vartill vart folk k\u00e4mpar.<\/p>\n<p>M\u00e5tte d\u00e4rf\u00f6r segern bli fullst\u00e4ndig!<\/p>\n<p><img loading=\"lazy\" decoding=\"async\" class=\" wp-image-4384 aligncenter\" src=\"http:\/\/www.lassebacklund.fi\/wp-content\/uploads\/2017\/06\/Agn\u00e4s-och-F\u00e4rm.jpg\" alt=\"Agn\u00e4s och F\u00e4rm\" width=\"465\" height=\"415\" srcset=\"https:\/\/www.lassebacklund.fi\/wp-content\/uploads\/2017\/06\/Agn\u00e4s-och-F\u00e4rm.jpg 706w, https:\/\/www.lassebacklund.fi\/wp-content\/uploads\/2017\/06\/Agn\u00e4s-och-F\u00e4rm-300x267.jpg 300w\" sizes=\"auto, (max-width: 465px) 100vw, 465px\" \/><\/p>\n","protected":false},"excerpt":{"rendered":"<p>Nedtecknat av Lasse Backlund med hj\u00e4lp av Rolf Stenlund fr\u00e5n Tj\u00f6ck.\u00a0Tidningen Syd-\u00d6sterbotten skrev i april 1918 om en speciell begravning av\u00a0tv\u00e5 Lappfj\u00e4rdsbor. Det var Axel F\u00e4rm (eller Ferm) och blott 15-\u00e5riga Erik Ivar Agn\u00e4s. Erik Ivar hette p\u00e5 riktigt Brunman <a class=\"more-link\" href=\"https:\/\/www.lassebacklund.fi\/?page_id=4385\">Forts\u00e4tt l\u00e4sa <span class=\"screen-reader-text\">  Erik Ivar Agn\u00e4s, 15 \u00e5r stupade.<\/span><span class=\"meta-nav\">&rarr;<\/span><\/a><\/p>\n","protected":false},"author":1,"featured_media":0,"parent":3752,"menu_order":0,"comment_status":"closed","ping_status":"closed","template":"","meta":{"footnotes":""},"class_list":["post-4385","page","type-page","status-publish","hentry"],"_links":{"self":[{"href":"https:\/\/www.lassebacklund.fi\/index.php?rest_route=\/wp\/v2\/pages\/4385","targetHints":{"allow":["GET"]}}],"collection":[{"href":"https:\/\/www.lassebacklund.fi\/index.php?rest_route=\/wp\/v2\/pages"}],"about":[{"href":"https:\/\/www.lassebacklund.fi\/index.php?rest_route=\/wp\/v2\/types\/page"}],"author":[{"embeddable":true,"href":"https:\/\/www.lassebacklund.fi\/index.php?rest_route=\/wp\/v2\/users\/1"}],"replies":[{"embeddable":true,"href":"https:\/\/www.lassebacklund.fi\/index.php?rest_route=%2Fwp%2Fv2%2Fcomments&post=4385"}],"version-history":[{"count":4,"href":"https:\/\/www.lassebacklund.fi\/index.php?rest_route=\/wp\/v2\/pages\/4385\/revisions"}],"predecessor-version":[{"id":4403,"href":"https:\/\/www.lassebacklund.fi\/index.php?rest_route=\/wp\/v2\/pages\/4385\/revisions\/4403"}],"up":[{"embeddable":true,"href":"https:\/\/www.lassebacklund.fi\/index.php?rest_route=\/wp\/v2\/pages\/3752"}],"wp:attachment":[{"href":"https:\/\/www.lassebacklund.fi\/index.php?rest_route=%2Fwp%2Fv2%2Fmedia&parent=4385"}],"curies":[{"name":"wp","href":"https:\/\/api.w.org\/{rel}","templated":true}]}}