{"id":4162,"date":"2017-05-18T21:34:34","date_gmt":"2017-05-18T19:34:34","guid":{"rendered":"http:\/\/www.lassebacklund.fi\/?page_id=4162"},"modified":"2026-01-04T23:33:41","modified_gmt":"2026-01-04T21:33:41","slug":"hagglunds-hemmans-historia","status":"publish","type":"page","link":"https:\/\/www.lassebacklund.fi\/?page_id=4162","title":{"rendered":"H\u00e4gglunds hemmans historia"},"content":{"rendered":"<p><strong><span style=\"color: #000080;\">Denna utf\u00f6rliga utredning om hemmanet H\u00e4gglunds historia har gjorts av Inga-Lill Sandstr\u00f6m.<\/span><\/strong><\/p>\n<p>Hemmanet H\u00e4gglund 6:12 utgjorde 1\/24 dels mantal av Storkull skattehemman. Det \u00e4gdes vid storskiftets b\u00f6rjan av bonden <strong>Josef Henrik Johansson Storkull (1869-1906).<\/strong> Han var bror till Karl Erik Storkull som blev \u00e4gare till hemmanet Johansson 6:9-11. Hemmansdelen hade han med sin hustru <strong>Amanda Josefsdotter<\/strong> f. Klemets blivit \u00e4gare till genom avhandling <strong>7.10.1893<\/strong> d\u00e5 hans mor Edla Karolina mot livstidssytning \u00f6verl\u00e4t sitt hemman till h\u00e4lften vardera \u00e5t sina s\u00f6ner.<\/p>\n<p>Josef Henrik och hustrun Amanda fick \u00e5r 1897 sonen Frans Josef och \u00e5r 1900 dottern Selma Amanda. Amanda dog i barns\u00e4ng \u00e5r 1900, d\u00e5 dottern f\u00f6ddes. Josef Henrik gifte om sig med Vilhelmina Johansdotter f. Isuls men hon gick samma \u00f6de till m\u00f6tes redan f\u00f6ljande \u00e5r 1901. H\u00f6sten 1901 for Josef Henrik till Amerika och modern Edla Karolina tog hand om de sm\u00e5 barnen. Josef Henrik \u00e5terv\u00e4nde fr\u00e5n Amerika efter en tid d\u00e5 han blev sjuk och han avled i lungsot 1906 endast 36 \u00e5r gammal. \u00c5r 1916 for sonen Frans Josef till Amerika, d\u00e4r han gifte sig med Ida Antell. Dottern Selma Amanda gifte sig \u00e5r 1922 med Selim Ahlkulla i Lappfj\u00e4rd.<\/p>\n<p>H\u00e4gglund hemmanet 6:12 s\u00e5ldes och vid storskiftes sammantr\u00e4det \u00e5r 1907 \u00e4gdes hemmanet samf\u00e4llt av Erik Anders och Johan Josefss\u00f6ner och Viktor Karlsson L\u00e5ng.<\/p>\n<p>H\u00e4lften av detta hemman eller <strong>1\/48 del <\/strong>hade <strong>Viktor Karlsson L\u00e5ng<\/strong> f. 1856 blivit \u00e4gare till genom avhandling den <strong>17.5.1907<\/strong>. I 1910-\u00e5rs mantalsl\u00e4ngd bor han p\u00e5 hemmanet tillsammans med hustrun Greta f. 1850, dottern Selma f. 1888 och sonen Josef f. 1884 med hustrun Maria f. 1877 (Becka-as Josip och Mari).<\/p>\n<p>Andra halvan av hemmanet ocks\u00e5 1\/48 del k\u00f6pte <strong>Johan Ohriluoma<\/strong> och hustrun Tilda den 15 april 1908. Denna del s\u00e5ldes till <strong>Frans och Sofia Marttila<\/strong> den 25 juni 1912.<\/p>\n<p>Efter Frans Marttilas d\u00f6d s\u00e4ljer \u00e4nkan Amanda Sofia, tillsammans med sina utrikesvarande d\u00f6ttrar Hilma, Maria och Elsa samt tv\u00e5 minder\u00e5riga barn, hemmanet om 1\/48 dels mantal av Storkull. K\u00f6pebrevet skrivs den <strong>1 maj 1915<\/strong> och k\u00f6pare \u00e4r <strong>Frans Robert och Amanda Luoma<\/strong>. Priset \u00e4r 6.200 mark samt skyldighet att utge sytning \u00e5t \u00e4nkan Edla Karolina Storkull.<\/p>\n<p>Efter detta blev Frans och Amanda Luoma (J\u00e4mike) \u00e4gare till ett stort hemman i Palon eftersom de ett \u00e5r tidigare ocks\u00e5 hade k\u00f6pt 1\/24 del av grann-hemmanet Johansson 6:9-11.<\/p>\n<p><strong>\u00c5r 1936, den 30 juni<\/strong> s\u00e5lde Frans och Amanda Luoma sin \u00e4gande del av hemmanet H\u00e4gglund 6:41 \u00e5t yngsta sonen Artturi och Lyydia Luoma. De hade redan 1934 k\u00f6pt en fj\u00e4rdedel av hemmanet Johansson, ocks\u00e5 av sina f\u00f6r\u00e4ldrar.<\/p>\n","protected":false},"excerpt":{"rendered":"<p>Denna utf\u00f6rliga utredning om hemmanet H\u00e4gglunds historia har gjorts av Inga-Lill Sandstr\u00f6m. Hemmanet H\u00e4gglund 6:12 utgjorde 1\/24 dels mantal av Storkull skattehemman. Det \u00e4gdes vid storskiftets b\u00f6rjan av bonden Josef Henrik Johansson Storkull (1869-1906). Han var bror till Karl Erik <a class=\"more-link\" href=\"https:\/\/www.lassebacklund.fi\/?page_id=4162\">Forts\u00e4tt l\u00e4sa <span class=\"screen-reader-text\">  H\u00e4gglunds hemmans historia<\/span><span class=\"meta-nav\">&rarr;<\/span><\/a><\/p>\n","protected":false},"author":1,"featured_media":0,"parent":4156,"menu_order":0,"comment_status":"closed","ping_status":"closed","template":"","meta":{"footnotes":""},"class_list":["post-4162","page","type-page","status-publish","hentry"],"_links":{"self":[{"href":"https:\/\/www.lassebacklund.fi\/index.php?rest_route=\/wp\/v2\/pages\/4162","targetHints":{"allow":["GET"]}}],"collection":[{"href":"https:\/\/www.lassebacklund.fi\/index.php?rest_route=\/wp\/v2\/pages"}],"about":[{"href":"https:\/\/www.lassebacklund.fi\/index.php?rest_route=\/wp\/v2\/types\/page"}],"author":[{"embeddable":true,"href":"https:\/\/www.lassebacklund.fi\/index.php?rest_route=\/wp\/v2\/users\/1"}],"replies":[{"embeddable":true,"href":"https:\/\/www.lassebacklund.fi\/index.php?rest_route=%2Fwp%2Fv2%2Fcomments&post=4162"}],"version-history":[{"count":5,"href":"https:\/\/www.lassebacklund.fi\/index.php?rest_route=\/wp\/v2\/pages\/4162\/revisions"}],"predecessor-version":[{"id":25363,"href":"https:\/\/www.lassebacklund.fi\/index.php?rest_route=\/wp\/v2\/pages\/4162\/revisions\/25363"}],"up":[{"embeddable":true,"href":"https:\/\/www.lassebacklund.fi\/index.php?rest_route=\/wp\/v2\/pages\/4156"}],"wp:attachment":[{"href":"https:\/\/www.lassebacklund.fi\/index.php?rest_route=%2Fwp%2Fv2%2Fmedia&parent=4162"}],"curies":[{"name":"wp","href":"https:\/\/api.w.org\/{rel}","templated":true}]}}