{"id":3925,"date":"2017-05-04T18:48:10","date_gmt":"2017-05-04T16:48:10","guid":{"rendered":"http:\/\/www.lassebacklund.fi\/?page_id=3925"},"modified":"2017-05-04T18:48:10","modified_gmt":"2017-05-04T16:48:10","slug":"fiskbussen-i-diket","status":"publish","type":"page","link":"https:\/\/www.lassebacklund.fi\/?page_id=3925","title":{"rendered":"&#8221;Fiskbussen&#8221; i diket."},"content":{"rendered":"<p><span style=\"color: #000080;\">I en tidningsartikel 15.12.1936 i Syd-\u00d6sterbotten st\u00e5r det s\u00e5 h\u00e4r:<\/span><\/p>\n<p>I det synnerligen sv\u00e5ra f\u00f6ret med isgata och sm\u00e4ltande yttj\u00e4le under de senaste dagarna ha bilar flerst\u00e4des hamnat i diket. I allm\u00e4nhet ha dock st\u00f6rre skador undvikits tack vare den stora f\u00f6rsiktighet chauff\u00f6rerna tvungits iakttaga.<\/p>\n<p>Ett hotfullt tillbud intr\u00e4ffade kl. 10.45 p\u00e5 fredagen i Dagsmark. Den s.k. fiskbussen mellan Vasa och Helsingfors befann sig p\u00e5 resa s\u00f6derut. I den sv\u00e5ra kurvan vid Erland B\u00e5sks g\u00e5rd i Dagsmark t\u00e4cktes den glashala isgatan av vatten, varf\u00f6r den var ytterst f\u00f6rr\u00e4disk. D\u00e5 chauff\u00f6ren tydligen ans\u00e5g, att bussen hade f\u00f6r h\u00f6g fart, f\u00f6rs\u00f6kte han bromsa in den med den p\u00e5f\u00f6ljd, att den tungt lastade vagnen slirade ut \u00f6ver ytterkanten, d\u00e4r den med sidan f\u00f6re kolliderade med en stolpe. Denna hindrade bussen att stj\u00e4lpa men alla f\u00f6nster p\u00e5 h\u00f6gra sidan krossades. Bussen hade sex passagerare men lyckligtvis blev ingen skadad. Vid polisunders\u00f6kningen har det konstaterats att en ren olycksh\u00e4ndelse f\u00f6religger.<\/p>\n","protected":false},"excerpt":{"rendered":"<p>I en tidningsartikel 15.12.1936 i Syd-\u00d6sterbotten st\u00e5r det s\u00e5 h\u00e4r: I det synnerligen sv\u00e5ra f\u00f6ret med isgata och sm\u00e4ltande yttj\u00e4le under de senaste dagarna ha bilar flerst\u00e4des hamnat i diket. I allm\u00e4nhet ha dock st\u00f6rre skador undvikits tack vare den <a class=\"more-link\" href=\"https:\/\/www.lassebacklund.fi\/?page_id=3925\">Forts\u00e4tt l\u00e4sa <span class=\"screen-reader-text\">  &#8221;Fiskbussen&#8221; i diket.<\/span><span class=\"meta-nav\">&rarr;<\/span><\/a><\/p>\n","protected":false},"author":1,"featured_media":0,"parent":528,"menu_order":0,"comment_status":"closed","ping_status":"closed","template":"","meta":{"footnotes":""},"class_list":["post-3925","page","type-page","status-publish","hentry"],"_links":{"self":[{"href":"https:\/\/www.lassebacklund.fi\/index.php?rest_route=\/wp\/v2\/pages\/3925","targetHints":{"allow":["GET"]}}],"collection":[{"href":"https:\/\/www.lassebacklund.fi\/index.php?rest_route=\/wp\/v2\/pages"}],"about":[{"href":"https:\/\/www.lassebacklund.fi\/index.php?rest_route=\/wp\/v2\/types\/page"}],"author":[{"embeddable":true,"href":"https:\/\/www.lassebacklund.fi\/index.php?rest_route=\/wp\/v2\/users\/1"}],"replies":[{"embeddable":true,"href":"https:\/\/www.lassebacklund.fi\/index.php?rest_route=%2Fwp%2Fv2%2Fcomments&post=3925"}],"version-history":[{"count":1,"href":"https:\/\/www.lassebacklund.fi\/index.php?rest_route=\/wp\/v2\/pages\/3925\/revisions"}],"predecessor-version":[{"id":3926,"href":"https:\/\/www.lassebacklund.fi\/index.php?rest_route=\/wp\/v2\/pages\/3925\/revisions\/3926"}],"up":[{"embeddable":true,"href":"https:\/\/www.lassebacklund.fi\/index.php?rest_route=\/wp\/v2\/pages\/528"}],"wp:attachment":[{"href":"https:\/\/www.lassebacklund.fi\/index.php?rest_route=%2Fwp%2Fv2%2Fmedia&parent=3925"}],"curies":[{"name":"wp","href":"https:\/\/api.w.org\/{rel}","templated":true}]}}