{"id":3729,"date":"2017-04-21T18:28:18","date_gmt":"2017-04-21T16:28:18","guid":{"rendered":"http:\/\/www.lassebacklund.fi\/?page_id=3729"},"modified":"2021-02-13T00:08:36","modified_gmt":"2021-02-12T22:08:36","slug":"tidningsurklipp-fran-seklets-borjan","status":"publish","type":"page","link":"https:\/\/www.lassebacklund.fi\/?page_id=3729","title":{"rendered":"Tidningsurklipp runt f\u00f6rra sekelskiftet."},"content":{"rendered":"<h5><a class=\"fasc-button fasc-size-medium fasc-type-glossy fasc-rounded-medium\" style=\"background-color: #33809e; color: #ffffff;\" href=\"https:\/\/www.lassebacklund.fi\/?page_id=19065\">1900<\/a><\/h5>\n<p>Under \u00e5ren 1901 och 1902 utkom det inga svenskspr\u00e5kiga tidningar i Syd\u00f6sterbotten. Kristinestads Tidning som hade b\u00f6rjat utkomma 1897 drogs in &#8221;f\u00f6r alltid&#8221; p\u00e5 grund av den ryska censuren till julen 1900. Tidningen \u00e5teruppstod i mitten av januari 1903 under namnet Syd-\u00d6sterbotten och den har utkommit utan avbrott sedan dess.<\/p>\n<h5><a class=\"fasc-button fasc-size-medium fasc-type-glossy fasc-rounded-medium\" style=\"background-color: #33809e; color: #ffffff;\" href=\"https:\/\/www.lassebacklund.fi\/?page_id=19070\">1903<\/a><\/h5>\n<h5><a class=\"fasc-button fasc-size-medium fasc-type-glossy fasc-rounded-medium\" style=\"background-color: #33809e; color: #ffffff;\" href=\"https:\/\/www.lassebacklund.fi\/?page_id=18200\">1904<\/a><\/h5>\n<h5><a class=\"fasc-button fasc-size-medium fasc-type-glossy fasc-rounded-medium\" style=\"background-color: #33809e; color: #ffffff;\" href=\"https:\/\/www.lassebacklund.fi\/?page_id=18400\">1905<\/a><\/h5>\n<h5><a class=\"fasc-button fasc-size-medium fasc-type-glossy fasc-rounded-medium\" style=\"background-color: #33809e; color: #ffffff;\" href=\"https:\/\/www.lassebacklund.fi\/?page_id=19076\">1906<\/a><\/h5>\n<h5><a class=\"fasc-button fasc-size-medium fasc-type-glossy fasc-rounded-medium\" style=\"background-color: #33809e; color: #ffffff;\" href=\"https:\/\/www.lassebacklund.fi\/?page_id=19080\">1907<\/a><\/h5>\n<h5><a class=\"fasc-button fasc-size-medium fasc-type-glossy fasc-rounded-medium\" style=\"background-color: #33809e; color: #ffffff;\" href=\"https:\/\/www.lassebacklund.fi\/?page_id=19056\">1908<\/a><\/h5>\n<p><span style=\"color: #ffffff;\"><a class=\"fasc-button fasc-size-medium fasc-type-glossy fasc-rounded-medium\" style=\"background-color: #33809e; color: #ffffff;\">1909<\/a><\/span><\/p>\n<p>&nbsp;<\/p>\n","protected":false},"excerpt":{"rendered":"<p>1900 Under \u00e5ren 1901 och 1902 utkom det inga svenskspr\u00e5kiga tidningar i Syd\u00f6sterbotten. Kristinestads Tidning som hade b\u00f6rjat utkomma 1897 drogs in &#8221;f\u00f6r alltid&#8221; p\u00e5 grund av den ryska censuren till julen 1900. Tidningen \u00e5teruppstod i mitten av januari 1903 <a class=\"more-link\" href=\"https:\/\/www.lassebacklund.fi\/?page_id=3729\">Forts\u00e4tt l\u00e4sa <span class=\"screen-reader-text\">  Tidningsurklipp runt f\u00f6rra sekelskiftet.<\/span><span class=\"meta-nav\">&rarr;<\/span><\/a><\/p>\n","protected":false},"author":1,"featured_media":0,"parent":25,"menu_order":1890,"comment_status":"closed","ping_status":"closed","template":"","meta":{"footnotes":""},"class_list":["post-3729","page","type-page","status-publish","hentry"],"_links":{"self":[{"href":"https:\/\/www.lassebacklund.fi\/index.php?rest_route=\/wp\/v2\/pages\/3729","targetHints":{"allow":["GET"]}}],"collection":[{"href":"https:\/\/www.lassebacklund.fi\/index.php?rest_route=\/wp\/v2\/pages"}],"about":[{"href":"https:\/\/www.lassebacklund.fi\/index.php?rest_route=\/wp\/v2\/types\/page"}],"author":[{"embeddable":true,"href":"https:\/\/www.lassebacklund.fi\/index.php?rest_route=\/wp\/v2\/users\/1"}],"replies":[{"embeddable":true,"href":"https:\/\/www.lassebacklund.fi\/index.php?rest_route=%2Fwp%2Fv2%2Fcomments&post=3729"}],"version-history":[{"count":67,"href":"https:\/\/www.lassebacklund.fi\/index.php?rest_route=\/wp\/v2\/pages\/3729\/revisions"}],"predecessor-version":[{"id":19475,"href":"https:\/\/www.lassebacklund.fi\/index.php?rest_route=\/wp\/v2\/pages\/3729\/revisions\/19475"}],"up":[{"embeddable":true,"href":"https:\/\/www.lassebacklund.fi\/index.php?rest_route=\/wp\/v2\/pages\/25"}],"wp:attachment":[{"href":"https:\/\/www.lassebacklund.fi\/index.php?rest_route=%2Fwp%2Fv2%2Fmedia&parent=3729"}],"curies":[{"name":"wp","href":"https:\/\/api.w.org\/{rel}","templated":true}]}}