{"id":3549,"date":"2017-03-27T18:21:55","date_gmt":"2017-03-27T16:21:55","guid":{"rendered":"http:\/\/www.lassebacklund.fi\/?page_id=3549"},"modified":"2018-10-30T18:03:32","modified_gmt":"2018-10-30T17:03:32","slug":"arsmote-1934","status":"publish","type":"page","link":"https:\/\/www.lassebacklund.fi\/?page_id=3549","title":{"rendered":"\u00c5rsm\u00f6te 1934."},"content":{"rendered":"<p><span style=\"color: #000080;\">Onsdagen den 28 mars 1934 h\u00f6lls det \u00e5rsst\u00e4mmor p\u00e5 ungdomshemmet. Ett 40-tal medlemmar deltog och f\u00f6rst h\u00f6lls Dagsmark Andelskassas st\u00e4mma och efter en kaffepaus Dagsmark Andelsmejeri. Ur \u00e5rsber\u00e4ttelsen f\u00f6r \u00e5r 1933 kan l\u00e4sas:<\/span><\/p>\n<p>H\u00e4r framgick att mj\u00f6lktillf\u00f6rseln till mejeriet v\u00e4sentligt nedg\u00e5tt, s\u00e5lunda har under 304 verksamhetsdagar inv\u00e4gts 482,249 kg mot 699,677 kg \u00e5ret f\u00f6rut. Medelmj\u00f6lkm\u00e4ngden per leveransdag utg\u00f6r 1,596 kg och medelfettprocenten 3,631. Av den inv\u00e4gda mj\u00f6lken har tillverkats 20,331 kg sm\u00f6r, som huvudsakligast s\u00e5lts genom Centralandelslaget Enigheten. Totalinkomsten f\u00f6r produkter stiger till 404,962:60. F\u00f6r den mj\u00f6lk som under \u00e5ret levererats till mejeriet, har i likvider utbetalats fmk 301,033:50 med ett medelpris av 62,5 pi pr kg. Till fonderna har \u00f6verf\u00f6rts 8,480:- och till avskrivningar disponerats 30,000:-. Driftskostnaderna stiga till 69,063:83. Ett \u00f6verskott av fmk 2,14584 besl\u00f6t st\u00e4mman \u00f6verf\u00f6ra till reservfonden. Mejeriets skuld, som under \u00e5ret avkortats med 35,000 mark, utg\u00f6r numera 220,000 mark.<\/p>\n","protected":false},"excerpt":{"rendered":"<p>Onsdagen den 28 mars 1934 h\u00f6lls det \u00e5rsst\u00e4mmor p\u00e5 ungdomshemmet. Ett 40-tal medlemmar deltog och f\u00f6rst h\u00f6lls Dagsmark Andelskassas st\u00e4mma och efter en kaffepaus Dagsmark Andelsmejeri. Ur \u00e5rsber\u00e4ttelsen f\u00f6r \u00e5r 1933 kan l\u00e4sas: H\u00e4r framgick att mj\u00f6lktillf\u00f6rseln till mejeriet v\u00e4sentligt <a class=\"more-link\" href=\"https:\/\/www.lassebacklund.fi\/?page_id=3549\">Forts\u00e4tt l\u00e4sa <span class=\"screen-reader-text\">  \u00c5rsm\u00f6te 1934.<\/span><span class=\"meta-nav\">&rarr;<\/span><\/a><\/p>\n","protected":false},"author":1,"featured_media":0,"parent":1332,"menu_order":1934,"comment_status":"closed","ping_status":"closed","template":"","meta":{"footnotes":""},"class_list":["post-3549","page","type-page","status-publish","hentry"],"_links":{"self":[{"href":"https:\/\/www.lassebacklund.fi\/index.php?rest_route=\/wp\/v2\/pages\/3549","targetHints":{"allow":["GET"]}}],"collection":[{"href":"https:\/\/www.lassebacklund.fi\/index.php?rest_route=\/wp\/v2\/pages"}],"about":[{"href":"https:\/\/www.lassebacklund.fi\/index.php?rest_route=\/wp\/v2\/types\/page"}],"author":[{"embeddable":true,"href":"https:\/\/www.lassebacklund.fi\/index.php?rest_route=\/wp\/v2\/users\/1"}],"replies":[{"embeddable":true,"href":"https:\/\/www.lassebacklund.fi\/index.php?rest_route=%2Fwp%2Fv2%2Fcomments&post=3549"}],"version-history":[{"count":1,"href":"https:\/\/www.lassebacklund.fi\/index.php?rest_route=\/wp\/v2\/pages\/3549\/revisions"}],"predecessor-version":[{"id":3550,"href":"https:\/\/www.lassebacklund.fi\/index.php?rest_route=\/wp\/v2\/pages\/3549\/revisions\/3550"}],"up":[{"embeddable":true,"href":"https:\/\/www.lassebacklund.fi\/index.php?rest_route=\/wp\/v2\/pages\/1332"}],"wp:attachment":[{"href":"https:\/\/www.lassebacklund.fi\/index.php?rest_route=%2Fwp%2Fv2%2Fmedia&parent=3549"}],"curies":[{"name":"wp","href":"https:\/\/api.w.org\/{rel}","templated":true}]}}