{"id":2909,"date":"2017-02-25T20:00:57","date_gmt":"2017-02-25T19:00:57","guid":{"rendered":"http:\/\/www.lassebacklund.fi\/?page_id=2909"},"modified":"2020-12-15T18:32:50","modified_gmt":"2020-12-15T16:32:50","slug":"ta-farbro-jaaga-bjoonin","status":"publish","type":"page","link":"https:\/\/www.lassebacklund.fi\/?page_id=2909","title":{"rendered":"T\u00e5 farbro jaaga bj\u00f6\u00f6nin."},"content":{"rendered":"<p><span style=\"color: #000080;\">Av Gunnar Gr\u00f6ndahl, lantm\u00e4tare och naturv\u00e5rdare.<\/span><\/p>\n<p>Farbro men va en ivri r\u00e4\u00e4vj\u00e4\u00e4gar. Han maata dom f\u00f6 ti sedan f\u00e5ng dom me sax. Han va tilliik en som vi nu kallar naturentusiast, som annos oh bare tyckt om ti gaa i skoojin. Papp men tyckt it naa om t\u00e5dde jyk\u00e4<strong>l<\/strong>. Man sku sj\u00f6it joo<strong>l<\/strong>en och it f\u00f6rsum tiidin me ti spring me b\u00f6sson ti skoojin. Pappas ordst\u00e4\u00e4v vaa \u201db\u00f6sson och l\u00e5\u00e5se draar koddon ur b\u00e5\u00e5se.<\/p>\n<p>Farbro fee noo r\u00e4\u00e4van ti kom \u00e5 jeet \u00e5\u00e5v he an laag ut \u00e5t dom i skoojin. Han sm\u00f6rja r\u00e4vsaxan eenlit alla konstens regler men feeg it nain r\u00e4v i. Farbror va en storr\u00f6jkar, s\u00e5 r\u00e4\u00e4vin k\u00e4nd tobaksloften \u00e5\u00e5v an \u00e5p laangt haald. I Stoliiden fanns samtidit en storj\u00e4gar, som kallast fe Kuja Joss. Han too r\u00e4\u00e4van som farbror had maata. Men he va ju it en r\u00e4\u00e4vjakt ja sku ber\u00e4tt om, utan hur he jeeg till t\u00e5 farbro trodd he an sp\u00e5ra en bj\u00f6rn.<\/p>\n<p>Farbro va som vaanligt \u00e5 vandra i skoojin \u00e4nda ti Milanliiden. He va i b\u00f6rjan \u00e5v vintrin me lite sn\u00f6\u00f6g \u00e5p joolen, so e s\u00e5nst braa kva som ha f\u00e4last. B\u00e4st e vaa b\u00f6rja farbro sii stor, rund f\u00e4\u00e4<strong>l<\/strong>ar. He ha kryssa i tomde t\u00e4\u00e4t gr\u00e4nnsn\u00e5ren. Han b\u00f6rja f\u00e5li t\u00e5mde f\u00e4\u00e4<strong>l<\/strong>an \u00e5 trodd att he va in bj\u00f6\u00f6n, som ha vuri ut \u00e5 gaa. He sku ha vuri na mytji s\u00e4llsynt han tiidin me bj\u00f6\u00f6n.<\/p>\n<p>Farbror kryssa i b\u00e5skan baaket t\u00e5mde f\u00e4\u00e4lan in heilan baaketmidda. Ti sluut b\u00f6rja sp\u00e5ren draa se neer mot Stoliiden. Farbro b\u00f6rja f\u00f6rst\u00e5ss vaar lite bekymra men han foots\u00e4tt me ti f\u00e5li sp\u00e5ren. Ti sist jeeg f\u00e4\u00e4lan in i en g\u00e5\u00e5l. Han s\u00e5\u00e5g riktigt f\u00e4\u00e4lan \u00e5p trappon in ti skr\u00e4ddarinas i Stoliiden. T\u00e5 f\u00f6rsto noo farbro he an a vaali luura.<\/p>\n<p>L\u00f6\u00f6sningen ti probleme vaa, att i Stoliiden fanns en som kallast fe \u201dBollfoot\u201d. Han haa tr\u00e4b\u00e4inen \u00e5 han ha vuri ut i Milanliiden \u00e5 l\u00e4ita st\u00f6<strong>l<\/strong>ingan. S\u00e5 va e me han bj\u00f6\u00f6njaktin. F\u00e5ltje i Dagsmartjen \u2013 t\u00e5m som je gaamblar \u2013 draar no \u00e5p munun t\u00e5 d\u00e5m l\u00e4\u00e4ser hitje, men he l\u00e4\u00e4r no finns in d\u00e4il fakta bakom, s\u00e5 he je it t\u00e4i direkt ur luften. Troo kva ni vill.<\/p>\n<p><span style=\"color: #000080;\">Denna ber\u00e4ttelse var skriven av Gunnar Gr\u00f6ndahl (1907-1984) den 28 februari 1984, bara n\u00e5gon m\u00e5nad innan han dog. \u201dPapp men\u201d var Gr\u00f6ndahlas-Viktor (1861-1936) och huvudpersonen i denna ber\u00e4ttelse var Viktors bror, allts\u00e5 Gunnars farbror\u00a0Josef B\u00e5sk (1859-1950). De h\u00e4r br\u00f6derna f\u00f6ddes n\u00e4ra Kiaskroken men blev flyttade till \u00c5backan vid storskiftet 1900-1912.<\/span><\/p>\n<p><span style=\"color: #000080;\">\u201dSt\u00f6lingan\u201d som Bollfoot hade h\u00e4mtat, \u00e4r unga sm\u00e5granar som togs fr\u00e5n skogen och de anv\u00e4ndes till att binda ihop g\u00e4rdesg\u00e5rdar med. Tr\u00e4b\u00e4inen som Bollfoot hade heter ju proteser nuf\u00f6rtiden.<\/span><\/p>\n","protected":false},"excerpt":{"rendered":"<p>Av Gunnar Gr\u00f6ndahl, lantm\u00e4tare och naturv\u00e5rdare. Farbro men va en ivri r\u00e4\u00e4vj\u00e4\u00e4gar. Han maata dom f\u00f6 ti sedan f\u00e5ng dom me sax. Han va tilliik en som vi nu kallar naturentusiast, som annos oh bare tyckt om ti gaa i <a class=\"more-link\" href=\"https:\/\/www.lassebacklund.fi\/?page_id=2909\">Forts\u00e4tt l\u00e4sa <span class=\"screen-reader-text\">  T\u00e5 farbro jaaga bj\u00f6\u00f6nin.<\/span><span class=\"meta-nav\">&rarr;<\/span><\/a><\/p>\n","protected":false},"author":1,"featured_media":0,"parent":17992,"menu_order":2,"comment_status":"closed","ping_status":"closed","template":"","meta":{"footnotes":""},"class_list":["post-2909","page","type-page","status-publish","hentry"],"_links":{"self":[{"href":"https:\/\/www.lassebacklund.fi\/index.php?rest_route=\/wp\/v2\/pages\/2909","targetHints":{"allow":["GET"]}}],"collection":[{"href":"https:\/\/www.lassebacklund.fi\/index.php?rest_route=\/wp\/v2\/pages"}],"about":[{"href":"https:\/\/www.lassebacklund.fi\/index.php?rest_route=\/wp\/v2\/types\/page"}],"author":[{"embeddable":true,"href":"https:\/\/www.lassebacklund.fi\/index.php?rest_route=\/wp\/v2\/users\/1"}],"replies":[{"embeddable":true,"href":"https:\/\/www.lassebacklund.fi\/index.php?rest_route=%2Fwp%2Fv2%2Fcomments&post=2909"}],"version-history":[{"count":3,"href":"https:\/\/www.lassebacklund.fi\/index.php?rest_route=\/wp\/v2\/pages\/2909\/revisions"}],"predecessor-version":[{"id":2912,"href":"https:\/\/www.lassebacklund.fi\/index.php?rest_route=\/wp\/v2\/pages\/2909\/revisions\/2912"}],"up":[{"embeddable":true,"href":"https:\/\/www.lassebacklund.fi\/index.php?rest_route=\/wp\/v2\/pages\/17992"}],"wp:attachment":[{"href":"https:\/\/www.lassebacklund.fi\/index.php?rest_route=%2Fwp%2Fv2%2Fmedia&parent=2909"}],"curies":[{"name":"wp","href":"https:\/\/api.w.org\/{rel}","templated":true}]}}