{"id":25220,"date":"2025-12-23T18:49:31","date_gmt":"2025-12-23T16:49:31","guid":{"rendered":"https:\/\/www.lassebacklund.fi\/?page_id=25220"},"modified":"2026-01-06T13:12:59","modified_gmt":"2026-01-06T11:12:59","slug":"lillsjo-mina-1869-1928","status":"publish","type":"page","link":"https:\/\/www.lassebacklund.fi\/?page_id=25220","title":{"rendered":"Lillsj\u00f6 Mina p\u00e5 Lillsj\u00f6v\u00e4gen ca 340"},"content":{"rendered":"<p><span style=\"color: #000080;\"><strong>Sammanst\u00e4llt av Lasse Backlund i december 2025. Uppgifterna \u00e4r tagna ur gamla lagfarter och kyrkb\u00f6cker.<\/strong><\/span><\/p>\n<p>Wilhelmina, som kallades Mina (1869-1928) f\u00f6ddes i Kvarn\u00e5 och hon var dotter till bonden Gustaf Karlsson Rosenback (1838\u20131884) och Anna Maria Korsb\u00e4ck (1840\u20131896).<\/p>\n<p><strong>\u00c5r 1889<\/strong>, d\u00e5 hon var 20 \u00e5r gammal gifte hon sig med bondsonen Erik Johan Lillsj\u00f6 (1863\u20131901) som \u00e5r 1893 skulle f\u00f6rv\u00e4rva h\u00e4lften av fadern Johan Johansson Lillsj\u00f6s hemman p\u00e5 1\/8 dels mtl uppe i Lillsj\u00f6. Erik Johans bror Viktor Lillsj\u00f6 f\u00f6rv\u00e4rvade den andra halvan och han flyttade sedan b\u00e5de g\u00e5rden och sin hemmanshalva till Stormyron n\u00e4ra Perus.<\/p>\n<p>Den h\u00e4r Viktor, som kallades \u201dLillsj\u00f6 Gam\u00e4lin\u201d var f\u00f6r \u00f6vrigt gift med Minas syster Maria Sofia (1866\u20131945). Mina hade ocks\u00e5 flera andra syskon, bland annat \u201dKv\u00e4\u00e4n\u00e5 Kajs\u201d som \u00e4gde ett stort hemman i Kvarn\u00e5 och s\u00e5 var hon syster till \u201dP\u00e4r\u00e5sl\u00e4rarin\u201d Henrik Rosenback.<\/p>\n<p>Erik Johan och Mina, som nu kallades \u201dLillsj\u00f6 Mina\u201d fick en dotter Ida (1891\u20131952), som \u00e5r 1913 gifte sig med Otto Skoglund i H\u00e4rkmeri.<\/p>\n<h4><strong>Josef Lillkull tar \u00f6ver hemmanet<\/strong><\/h4>\n<p><strong>\u00c5r 1900 den 27 november<\/strong> s\u00e5lde Erik Johan och Mina sitt hemman p\u00e5 1\/16 dels mtl \u00e5t b\u00f6nderna &#8221;Lillsj\u00f6 Gam\u00e4lin&#8221;, allts\u00e5 Viktor Johansson Lillsj\u00f6 och till &#8221;Lillsj\u00f6 Mattasin&#8221;, allts\u00e5 Viktor Mattsson Lillsj\u00f6, senare L\u00f6vg\u00e5rd.<\/p>\n<p><strong>\u00c5r 1900 i november<\/strong>, allts\u00e5 samtidigt som Erik Johan s\u00e5lde hemmanet gjorde han och Mina ett livstids arrendekontrakt med b\u00f6nderna Viktor Johansson Lillsj\u00f6, som var hans bror och med Lillsj\u00f6 Mattasin. Enligt arrendekontraktet skulle Erik Johan inneha en g\u00e5rdstomt och en hem\u00e5ker p\u00e5 1 ha och skogsmark i fyra olika skiften p\u00e5 n\u00e4stan 4 ha. I arrendekontraktet\u00a0 ingick &#8221;hemmanets andel i den s\u00e5kallade Gr\u00e4sfr\u00f6\u00e5kern, tre st\u00f6rre tegar i Ri\u00e5kern p\u00e5 nedre sidan av v\u00e4gen, tv\u00e5 tegar av de s\u00e5kallade Brunnstegarna samt hagen bakom f\u00e4huset \u00e4fvensom hemmanets andel i det skogsskifte, som str\u00e4cker sig fr\u00e5n tr\u00e4skr\u00e5n till Badstug\u00e4rdan vid norra r\u00e5n samt det skogsskifte \u00e5 den s\u00e5kallade &#8221;Johan Erikasbackan&#8221;, som str\u00e4cker sig fr\u00e5n tr\u00e4skr\u00e5n till Ri\u00e5kerg\u00e4rdan utom det att tre af Erik Lillsj\u00f6s och hans hustrus kreatur sommartid f\u00e5 beta tillsammans med hemmanets kreatur och skall h\u00e4rf\u00f6r till hemmanet erl\u00e4ggas ett \u00e5rligt arrende af tv\u00e5 mark&#8221;. Hans mindre boningsstuga stod p\u00e5 fadern Johan Johansson Lillsj\u00f6s g\u00e5rdsplan. I arrendeavtalet best\u00e4mdes det ocks\u00e5 att om torpet vid en eventuell storskiftesreglering skulle byta \u00e4gare, s\u00e5 skulle hemmanets \u00e4gare se till att motsvarande marker skulle skaffas \u00e5t torparna Erik Johan och Mina.<\/p>\n<p>De tv\u00e5 k\u00f6parna s\u00e5lde i december samma \u00e5r hemmanet vidare \u00e5t bonden Josef Mattsson och Anna Kajsa Lillkull.<\/p>\n<p>Erik Johan var sjuklig och han avled i januari 1901.<\/p>\n<h4><strong>Henrik Lillsj\u00f6 tar \u00f6ver<\/strong><\/h4>\n<p><strong>\u00c5r 1904<\/strong> s\u00e5lde Lillkull hemmanet p\u00e5 1\/16 dels mtl vidare \u00e5t &#8221;Lillsj\u00f6 Hindrik&#8221;, allts\u00e5 Henrik Johansson Lillsj\u00f6, som ocks\u00e5 \u00f6vertog Minas torpkontrakt.<\/p>\n<figure id=\"attachment_17778\" aria-describedby=\"caption-attachment-17778\" style=\"width: 1227px\" class=\"wp-caption alignnone\"><img loading=\"lazy\" decoding=\"async\" class=\"size-full wp-image-17778\" src=\"https:\/\/www.lassebacklund.fi\/wp-content\/uploads\/2020\/09\/Lillsjo-i-narbild.jpg\" alt=\"\" width=\"1227\" height=\"531\" srcset=\"https:\/\/www.lassebacklund.fi\/wp-content\/uploads\/2020\/09\/Lillsjo-i-narbild.jpg 1227w, https:\/\/www.lassebacklund.fi\/wp-content\/uploads\/2020\/09\/Lillsjo-i-narbild-300x130.jpg 300w, https:\/\/www.lassebacklund.fi\/wp-content\/uploads\/2020\/09\/Lillsjo-i-narbild-1024x443.jpg 1024w, https:\/\/www.lassebacklund.fi\/wp-content\/uploads\/2020\/09\/Lillsjo-i-narbild-768x332.jpg 768w\" sizes=\"auto, (max-width: 1227px) 100vw, 1227px\" \/><figcaption id=\"caption-attachment-17778\" class=\"wp-caption-text\">G\u00e5rdsgruppen till h\u00f6ger \u00e4gdes av Erik Johan Lillsj\u00f6s far och det var h\u00e4r p\u00e5 g\u00e5rdsplanen som lillstugan stod, som Mina bodde i och som \u00e5r 1921 flyttades till hennes nya tomt<\/figcaption><\/figure>\n<p><strong>\u00c5r 1901<\/strong> avled Erik Johan och arrendet av legoomr\u00e5det \u00f6vertogs av \u00e4nkan Wilhelmina Lillsj\u00f6 och hon blev d\u00e5 torpare eller backstugusittare under Lillsj\u00f6 hemman. Under storskiftets g\u00e5ng utbyttes en del av Wilhelminas legoomr\u00e5de men storleken f\u00f6rblev det samma och hennes boningsstuga stod hela tiden p\u00e5 sv\u00e4rfaderns g\u00e5rdsplan.<\/p>\n<p><strong>\u00c5r 1902<\/strong> gifte Wilhelmina om sig med bondsonen Johan Viktor Rosenqvist (f.1878) och \u00e5r 1903 fick de en dotter Amanda, som sedan gifte sig till H\u00e4rkmeri. De fick ocks\u00e5 dottern Hulda 1905, som dog samma \u00e5r. Johan Viktor var f\u00f6dd i Korsb\u00e4ck och han var son till \u201dTresk Kalle\u201d som sedan f\u00f6rv\u00e4rvade ett par hemman i Kvarn\u00e5. Troligtvis bodde de hela tiden i Lillsj\u00f6 men \u00e5r 1905 for Johan Viktor till Amerika och han \u00e5terv\u00e4nde 1908. Han f\u00f6rv\u00e4rvade d\u00e5 halva <a href=\"https:\/\/www.lassebacklund.fi\/?page_id=10315\">hemmanet Sj\u00f6gren i Kvarn\u00e5<\/a> och blev bonde d\u00e4r, men bodde troligen i Lillsj\u00f6.<\/p>\n<p>Dessv\u00e4rre var det s\u00e5 att Johan Viktor var v\u00e5ldsam och misshandlade Wilhelmina. Enligt uppgift skulle lillsj\u00f6borna d\u00e5 ha \u201dgaddat ihop sig\u201d och med stryk och hot om mera stryk s\u00e5 gott som tvingat Johan Viktor att \u00e5terv\u00e4nda till Amerika. Johan Viktor s\u00e5lde d\u00e5 hemmanet Sj\u00f6gren \u00e5t sin far och reste ensam tillbaka till Amerika \u00e5r 1909 och han \u00e5terv\u00e4nde inte.<\/p>\n<p><strong>\u00c5r 1918 i oktober<\/strong> tr\u00e4dde den nya torparlagen i kraft och den gjorde det m\u00f6jligt f\u00f6r torpare och backstugusittare att l\u00f6sa in det omr\u00e5de som de hade arrenderat. Staten kunde vid behov delta i finansieringen men i flera fall sk\u00f6ttes hela inl\u00f6sningen utan statens inblandning. I kommunerna tillsattes legon\u00e4mnder, som skulle sk\u00f6ta det praktiska.<\/p>\n<p><strong>\u00c5r 1919, i december<\/strong> anm\u00e4lde Wilhelmina \u00e5t legon\u00e4mndens ordf\u00f6rande Selim Knus att hon ville l\u00f6sa in legoomr\u00e5det. Legoomr\u00e5det hade nyligen \u00f6vertagits av Henrik Lillsj\u00f6s fyra s\u00f6ner och dessa hade ingenting emot att Mina skulle f\u00e5 k\u00f6pa ett eget omr\u00e5de. De h\u00e4r br\u00f6derna Johan \u00c5berg, Viktor H\u00e4llfors, Josef Dahlroos och Karl Erik Forslund, som d\u00e5 \u00e4nnu hette Lillsj\u00f6 f\u00f6reslog att Mina skulle f\u00e5 k\u00f6pa ett n\u00e4rmare 5 ha stort omr\u00e5de vid Lillsj\u00f6hemmanets \u00f6stra gr\u00e4ns, mitt emot Dahlroos g\u00e5rd f\u00f6r 4\u00a0000 mark och s\u00e5 skulle hon flytta sin stuga fr\u00e5n nyligen avlidna, sv\u00e4rfadern Johan Lillsj\u00f6s g\u00e5rdsplan till det nya omr\u00e5det.<\/p>\n<p>P\u00e5 ett m\u00f6te hemma hos Mina den 5 juni 1920 d\u00e4r legon\u00e4mnden deltog, skrevs ett k\u00f6pekontrakt, d\u00e4r det best\u00e4mdes att k\u00f6peskillingen skulle s\u00e4nkas till 2\u00a0600 mark, som skulle betalas f\u00f6re oktober samma \u00e5r. F\u00f6re augusti 1921 skulle hon flytta bort sin boningsstuga till det nya omr\u00e5det. Kostnaderna f\u00f6r stugflytten uppskattades till 1\u00a0500 mark och h\u00e4r bidrog staten med 750 mark. Resten av kostnaderna delades mellan Mina och de fyra br\u00f6derna.<\/p>\n<figure id=\"attachment_25222\" aria-describedby=\"caption-attachment-25222\" style=\"width: 589px\" class=\"wp-caption alignnone\"><img loading=\"lazy\" decoding=\"async\" class=\"size-full wp-image-25222\" src=\"https:\/\/www.lassebacklund.fi\/wp-content\/uploads\/2025\/12\/Skogs-Minas-nya-tomt.jpg\" alt=\"\" width=\"589\" height=\"555\" srcset=\"https:\/\/www.lassebacklund.fi\/wp-content\/uploads\/2025\/12\/Skogs-Minas-nya-tomt.jpg 589w, https:\/\/www.lassebacklund.fi\/wp-content\/uploads\/2025\/12\/Skogs-Minas-nya-tomt-300x283.jpg 300w\" sizes=\"auto, (max-width: 589px) 100vw, 589px\" \/><figcaption id=\"caption-attachment-25222\" class=\"wp-caption-text\">L\u00e4genheten Skogslund som Lillsj\u00f6 Mina k\u00f6pte \u00e5r 1920 l\u00e5g l\u00e4ngs med Lillsj\u00f6v\u00e4gen och det var hit som hon flyttade sitt hus.<\/figcaption><\/figure>\n<p>Mina kunde nu bryta ut omr\u00e5det fr\u00e5n Lillsj\u00f6b\u00f6ndernas hemman och det fick namnet Skogslund 9:13. Stugan flyttades ocks\u00e5 till nya omr\u00e5det som mest bestod av skog och om inte f\u00f6rr s\u00e5 nu b\u00f6rjade Wilhelmina kallas \u201dSkogs Mina\u201d. \u00a0Dottern Amanda bodde ocks\u00e5 d\u00e4r men \u00e5r 1924 gifte hon sig med Hilding Sj\u00f6str\u00f6m och flyttade till H\u00e4rkmeri.<\/p>\n<p>Skogs Mina bodde inte l\u00e5ng tid p\u00e5 det nya st\u00e4llet, f\u00f6re hon flyttade till dottern Amanda i H\u00e4rkmeri<\/p>\n<p><strong>\u00c5r 1928, den 28<\/strong> <strong>juli<\/strong> s\u00e5lde hon Skogslund 9:13 \u00e5t bonden Johan <u>Viktor<\/u> Berglund och dennes hustru Hulda f\u00f6r 20\u00a0000 mark. Mina avled i H\u00e4rkmeri den 5 september 1928.<\/p>\n<p><strong>\u00c5r 1930<\/strong> s\u00e5lde Viktor Berglund sj\u00e4lva boningsstugan \u00e5t Evert och Hulda Liljedahl, som flyttade den till Korsb\u00e4ckv\u00e4gen 655, d\u00e4r den fortfarande st\u00e5r. I dag \u00e4r Minas l\u00e4genhet Skogslund b\u00f6rdig skogsmark.<\/p>\n","protected":false},"excerpt":{"rendered":"<p>Sammanst\u00e4llt av Lasse Backlund i december 2025. Uppgifterna \u00e4r tagna ur gamla lagfarter och kyrkb\u00f6cker. Wilhelmina, som kallades Mina (1869-1928) f\u00f6ddes i Kvarn\u00e5 och hon var dotter till bonden Gustaf Karlsson Rosenback (1838\u20131884) och Anna Maria Korsb\u00e4ck (1840\u20131896). \u00c5r 1889, <a class=\"more-link\" href=\"https:\/\/www.lassebacklund.fi\/?page_id=25220\">Forts\u00e4tt l\u00e4sa <span class=\"screen-reader-text\">  Lillsj\u00f6 Mina p\u00e5 Lillsj\u00f6v\u00e4gen ca 340<\/span><span class=\"meta-nav\">&rarr;<\/span><\/a><\/p>\n","protected":false},"author":1,"featured_media":0,"parent":78,"menu_order":340,"comment_status":"closed","ping_status":"closed","template":"","meta":{"footnotes":""},"class_list":["post-25220","page","type-page","status-publish","hentry"],"_links":{"self":[{"href":"https:\/\/www.lassebacklund.fi\/index.php?rest_route=\/wp\/v2\/pages\/25220","targetHints":{"allow":["GET"]}}],"collection":[{"href":"https:\/\/www.lassebacklund.fi\/index.php?rest_route=\/wp\/v2\/pages"}],"about":[{"href":"https:\/\/www.lassebacklund.fi\/index.php?rest_route=\/wp\/v2\/types\/page"}],"author":[{"embeddable":true,"href":"https:\/\/www.lassebacklund.fi\/index.php?rest_route=\/wp\/v2\/users\/1"}],"replies":[{"embeddable":true,"href":"https:\/\/www.lassebacklund.fi\/index.php?rest_route=%2Fwp%2Fv2%2Fcomments&post=25220"}],"version-history":[{"count":11,"href":"https:\/\/www.lassebacklund.fi\/index.php?rest_route=\/wp\/v2\/pages\/25220\/revisions"}],"predecessor-version":[{"id":25377,"href":"https:\/\/www.lassebacklund.fi\/index.php?rest_route=\/wp\/v2\/pages\/25220\/revisions\/25377"}],"up":[{"embeddable":true,"href":"https:\/\/www.lassebacklund.fi\/index.php?rest_route=\/wp\/v2\/pages\/78"}],"wp:attachment":[{"href":"https:\/\/www.lassebacklund.fi\/index.php?rest_route=%2Fwp%2Fv2%2Fmedia&parent=25220"}],"curies":[{"name":"wp","href":"https:\/\/api.w.org\/{rel}","templated":true}]}}