{"id":2444,"date":"2017-01-16T11:45:24","date_gmt":"2017-01-16T10:45:24","guid":{"rendered":"http:\/\/www.lassebacklund.fi\/?page_id=2444"},"modified":"2025-04-07T08:40:35","modified_gmt":"2025-04-07T05:40:35","slug":"hemmanet-lang-pa-a-sidon","status":"publish","type":"page","link":"https:\/\/www.lassebacklund.fi\/?page_id=2444","title":{"rendered":"Hemmanet L\u00e5ng p\u00e5 A-sidon"},"content":{"rendered":"<p><strong><span style=\"color: #000080;\">Nedanst\u00e5ende utredning om L\u00e5ng hemman p\u00e5 A-sidon, \u00e4r uppgjord av Inga-Lill Sandstr\u00f6m fr\u00e5n Vasa. Hon \u00e4r f\u00f6dd och uppv\u00e4xt i Dagsmark, n\u00e4ra dessa L\u00e5ng hemman.<\/span><\/strong><\/p>\n<h3>Hemmanet L\u00e5ng p\u00e5 Sebbasbackan.<\/h3>\n<p><strong>Anders Andersson L\u00e5ng<\/strong> (1779-1833) gifte sig \u00e5r 1801 med Stina Stephansdotter f. 1774 i N\u00e4rpes, Yttermark. Hon var syster till Henrik Stephansson som Anders mor Margaretha hade gift sig med. Anders och Stina f\u00e5r barnen Anders Henrik f. 1801, Johan Erik f. 1803 och Josef f. 1808. Stina Stephansdotter d\u00f6r 1809 och Anders gifter om sig 9.12 1810 med Caisa Pettersdotter som \u00e4r f\u00f6dd 1783 i B\u00f6tom. I detta \u00e4ktenskap f\u00f6ds barnen: Maja Lena 1811, Gustav 1814, Rudolf 1816, Carl 1820 och Bernhard 1822. Det var s\u00e4kert under Anders Anderssons och hans son Anders Henriks tid som b\u00f6nder p\u00e5 1\/12 del av L\u00e5ng som detta hemman flyttades till A-sidon.<\/p>\n<h3><strong>Del av L\u00e5ng till b\u00f6nhustomten.<\/strong><\/h3>\n<p>Efter Anders Andersson L\u00e5ng \u00f6vertog sonen <strong>Anders Henrik L\u00e5ng<\/strong> f. 1801 faderns hemman om 1\/12 mantal av L\u00e5ng skattehemman. Det var troligen den tiden som den sista av L\u00e5ng-g\u00e5rdarna nedanom Sebbas-backan flyttades ut. Anders Henriks g\u00e5rd flyttades till A-sidon och troligen till det st\u00e4lle d\u00e4r b\u00f6nehuset finns idag. Hemskiftet p\u00e5 detta L\u00e5ng hemman gick fr\u00e5n Lillbron s\u00f6derut l\u00e4ngs med \u00e5n.<\/p>\n<p>Anders Henrik Andersson L\u00e5ng f. 1801 gifte sig 1822 med Brita Lena Eriksdotter Finne f. 1798. De fick en dotter, Maja Lena f. 1824. Anders Henrik dog redan 1826 endast 25 \u00e5r gammal. \u00c4nkan Brita Lena gifte om sig 1828 med Gustaf Adolf Mattsson \u00d6sterling som var f\u00f6dd 1802 i Sideby. Brita Lena och Gustaf Adolf fick gemensamma barnen: Anders Henrik 1829, Greta Stina 1834, Anna 1837 och Josef 1840. Denna Gustaf Adolf var husbonde p\u00e5 L\u00e5ng hemmanet p\u00e5 A-sidon fram till sin d\u00f6d 1846.<\/p>\n<p>Anders Henrik Anderssons bror Johan Erik f. 1803 blev skr\u00e4ddare och \u00e4ndrade sitt namn L\u00e5ng till S\u00f6derholm. Han var anfader till de personer i Dagsmark som haft det namnet.<\/p>\n<p>Efter styvfadern Gustav Adolfs d\u00f6d \u00e4r det Maja Lena Anders Henriksdotter f. 1824 som tillsammans med sina m\u00e4n axlar husbondeskapet p\u00e5 L\u00e5ng hemman i &#8221;b\u00f6nehus&#8221; g\u00e5rden. Hon gifte sig f\u00f6rsta g\u00e5ngen med Anders Henriksson Geisor \u00e5r 1847 men han dog efter bara tv\u00e5 \u00e5r. S\u00e5 gifte hon sig 1851 med Josef Erik Henriksson Storsj\u00f6 men han levde ocks\u00e5 bara tv\u00e5 \u00e5r efter br\u00f6llopet. \u00c5r 1857 gifte hon sig tredje g\u00e5ngen med Karl Mattsson Lillsund f. 1812 som d\u00e5 blev husbonde i g\u00e5rden. Maja Lenas mor Brita Lena f. Finne dog ocks\u00e5 samma \u00e5r, allts\u00e5 \u00e5r 1857.<\/p>\n<h3><strong>Josef Blomkvist k\u00f6per del av L\u00e5ng som sedan kommer att bli &#8221;Backlundas&#8221;.<\/strong><\/h3>\n<p>Det var vid denna tid, omkring 1860 som en del av b\u00f6nhushemmanet p\u00e5 A-sidon s\u00e5ldes. Smeden Josef Blomkvist k\u00f6pte 1\/3 av hemmanet eller 1\/36 mantal och blev med\u00e5bo. Om honom \u00e4r antecknat i kyrkboken att han \u00e5r 1855 f\u00f6rst kom till B\u00e5sk hemman fr\u00e5n B\u00f6tom men sedan flyttade till L\u00e5ng. Han flyttade d\u00e5 till den plats p\u00e5 L\u00e5ng hemman som senare blev Backlunds och kanske det ocks\u00e5 var han som byggde g\u00e5rden d\u00e4r?<\/p>\n<p><strong>\u00c5r 1868, den 9 december<\/strong>, efter hustrun Albertinas d\u00f6d \u00e5r 1867 s\u00e5lde Josef Blomkvist hemmansdelen om 1\/36 mantal \u00e5t Gustav Andersson Lillkull f. Riarb\u00e4ck och dennes hustru Maja Lena.<\/p>\n<p><strong>\u00c5r 1875, den 2 oktober<\/strong> s\u00e5lde Gustaf Lillkull hemmanet \u00e5t sin son Viktor Gustafsson L\u00e5ng. Viktor for sedan till Amerika och d\u00e5 s\u00e5lde amerika\u00e4nkan Fredrika hemmanet \u00e5r 1900 f\u00f6r 4 100 mark \u00e5t \u00e4nkan Matilda Klemets. I k\u00f6pet den 22 maj 1900 ingick inte det omr\u00e5de p\u00e5 ett gammalt tunnland som folkskoll\u00e4raren J. J. Wadstr\u00f6m hade k\u00f6pt redan 1885, men som han \u00e4nnu inte hunnit parcellera. Tv\u00e5 dagar senare k\u00f6pte Fredrika L\u00e5ng ett hemman i Lappfj\u00e4rd av Henrik Henriksson Agn\u00e4s f\u00f6r 5 480 mark och flyttade dit.<\/p>\n<p>Nya \u00e4garen Matilda var dotter till \u201dStorf\u00e5ssin\u201d, allts\u00e5 Johan Josef Storfors eller Kaas och hade vuxit upp i granng\u00e5rden p\u00e5 &#8221;b\u00f6nehustomten&#8221; och hennes f\u00f6r\u00e4ldrar Johan Josef och Edla Sofia bodde nu i en sytningsstuga alldeles i n\u00e4rheten. Matilda Klemets gifte sig 1902 med Anders Bj\u00f6rses, senare Forsg\u00e5rd och redan 1904 s\u00e5lde de detta hemman 1\/36 mantal av L\u00e5ng till Josef och Maria Backlund. Detta hemman fick vid storskiftesregleringen 1912 namnet Backlund 4:5 och \u00e4r \u00e4nnu 120 \u00e5r senare i den sl\u00e4ktens \u00e4go.<\/p>\n<figure id=\"attachment_2421\" aria-describedby=\"caption-attachment-2421\" style=\"width: 1362px\" class=\"wp-caption aligncenter\"><img loading=\"lazy\" decoding=\"async\" class=\"size-full wp-image-2421\" src=\"http:\/\/www.lassebacklund.fi\/wp-content\/uploads\/2017\/01\/karta-1.jpg\" alt=\"P\u00e5 storskifteskartan fr\u00e5n b\u00f6rjan p\u00e5 1900-talet s\u00e5 ser vi var Backlunds hemman nr 4:5 fanns p\u00e5 den s\u00f6dra sidan av Lappfj\u00e4rds \u00e5, p\u00e5 b\u00e5da sidorna om Sunnantillv\u00e4gen. Bakom Nylundas fanns ett annat skifte som helt naturligt \u00e4nnu idag kallas f\u00f6r \u201dAnna skifte\u201d. D\u00e4rtill fanns det skog p\u00e5 Berg\u00e5sen och skog och \u00e4ngar uppe i Lillsj\u00f6. \" width=\"1362\" height=\"981\" srcset=\"https:\/\/www.lassebacklund.fi\/wp-content\/uploads\/2017\/01\/karta-1.jpg 1362w, https:\/\/www.lassebacklund.fi\/wp-content\/uploads\/2017\/01\/karta-1-300x216.jpg 300w, https:\/\/www.lassebacklund.fi\/wp-content\/uploads\/2017\/01\/karta-1-768x553.jpg 768w, https:\/\/www.lassebacklund.fi\/wp-content\/uploads\/2017\/01\/karta-1-1024x738.jpg 1024w\" sizes=\"auto, (max-width: 1362px) 100vw, 1362px\" \/><figcaption id=\"caption-attachment-2421\" class=\"wp-caption-text\">P\u00e5 storskifteskartan fr\u00e5n b\u00f6rjan p\u00e5 1900-talet s\u00e5 ser vi var Backlunds hemman nr 4:5 fanns p\u00e5 den s\u00f6dra sidan av Lappfj\u00e4rds \u00e5, p\u00e5 b\u00e5da sidorna om Sunnantillv\u00e4gen. Bakom Nylundas fanns ett annat skifte som helt naturligt \u00e4nnu idag kallas f\u00f6r \u201dAnna skifte\u201d. D\u00e4rtill fanns det skog p\u00e5 Berg\u00e5sen och skog och \u00e4ngar uppe i Lillsj\u00f6.<\/figcaption><\/figure>\n<p>\u00d6sterut fr\u00e5n Backlundas hemman ligger Sandback hemman nr 4:4, som allts\u00e5 \u00e4r den s\u00e5 kallade b\u00f6nhustomten.<\/p>\n","protected":false},"excerpt":{"rendered":"<p>Nedanst\u00e5ende utredning om L\u00e5ng hemman p\u00e5 A-sidon, \u00e4r uppgjord av Inga-Lill Sandstr\u00f6m fr\u00e5n Vasa. Hon \u00e4r f\u00f6dd och uppv\u00e4xt i Dagsmark, n\u00e4ra dessa L\u00e5ng hemman. Hemmanet L\u00e5ng p\u00e5 Sebbasbackan. Anders Andersson L\u00e5ng (1779-1833) gifte sig \u00e5r 1801 med Stina Stephansdotter <a class=\"more-link\" href=\"https:\/\/www.lassebacklund.fi\/?page_id=2444\">Forts\u00e4tt l\u00e4sa <span class=\"screen-reader-text\">  Hemmanet L\u00e5ng p\u00e5 A-sidon<\/span><span class=\"meta-nav\">&rarr;<\/span><\/a><\/p>\n","protected":false},"author":1,"featured_media":0,"parent":2422,"menu_order":0,"comment_status":"closed","ping_status":"closed","template":"","meta":{"footnotes":""},"class_list":["post-2444","page","type-page","status-publish","hentry"],"_links":{"self":[{"href":"https:\/\/www.lassebacklund.fi\/index.php?rest_route=\/wp\/v2\/pages\/2444","targetHints":{"allow":["GET"]}}],"collection":[{"href":"https:\/\/www.lassebacklund.fi\/index.php?rest_route=\/wp\/v2\/pages"}],"about":[{"href":"https:\/\/www.lassebacklund.fi\/index.php?rest_route=\/wp\/v2\/types\/page"}],"author":[{"embeddable":true,"href":"https:\/\/www.lassebacklund.fi\/index.php?rest_route=\/wp\/v2\/users\/1"}],"replies":[{"embeddable":true,"href":"https:\/\/www.lassebacklund.fi\/index.php?rest_route=%2Fwp%2Fv2%2Fcomments&post=2444"}],"version-history":[{"count":6,"href":"https:\/\/www.lassebacklund.fi\/index.php?rest_route=\/wp\/v2\/pages\/2444\/revisions"}],"predecessor-version":[{"id":23869,"href":"https:\/\/www.lassebacklund.fi\/index.php?rest_route=\/wp\/v2\/pages\/2444\/revisions\/23869"}],"up":[{"embeddable":true,"href":"https:\/\/www.lassebacklund.fi\/index.php?rest_route=\/wp\/v2\/pages\/2422"}],"wp:attachment":[{"href":"https:\/\/www.lassebacklund.fi\/index.php?rest_route=%2Fwp%2Fv2%2Fmedia&parent=2444"}],"curies":[{"name":"wp","href":"https:\/\/api.w.org\/{rel}","templated":true}]}}