{"id":23207,"date":"2024-10-09T22:18:45","date_gmt":"2024-10-09T19:18:45","guid":{"rendered":"https:\/\/www.lassebacklund.fi\/?page_id=23207"},"modified":"2024-10-09T22:26:26","modified_gmt":"2024-10-09T19:26:26","slug":"bortforda-personer-under-stora-ofreden-1713-1721","status":"publish","type":"page","link":"https:\/\/www.lassebacklund.fi\/?page_id=23207","title":{"rendered":"Bortf\u00f6rda personer under stora ofreden 1713-1721"},"content":{"rendered":"<p><span style=\"color: #000080;\"><strong>Sammanst\u00e4llt 2024 av Eva Gr\u00f6nlund, som bor i Vasa men \u00e4r b\u00f6rdig fr\u00e5n Dagsmark.<\/strong><\/span><\/p>\n<p>I landsh\u00f6vdingarnas skrivelser till kungliga majest\u00e4ten \u00e5r 1719-1729 finns f\u00f6rteckningar \u00f6ver bortf\u00f6rda personer fr\u00e5n \u00d6sterbottens l\u00e4n under stora ofreden. Ber\u00e4kningar bygger p\u00e5 uppgifter som uppgetts av pr\u00e4ster och l\u00e4nsm\u00e4n. (Pohjanmaan l\u00e4\u00e4ni asiakirjoja 1719-1729).<\/p>\n<p>Under \u00e5ren 1714-1717 bortf\u00f6rdes b\u00e5de vuxna och barn fr\u00e5n \u00d6sterbotten till f\u00e5ngenskap till Ryssland.<\/p>\n<p><strong>Lappfj\u00e4rd<\/strong> hade \u00e5r 1705 \u00f6ver 1000 inv\u00e5nare. H\u00e4rifr\u00e5n bortf\u00f6rdes 54 personer: 6 vuxna, 11 ungdomar, 35 barn och 2 av ok\u00e4nd \u00e5lder. Bland de vuxna var de flesta kvinnor, bland ungdomar och barn var de flesta pojkar.<\/p>\n<p><strong>Fr\u00e5n Kristinestad<\/strong> bortf\u00f6rdes 23 och fr\u00e5n N\u00e4rpes 195 personer. Fr\u00e5n hela \u00d6sterbotten f\u00f6rdes 4 896 personer bort.<\/p>\n<p><strong>Fr\u00e5n Dagsmark<\/strong> finns 3 unga personer antecknade som bortf\u00f6rda och de var<\/p>\n<p>Mickel Sigfridsson och hustrun Margetas (Sebbas) barn:<\/p>\n<p>-Matteus Mickelsson 13 \u00e5r, ljust h\u00e5r<\/p>\n<p>-Mickel Mickelsson 11 \u00e5r ljust h\u00e5r<\/p>\n<p>-Walborg Mickelsdotter 20 \u00e5r, brunt h\u00e5r, gr\u00e5aktiga \u00f6gon<\/p>\n<p>Det finns inga uppgifter om deras livs\u00f6den.<\/p>\n<h3><strong>Matts Henriksson B\u00e5sk.<\/strong><\/h3>\n<p>Dessutom finns det i tingsr\u00e4ttsprotokoll ytterligare en dagsmarksbo omn\u00e4mnd som bortf\u00f6rd.<\/p>\n<p>Hans namn var Matts Henriksson B\u00e5sk. Han var f\u00f6dd 1692 och var son till Henrik Henriksson B\u00e5sk och Valborg J\u00f6ransdotter. Matts omtalas i tingsprotokoll fr\u00e5n vintertinget 1739. Han blev av ryssen i unga \u00e5r borttagen fr\u00e5n sina f\u00f6r\u00e4ldrar p\u00e5 B\u00e5sk hemman. Han vistades en tid i Ryssland och efter det var han soldat i Viborgska infanteriregementet en l\u00e5ng tid. Han blev korpral och fick efternamnet Ekstr\u00f6m. Han \u00e5terkom som vuxen till Dagsmark och levde till 93 \u00e5rs \u00e5lder. Han begravdes 6.3.1785.<\/p>\n<p>L\u00e4s mera om denna krigsf\u00e5nge <a href=\"https:\/\/www.lassebacklund.fi\/?page_id=7234\"><span style=\"color: #000080;\"><strong>H\u00c4R!<\/strong><\/span><\/a><\/p>\n","protected":false},"excerpt":{"rendered":"<p>Sammanst\u00e4llt 2024 av Eva Gr\u00f6nlund, som bor i Vasa men \u00e4r b\u00f6rdig fr\u00e5n Dagsmark. I landsh\u00f6vdingarnas skrivelser till kungliga majest\u00e4ten \u00e5r 1719-1729 finns f\u00f6rteckningar \u00f6ver bortf\u00f6rda personer fr\u00e5n \u00d6sterbottens l\u00e4n under stora ofreden. Ber\u00e4kningar bygger p\u00e5 uppgifter som uppgetts av <a class=\"more-link\" href=\"https:\/\/www.lassebacklund.fi\/?page_id=23207\">Forts\u00e4tt l\u00e4sa <span class=\"screen-reader-text\">  Bortf\u00f6rda personer under stora ofreden 1713-1721<\/span><span class=\"meta-nav\">&rarr;<\/span><\/a><\/p>\n","protected":false},"author":1,"featured_media":0,"parent":8207,"menu_order":3,"comment_status":"closed","ping_status":"closed","template":"","meta":{"footnotes":""},"class_list":["post-23207","page","type-page","status-publish","hentry"],"_links":{"self":[{"href":"https:\/\/www.lassebacklund.fi\/index.php?rest_route=\/wp\/v2\/pages\/23207","targetHints":{"allow":["GET"]}}],"collection":[{"href":"https:\/\/www.lassebacklund.fi\/index.php?rest_route=\/wp\/v2\/pages"}],"about":[{"href":"https:\/\/www.lassebacklund.fi\/index.php?rest_route=\/wp\/v2\/types\/page"}],"author":[{"embeddable":true,"href":"https:\/\/www.lassebacklund.fi\/index.php?rest_route=\/wp\/v2\/users\/1"}],"replies":[{"embeddable":true,"href":"https:\/\/www.lassebacklund.fi\/index.php?rest_route=%2Fwp%2Fv2%2Fcomments&post=23207"}],"version-history":[{"count":4,"href":"https:\/\/www.lassebacklund.fi\/index.php?rest_route=\/wp\/v2\/pages\/23207\/revisions"}],"predecessor-version":[{"id":23211,"href":"https:\/\/www.lassebacklund.fi\/index.php?rest_route=\/wp\/v2\/pages\/23207\/revisions\/23211"}],"up":[{"embeddable":true,"href":"https:\/\/www.lassebacklund.fi\/index.php?rest_route=\/wp\/v2\/pages\/8207"}],"wp:attachment":[{"href":"https:\/\/www.lassebacklund.fi\/index.php?rest_route=%2Fwp%2Fv2%2Fmedia&parent=23207"}],"curies":[{"name":"wp","href":"https:\/\/api.w.org\/{rel}","templated":true}]}}