{"id":23072,"date":"2024-08-11T00:12:01","date_gmt":"2024-08-10T21:12:01","guid":{"rendered":"https:\/\/www.lassebacklund.fi\/?page_id=23072"},"modified":"2024-08-11T00:13:52","modified_gmt":"2024-08-10T21:13:52","slug":"johan-henrik-basks-forlorade-svarta-hast","status":"publish","type":"page","link":"https:\/\/www.lassebacklund.fi\/?page_id=23072","title":{"rendered":"Johan Henrik B\u00e5sks f\u00f6rlorade svarta h\u00e4st"},"content":{"rendered":"<p><span style=\"color: #000080;\"><strong>Eva Gr\u00f6nlund, som bor i Vasa men som har r\u00f6tterna i Dagsmark har renskrivit detta r\u00e4ttsfall fr\u00e5n 1841 om en f\u00f6rlorad h\u00e4st, som dock kunde komma tillbaka till Dagsmark. Den h\u00e4r artikel publicerades i augusti 2024.<\/strong><\/span><\/p>\n<p>\u00c5r 1816 gifte sig stammoder Anna Gr\u00f6ndahls dotter Anna Katharina \u201dKajsa\u201d Gr\u00f6ndahl (1797-1856) med Johan Henriksson Lillbr\u00e4nn (1793-1862) fr\u00e5n Lappfj\u00e4rd.<\/p>\n<p>Paret var b\u00f6nder p\u00e5 B\u00e5sk hemman i Dagsmark och de fick \u00e5tminstone fem barn.<\/p>\n<h4><strong>Bondens f\u00f6rlorade h\u00e4st<\/strong><\/h4>\n<p>Den 13 juni 1841 miste bonden Johan Henriksson B\u00e5sk eller Gr\u00f6ndahl sin h\u00e4st, en svart valack.<\/p>\n<p>En man fr\u00e5n Honkajoki vid namn Johan Ristakoski hade under en resa stannat till i Dagsmark och bes\u00f6kt Johan Henriksson B\u00e5sk eller Gr\u00f6ndahl. B\u00e5sk hade ber\u00e4ttat att han hade f\u00f6rlorat sin h\u00e4st, en svart valack.<\/p>\n<p>Ristakoski r\u00e5kade k\u00e4nna till en man vid namn Matts Antila Honkajoki som den 22 juni hade tagit tillvara en h\u00e4st vid allm\u00e4nna landsv\u00e4gen invid Antila hemman. D\u00e4r hade han satt den i tjuder p\u00e5 en \u00e5ker.<\/p>\n<p>B\u00e5sk uppmanade Ristakoski att ta h\u00e4sten i f\u00f6rvar i fall han skulle se den. Han hade ocks\u00e5 lovat betalt till den som skulle h\u00e4mta tillbaka hans h\u00e4st till Dagsmark.<\/p>\n<p>N\u00e5got senare fick Ristakoski syn p\u00e5 h\u00e4sten som var tjudrad hos Antila p\u00e5 hemmanets \u00e5ker. Han uppmanade Antila att l\u00e4mna tillbaka h\u00e4sten till dess \u00e4gare i Dagsmark. Men ist\u00e4llet flyttade Antila h\u00e4sten till en annan \u00e5ker.<\/p>\n<p>Natten mot 26 juni tog Ristakoski h\u00e4sten och f\u00f6rde den till Dagsmark. B\u00e5sk betalade honom fjorton riksdaler silvermynt.<\/p>\n<p>Senare yrkade Antila i r\u00e4tten p\u00e5 att Ristakoski skulle ers\u00e4tta honom eftersom det var han som hade haft h\u00e4sten i f\u00f6rvar. I tvistem\u00e5let gick Ristakoski med p\u00e5 att betala \u00e5t Antila halva summan som han f\u00e5tt av B\u00e5sk.<\/p>\n","protected":false},"excerpt":{"rendered":"<p>Eva Gr\u00f6nlund, som bor i Vasa men som har r\u00f6tterna i Dagsmark har renskrivit detta r\u00e4ttsfall fr\u00e5n 1841 om en f\u00f6rlorad h\u00e4st, som dock kunde komma tillbaka till Dagsmark. Den h\u00e4r artikel publicerades i augusti 2024. \u00c5r 1816 gifte sig <a class=\"more-link\" href=\"https:\/\/www.lassebacklund.fi\/?page_id=23072\">Forts\u00e4tt l\u00e4sa <span class=\"screen-reader-text\">  Johan Henrik B\u00e5sks f\u00f6rlorade svarta h\u00e4st<\/span><span class=\"meta-nav\">&rarr;<\/span><\/a><\/p>\n","protected":false},"author":1,"featured_media":0,"parent":5810,"menu_order":30,"comment_status":"closed","ping_status":"closed","template":"","meta":{"footnotes":""},"class_list":["post-23072","page","type-page","status-publish","hentry"],"_links":{"self":[{"href":"https:\/\/www.lassebacklund.fi\/index.php?rest_route=\/wp\/v2\/pages\/23072","targetHints":{"allow":["GET"]}}],"collection":[{"href":"https:\/\/www.lassebacklund.fi\/index.php?rest_route=\/wp\/v2\/pages"}],"about":[{"href":"https:\/\/www.lassebacklund.fi\/index.php?rest_route=\/wp\/v2\/types\/page"}],"author":[{"embeddable":true,"href":"https:\/\/www.lassebacklund.fi\/index.php?rest_route=\/wp\/v2\/users\/1"}],"replies":[{"embeddable":true,"href":"https:\/\/www.lassebacklund.fi\/index.php?rest_route=%2Fwp%2Fv2%2Fcomments&post=23072"}],"version-history":[{"count":2,"href":"https:\/\/www.lassebacklund.fi\/index.php?rest_route=\/wp\/v2\/pages\/23072\/revisions"}],"predecessor-version":[{"id":23074,"href":"https:\/\/www.lassebacklund.fi\/index.php?rest_route=\/wp\/v2\/pages\/23072\/revisions\/23074"}],"up":[{"embeddable":true,"href":"https:\/\/www.lassebacklund.fi\/index.php?rest_route=\/wp\/v2\/pages\/5810"}],"wp:attachment":[{"href":"https:\/\/www.lassebacklund.fi\/index.php?rest_route=%2Fwp%2Fv2%2Fmedia&parent=23072"}],"curies":[{"name":"wp","href":"https:\/\/api.w.org\/{rel}","templated":true}]}}