{"id":22739,"date":"2024-04-20T22:51:58","date_gmt":"2024-04-20T19:51:58","guid":{"rendered":"https:\/\/www.lassebacklund.fi\/?page_id=22739"},"modified":"2026-03-22T22:46:58","modified_gmt":"2026-03-22T20:46:58","slug":"lind-pa-sunnantillvagen-7","status":"publish","type":"page","link":"https:\/\/www.lassebacklund.fi\/?page_id=22739","title":{"rendered":"Lind p\u00e5 Sunnantillv\u00e4gen 7"},"content":{"rendered":"<figure id=\"attachment_22737\" aria-describedby=\"caption-attachment-22737\" style=\"width: 1385px\" class=\"wp-caption alignnone\"><img loading=\"lazy\" decoding=\"async\" class=\"size-full wp-image-22737\" src=\"https:\/\/www.lassebacklund.fi\/wp-content\/uploads\/2024\/04\/Garden-1.jpg\" alt=\"\" width=\"1385\" height=\"1024\" srcset=\"https:\/\/www.lassebacklund.fi\/wp-content\/uploads\/2024\/04\/Garden-1.jpg 1385w, https:\/\/www.lassebacklund.fi\/wp-content\/uploads\/2024\/04\/Garden-1-300x222.jpg 300w, https:\/\/www.lassebacklund.fi\/wp-content\/uploads\/2024\/04\/Garden-1-1024x757.jpg 1024w, https:\/\/www.lassebacklund.fi\/wp-content\/uploads\/2024\/04\/Garden-1-768x568.jpg 768w\" sizes=\"auto, (max-width: 1385px) 100vw, 1385px\" \/><figcaption id=\"caption-attachment-22737\" class=\"wp-caption-text\">Den h\u00e4r g\u00e5rden byggdes \u00e5r 1976 av muraren Bengt Lind (f. i Korsb\u00e4ck 1949) och Bernice (f. Lillkull 1951-2019). G\u00e5rden fotograferad fr\u00e5n sydost sommaren 2019.<\/figcaption><\/figure>\n<p><span style=\"color: #000080;\"><strong>Sammanst\u00e4llt av Lasse Backlund i april 2024.<\/strong><\/span><\/p>\n<p>Tomten p\u00e5 2\u00a0000 m\u00b2 k\u00f6pte de den 5 juli 1975 av Alfred och Gerda Storkull f\u00f6r 4\u00a0000 mark och den br\u00f6ts ut fr\u00e5n Alfreds l\u00e4genhet L\u00f6vdal. Tomten fick namnet H\u00f6rnet 2:206.<\/p>\n<p>I b\u00f6rjan av 1980-talet skilde sig Bengt och Bernice och hon \u00f6vertog \u00e5r 1983 g\u00e5rden och bodde d\u00e4r med de tv\u00e5 barnen. Bernice gifte senare om sig med f\u00f6re detta bonden <a href=\"https:\/\/www.lassebacklund.fi\/?page_id=13598\">Folke Sten<\/a> (1950-2020) fr\u00e5n Korsb\u00e4ck.<\/p>\n<p>Efter deras d\u00f6d s\u00e5lde arvingarna g\u00e5rden \u00e5t de nuvarande \u00e4garna, som har r\u00f6tterna i Ukraina och de anv\u00e4nder den som stadigvarande bostad.<\/p>\n<figure id=\"attachment_22738\" aria-describedby=\"caption-attachment-22738\" style=\"width: 1946px\" class=\"wp-caption alignnone\"><img loading=\"lazy\" decoding=\"async\" class=\"size-full wp-image-22738\" src=\"https:\/\/www.lassebacklund.fi\/wp-content\/uploads\/2024\/04\/Garden-2.jpg\" alt=\"\" width=\"1946\" height=\"1245\" srcset=\"https:\/\/www.lassebacklund.fi\/wp-content\/uploads\/2024\/04\/Garden-2.jpg 1946w, https:\/\/www.lassebacklund.fi\/wp-content\/uploads\/2024\/04\/Garden-2-300x192.jpg 300w, https:\/\/www.lassebacklund.fi\/wp-content\/uploads\/2024\/04\/Garden-2-1024x655.jpg 1024w, https:\/\/www.lassebacklund.fi\/wp-content\/uploads\/2024\/04\/Garden-2-768x491.jpg 768w, https:\/\/www.lassebacklund.fi\/wp-content\/uploads\/2024\/04\/Garden-2-1536x983.jpg 1536w\" sizes=\"auto, (max-width: 1946px) 100vw, 1946px\" \/><figcaption id=\"caption-attachment-22738\" class=\"wp-caption-text\">G\u00e5rden fotograferad fr\u00e5n s\u00f6der \u00e5r 2003.<\/figcaption><\/figure>\n","protected":false},"excerpt":{"rendered":"<p>Sammanst\u00e4llt av Lasse Backlund i april 2024. Tomten p\u00e5 2\u00a0000 m\u00b2 k\u00f6pte de den 5 juli 1975 av Alfred och Gerda Storkull f\u00f6r 4\u00a0000 mark och den br\u00f6ts ut fr\u00e5n Alfreds l\u00e4genhet L\u00f6vdal. Tomten fick namnet H\u00f6rnet 2:206. I b\u00f6rjan <a class=\"more-link\" href=\"https:\/\/www.lassebacklund.fi\/?page_id=22739\">Forts\u00e4tt l\u00e4sa <span class=\"screen-reader-text\">  Lind p\u00e5 Sunnantillv\u00e4gen 7<\/span><span class=\"meta-nav\">&rarr;<\/span><\/a><\/p>\n","protected":false},"author":1,"featured_media":0,"parent":90,"menu_order":7,"comment_status":"closed","ping_status":"closed","template":"","meta":{"footnotes":""},"class_list":["post-22739","page","type-page","status-publish","hentry"],"_links":{"self":[{"href":"https:\/\/www.lassebacklund.fi\/index.php?rest_route=\/wp\/v2\/pages\/22739","targetHints":{"allow":["GET"]}}],"collection":[{"href":"https:\/\/www.lassebacklund.fi\/index.php?rest_route=\/wp\/v2\/pages"}],"about":[{"href":"https:\/\/www.lassebacklund.fi\/index.php?rest_route=\/wp\/v2\/types\/page"}],"author":[{"embeddable":true,"href":"https:\/\/www.lassebacklund.fi\/index.php?rest_route=\/wp\/v2\/users\/1"}],"replies":[{"embeddable":true,"href":"https:\/\/www.lassebacklund.fi\/index.php?rest_route=%2Fwp%2Fv2%2Fcomments&post=22739"}],"version-history":[{"count":3,"href":"https:\/\/www.lassebacklund.fi\/index.php?rest_route=\/wp\/v2\/pages\/22739\/revisions"}],"predecessor-version":[{"id":25715,"href":"https:\/\/www.lassebacklund.fi\/index.php?rest_route=\/wp\/v2\/pages\/22739\/revisions\/25715"}],"up":[{"embeddable":true,"href":"https:\/\/www.lassebacklund.fi\/index.php?rest_route=\/wp\/v2\/pages\/90"}],"wp:attachment":[{"href":"https:\/\/www.lassebacklund.fi\/index.php?rest_route=%2Fwp%2Fv2%2Fmedia&parent=22739"}],"curies":[{"name":"wp","href":"https:\/\/api.w.org\/{rel}","templated":true}]}}

Lind på Sunnantillvägen 7

<figure id="attachment_22737" aria-describedby="caption-attachment-22737" style="width: 1385px" class="wp-caption alignnone"><img loading="lazy" decoding="async" class="size-full wp-image-22737" src="https://www.lassebacklund.fi/wp-content/uploads/2024/04/Garden-1.jpg" alt="" width="1385" height="1024" srcset="https://www.lassebacklund.fi/wp-content/uploads/2024/04/Garden-1.jpg 1385w, https://www.lassebacklund.fi/wp-content/uploads/2024/04/Garden-1-300x222.jpg 300w, https://www.lassebacklund.fi/wp-content/uploads/2024/04/Garden-1-1024x757.jpg 1024w, https://www.lassebacklund.fi/wp-content/uploads/2024/04/Garden-1-768x568.jpg 768w" sizes="auto, (max-width: 1385px) 100vw, 1385px" /><figcaption id="caption-attachment-22737" class="wp-caption-text">Den här gården byggdes år 1976 av muraren Bengt Lind (f. i Korsbäck 1949) och Bernice (f. Lillkull 1951-2019). Gården fotograferad från sydost sommaren 2019.</figcaption></figure>
<p><span style="color: #000080;"><strong>Sammanställt av Lasse Backlund i april 2024.</strong></span></p>
<p>Tomten på 2 000 m² köpte de den 5 juli 1975 av Alfred och Gerda Storkull för 4 000 mark och den bröts ut från Alfreds lägenhet Lövdal. Tomten fick namnet Hörnet 2:206.</p>
<p>I början av 1980-talet skilde sig Bengt och Bernice och hon övertog år 1983 gården och bodde där med de två barnen. Bernice gifte senare om sig med före detta bonden <a href="https://www.lassebacklund.fi/?page_id=13598">Folke Sten</a> (1950-2020) från Korsbäck.</p>
<p>Efter deras död sålde arvingarna gården åt de nuvarande ägarna, som har rötterna i Ukraina och de använder den som stadigvarande bostad.</p>
<figure id="attachment_22738" aria-describedby="caption-attachment-22738" style="width: 1946px" class="wp-caption alignnone"><img loading="lazy" decoding="async" class="size-full wp-image-22738" src="https://www.lassebacklund.fi/wp-content/uploads/2024/04/Garden-2.jpg" alt="" width="1946" height="1245" srcset="https://www.lassebacklund.fi/wp-content/uploads/2024/04/Garden-2.jpg 1946w, https://www.lassebacklund.fi/wp-content/uploads/2024/04/Garden-2-300x192.jpg 300w, https://www.lassebacklund.fi/wp-content/uploads/2024/04/Garden-2-1024x655.jpg 1024w, https://www.lassebacklund.fi/wp-content/uploads/2024/04/Garden-2-768x491.jpg 768w, https://www.lassebacklund.fi/wp-content/uploads/2024/04/Garden-2-1536x983.jpg 1536w" sizes="auto, (max-width: 1946px) 100vw, 1946px" /><figcaption id="caption-attachment-22738" class="wp-caption-text">Gården fotograferad från söder år 2003.</figcaption></figure>

<p>Sammanställt av Lasse Backlund i april 2024. Tomten på 2 000 m² köpte de den 5 juli 1975 av Alfred och Gerda Storkull för 4 000 mark och den bröts ut från Alfreds lägenhet Lövdal. Tomten fick namnet Hörnet 2:206. I början <a class="more-link" href="https://www.lassebacklund.fi/?page_id=22739">Fortsätt läsa <span class="screen-reader-text">  Lind på Sunnantillvägen 7</span><span class="meta-nav">&rarr;</span></a></p>
