{"id":22367,"date":"2023-12-11T23:07:01","date_gmt":"2023-12-11T21:07:01","guid":{"rendered":"https:\/\/www.lassebacklund.fi\/?page_id=22367"},"modified":"2025-10-20T18:56:12","modified_gmt":"2025-10-20T15:56:12","slug":"22367-2","status":"publish","type":"page","link":"https:\/\/www.lassebacklund.fi\/?page_id=22367","title":{"rendered":"Sl\u00e4kten Kullmans r\u00e4ttsfall"},"content":{"rendered":"<p><span style=\"color: #000080;\"><strong>Eva Gr\u00f6nlund, som har r\u00f6tterna i Dagsmark har sammanst\u00e4llt protokoll fr\u00e5n domb\u00f6ckerna mellan \u00e5ren 1810 \u2013 1854 d\u00e4r sl\u00e4ktingarna Kullman figurerar.<\/strong><\/span><\/p>\n<h4><strong>\u00a0<\/strong><strong>\u00c5r 1810<\/strong><\/h4>\n<p>Inhyses Anders Kullman ifr\u00e5n\u00a0Dagsmark\u00a0fordrade av inhyses Matts Ericsson Kullman fr\u00e5n samma by 8 Riksdaler Riksg\u00e4ld f\u00f6r en f\u00e5rskinnsp\u00e4ls som Anders Kullman pantsatt hos bonden Henric B\u00e5sk, men som Matts Kullman utan Anders tillst\u00e5nd tagit fr\u00e5n B\u00e5sks.<\/p>\n<p>Vittnet, sj\u00f6mannen Eric Backstr\u00f6m ber\u00e4ttade:<\/p>\n<p>Henric B\u00e5sk hade \u00e5t Anders Kullman pantsatt en f\u00e5rskinnsp\u00e4ls f\u00f6r pengar som Anders Kullman l\u00e5nat av Henrik B\u00e5sks mindre vetande son Johan Henricsson utan att Henrik B\u00e5sk ha vetat hur stort belopp. Efter n\u00e5gon tid hade Matts Kullman infunnit sig hos B\u00e5sks och till fullo betalt vittnets son Johan f\u00f6r den penningsumma han hade l\u00e5nat. Och d\u00e5 hade B\u00e5sk l\u00e4mnat tillbaka p\u00e4lsen. Matts Kullman s\u00e5lde sedan p\u00e4lsen f\u00f6r 2 Rd riksg\u00e4ld.<\/p>\n<p>Av vittnen skattades p\u00e4lsen till 3 Rd. Parterna ans\u00e5gs \u00f6msom ha tappat och \u00f6msom vunnit och summan kvitterades.<\/p>\n<h4><strong>\u00c5r 1810<\/strong><\/h4>\n<p>Inhyses Anders Kullman fr\u00e5n Dagsmark by hade utf\u00f6rt arbete hos sytnings\u00e4nkan Lisa R\u00f6nnback fr\u00e5n B\u00f6tom by f\u00f6reg\u00e5ende \u00e5r om sommaren. Anders Kullman hade inte f\u00e5tt n\u00e5gon l\u00f6n. D\u00e4rf\u00f6r anh\u00f6ll han nu om ers\u00e4ttning f\u00f6r sitt arbete 1 Riksdaler Riksg\u00e4lds; dessutom anh\u00f6ll han om r\u00e4tteg\u00e5ngsutgifter. Lisa R\u00f6nnback sade att Kullman endast hade arbetat i fyra dagar hos R\u00f6nnback. Hon ans\u00e5g att Kullman var \u00e5lderstigen och kraftl\u00f6s och utr\u00e4ttat ganska ringa till hennes f\u00f6rm\u00e5n. D\u00e4rf\u00f6r ans\u00e5g hon att han inte var ber\u00e4ttigad till n\u00e5gon dagspenning.<\/p>\n<p>R\u00f6nnback \u00e5lades i r\u00e4tten att till Kullman utbetala f\u00f6r de fyra dagars arbete 12 skillingar Riksg\u00e4lds samt att dessutom ers\u00e4tta Kullmans r\u00e4tteg\u00e5ngskostnad efter bepr\u00f6vande med 50 kopek Silver<\/p>\n<h4><strong>\u00c5r 1814<\/strong><\/h4>\n<p>Bonden Gustaf Lassfolk fr\u00e5n Pjelax By och N\u00e4rpes Socken, anf\u00f6rde mot inhyseskarlen Matts Kullman fr\u00e5n\u00a0Dagsmark\u00a0att Kullman vid sista resan innevarande h\u00f6st till Stockholms stad hade varit skeppare p\u00e5 det fartyg, d\u00e4r Lassfolk var intressent och d\u00e4r Kullman f\u00f6rt ut \u00e5tskilliga egna varor utan att ha betalat frakt f\u00f6r dem. Frakten borde stiga till 24 Rd 8. Rr 44. G Sr, enligt f\u00f6ljande r\u00e4kning:<\/p>\n<h6>Fyra noskreatur<\/h6>\n<h6>Tio stycken f\u00e5r<\/h6>\n<h6>Tjugofyra ungdjur<\/h6>\n<h6>Femton<\/h6>\n<h6>Tv\u00e5 stycken hudar<\/h6>\n<p>M\u00e5let uppsk\u00f6ts till 1815.<\/p>\n<h4><strong>\u00c5r 1817<\/strong><\/h4>\n<p>Torparen Matts\u00a0Kullman\u00a0l\u00e4mnade till r\u00e4tten en avhandling med f\u00f6ljande inneh\u00e5ll.<\/p>\n<p>Jag Anders L\u00e5ng som av fri vilja och moget eftert\u00e4nkande med min k\u00e4ra hustrus Caisa Pettersdotters ja och samtycke uppl\u00e5ter och f\u00f6rs\u00e4ljer\u00a0s\u00e5som jag och i kraft av detta k\u00f6pebrev uppdrager p\u00e5 nittionio \u00e5rs tid till\u00a0Matts\u00a0Kullman\u00a0i denne by en torparjord av v\u00e5rt \u00e4gande L\u00e5ng 5\/12 dels mantals skattehemman No 4. i\u00a0Dagsmark\u00a0by av Vasa L\u00e4n och Lappfj\u00e4rds socken, med f\u00f6ljande \u00e4gor och l\u00e4genheter n\u00e4mligen:<\/p>\n<ol>\n<li>Till \u00e5kermark tv\u00e5 tunnland S\u00e5ttm\u00e5ssan kallad (i Kv\u00e4\u00e4n\u00e5en mot Palon), p\u00e5 nedre \u00e4ndan mellan skogsskifte p\u00e5 nedre \u00e4ndan<\/li>\n<li>Till \u00e4ng Holmmyr \u00e4nget samt bostad p\u00e5 l\u00e4gligt st\u00e4lle f\u00f6r en betingad och \u00f6verenskommen k\u00f6pesumma av Sexton riksdaler i Specie mynt. Och som jag riktigt undf\u00e5tt f\u00f6ren\u00e4mnde betingade k\u00f6peskilling den f\u00f6rsta penningen med den sista, vilken och h\u00e4rmed blir kvitterad, s\u00e5 avh\u00e4nder jag mig och de mina f\u00f6ren\u00e4mnde torpl\u00e4genhet och det samma till\u00e4gnas Matts Kullman, dess hustru och barn p\u00e5 f\u00f6reskriven tid \u00e4gande Kullman att tilltr\u00e4da \u00e4gorna nu genast samt efter v\u00e4lbehag disponera.<\/li>\n<\/ol>\n<p>Lappfj\u00e4rd den 12 juni 1816.<\/p>\n<p>Anders L\u00e5ng \u00a0\u00a0\u00a0\u00a0\u00a0\u00a0\u00a0\u00a0\u00a0\u00a0\u00a0\u00a0\u00a0\u00a0\u00a0\u00a0\u00a0\u00a0\u00a0\u00a0\u00a0\u00a0\u00a0\u00a0\u00a0\u00a0\u00a0\u00a0\u00a0Caisa Pehrsdotter<\/p>\n<p>(14.7.1799)\u00a0\u00a0\u00a0\u00a0\u00a0\u00a0\u00a0\u00a0\u00a0\u00a0\u00a0\u00a0\u00a0\u00a0\u00a0\u00a0\u00a0\u00a0\u00a0\u00a0\u00a0\u00a0\u00a0\u00a0\u00a0\u00a0\u00a0\u00a0\u00a0\u00a0\u00a0 (8.2.1783)<\/p>\n<p>Med f\u00f6reg\u00e5ende f\u00f6rklararar jag mig fullkomligen n\u00f6jd, datum som ovan<\/p>\n<p>Matts E\u00a0Kullman<\/p>\n<p>skrivit och vittnar:<\/p>\n<p>Bom\u00e4rke.<\/p>\n<p>Henric Johansson Kl\u00e5fvus\u00a0\u00a0\u00a0\u00a0\u00a0\u00a0\u00a0 Eric E Morberg.<\/p>\n<p>Bom\u00e4rke.<\/p>\n<ol start=\"1817\">\n<li>den 12 Martii.<\/li>\n<\/ol>\n<h4><strong>\u00a0<\/strong><strong>\u00c5r 1821<\/strong><\/h4>\n<p>Matts Kullman f\u00e4lldes f\u00f6r br\u00e4nnvinsminutering till 9 rubel 60 kopek.<\/p>\n<h4><strong>\u00c5r 1829<\/strong><\/h4>\n<p>Den 5 december 1828 hade Matts Kullman eller Sorvari huggit skog i Zakarin mett\u00e4 skogsskift. Johan Pettersson, som trott sig \u00e4ga r\u00e4tten till skogen hade g\u00e5tt f\u00f6r att f\u00f6rbjuda Kullman att forts\u00e4tta hugget. Ordv\u00e4xling uppstod dem emellan och Kullman\u00a0hade utbrustit i svordom och hotat att sl\u00e5 Johan Pettersson och rest yxa emot honom.<\/p>\n<p>M\u00e5let l\u00e4mnade beroende till h\u00f6sttinget d\u00e5 vittnen inte hade kommit till tinget.<\/p>\n<h4><strong>\u00c5r 1829<\/strong><\/h4>\n<p>Pliktade Matts Kullman (f.1783)\u00a0f\u00f6r br\u00e4nnvinsminutering och fylleri. Och sabbatsbrott i Kristinestad.<\/p>\n<h4><strong>\u00c5r 1848\u00a0 \u00a7 194.<\/strong><\/h4>\n<p><strong>St\u00e4mning:<\/strong><\/p>\n<p>P\u00e5 beg\u00e4ran av Bondesonen Eric Henric Henricsson Storkull, ifr\u00e5n\u00a0Dagsmark\u00a0by, var torpar\u00e4nkan Maria Kullman, ifr\u00e5n samma by, kallad och st\u00e4md till tinget i Lappfj\u00e4rds sockens tingslag 1 september i Kristinestad laga h\u00e4radsh\u00f6stting.<\/p>\n<p>Svarom\u00e5l skulle avges p\u00e5 Storkulls p\u00e5st\u00e5ende, ang\u00e5ende upph\u00e4vandet av den avhandling daterad den 17 september 1829, d\u00e5 Storkulls far Henric Ericsson Storkull hade s\u00e5lt all mark till torparen Matts\u00a0<strong>Kullman\u00a0<\/strong>som underl\u00f6d Storkulls hemman kallad S\u00f6derstranden och Bj\u00f6rkmossen best\u00e5ende av \u00e5ker och \u00e4ng. Kullman som p\u00e5 laga grund sitter i f\u00f6rvaltning av sagde mark m\u00e5tte lagligen f\u00f6rpliktas avtr\u00e4da marken till Storkull.<\/p>\n<p>Kristinestad den 12 augusti 1848.<\/p>\n<p>Lappfj\u00e4rds socken, p\u00e5 domare \u00e4mbetets v\u00e4gnar, Carl Fredr; Hedman<\/p>\n<p>Parterna inst\u00e4llde sig personligen, Erik Henrik Henriksson Storkull bitr\u00e4ddes i r\u00e4tteg\u00e5ngen av kronol\u00e4nsmannen, expeditionsfogden Gustaf Starcke och Maria Kullman av herr borgm\u00e4staren Hasselblatt.<\/p>\n<p>Starcke anf\u00f6rde att Maria Kullmans avlidne man Matts\u00a0Kullmans<strong>\u00a0<\/strong>k\u00f6pebrev av den 17 september 1829, av innehavaren av Storkull skatte hemman i\u00a0Dagsmark\u00a0by, b\u00f6nderna Henrik och Eric Ericss\u00f6ner Storkull f\u00f6r en utf\u00e4st k\u00f6pesumma av 200 riksdaler Svenska Riksg\u00e4lds Sedlar, k\u00f6pt vissa \u00e4gor som lydde under ber\u00f6rde hemman i de s\u00e5 kallade S\u00f6derstranden och Bj\u00f6rkmossan.<\/p>\n<p>Svaranden Maria Kullman hade \u00e4gorna \u00e4nnu i f\u00f6rvaltning, men fullm\u00e4ktigen Starcke yrkade nu p\u00e5 att Maria Kullman skulle avtr\u00e4da \u00e4gorna till Storkull. Storkull var villig att gottg\u00f6ra Maria Kullman f\u00f6r de odlingskostnader hon hunnit l\u00e4gga ner p\u00e5 tvistemarken.<\/p>\n<p>H\u00e4r medel uppl\u00e5ter och avst\u00e5r vi undertecknade v\u00e5rt nu innehavande Storkull hemmanet i Dagsmark by av Lappfj\u00e4rds sockens till Torparen Matts Kullman att den med som tillh\u00f6r v\u00e5rt innehavande hemman i den s\u00e5kallade S\u00f6derstranden samt Bj\u00f6kmossen emot en betingad k\u00f6pesumma stor 200. Rdr RGs., hvilken summa \u00e4r riktigt betald och av oss bekommit och att den till honom \u00e4gor \u00e4ger han r\u00e4ttighet att beh\u00e5lla i ev\u00e4rdeliga tider barn efter barn, men i h\u00e4ndelse v\u00e5ra barn och efter-kommande arvingar skulle vilja fr\u00e5nta denne mark fr\u00e5n honom skall de f\u00f6rst betala k\u00f6pesumman tillbaka och sedan 24 skilling f\u00f6r de kappland, som han uppodlar till \u00e5ker, vilket h\u00e4rmedelst med v\u00e5ra namn och bom\u00e4rken i tillkallade vittnens n\u00e4rvaro till st\u00f6rre s\u00e4kerhet bestyrkt, 17 september 1837.<\/p>\n<p>Lappfj\u00e4rds sockens h\u00f6stting den 14. September 1848.<\/p>\n<p>Matts\u00a0Kullman\u00a0\u00a0\u00a0\u00a0\u00a0\u00a0\u00a0\u00a0\u00a0\u00a0\u00a0\u00a0\u00a0\u00a0\u00a0\u00a0\u00a0\u00a0\u00a0\u00a0\u00a0\u00a0\u00a0\u00a0\u00a0\u00a0\u00a0\u00a0\u00a0\u00a0Henric och Eric Ericsson Storkull<\/p>\n<p>K\u00f6pare\u00a0\u00a0\u00a0\u00a0\u00a0\u00a0\u00a0\u00a0\u00a0\u00a0\u00a0\u00a0\u00a0\u00a0\u00a0\u00a0\u00a0\u00a0\u00a0\u00a0\u00a0\u00a0\u00a0\u00a0\u00a0\u00a0\u00a0\u00a0\u00a0\u00a0\u00a0\u00a0\u00a0\u00a0\u00a0\u00a0\u00a0\u00a0\u00a0\u00a0\u00a0\u00a0 S\u00e4ljare och skatte B\u00f6nder<\/p>\n<p>&nbsp;<\/p>\n<p>Vittnen Eric Hammarberg, Henric Storfilppula<\/p>\n<p>av Gustaf Myll.&#8221;<\/p>\n<p>Besl\u00f6ts:<\/p>\n<p>Som H\u00e4rads R\u00e4tten anser bem\u00e4lde Henric Ericsson h\u00f6rande uti ifr\u00e5gavarande tvist ej vara av n\u00f6den s\u00e5 f\u00f6rkastas svarandens d\u00e4rom gjorda p\u00e5st\u00e5ende;<\/p>\n<p>Svarande fullm\u00e4ktigen f\u00f6rbeh\u00f6ll bet\u00e4nketid till eftermiddagen, huruvida dess huvudman skulle anf\u00f6ra besv\u00e4r \u00f6ver H\u00e4rads R\u00e4ttens beslut eller icke.<\/p>\n","protected":false},"excerpt":{"rendered":"<p>Eva Gr\u00f6nlund, som har r\u00f6tterna i Dagsmark har sammanst\u00e4llt protokoll fr\u00e5n domb\u00f6ckerna mellan \u00e5ren 1810 \u2013 1854 d\u00e4r sl\u00e4ktingarna Kullman figurerar. \u00a0\u00c5r 1810 Inhyses Anders Kullman ifr\u00e5n\u00a0Dagsmark\u00a0fordrade av inhyses Matts Ericsson Kullman fr\u00e5n samma by 8 Riksdaler Riksg\u00e4ld f\u00f6r en <a class=\"more-link\" href=\"https:\/\/www.lassebacklund.fi\/?page_id=22367\">Forts\u00e4tt l\u00e4sa <span class=\"screen-reader-text\">  Sl\u00e4kten Kullmans r\u00e4ttsfall<\/span><span class=\"meta-nav\">&rarr;<\/span><\/a><\/p>\n","protected":false},"author":1,"featured_media":0,"parent":1227,"menu_order":20,"comment_status":"closed","ping_status":"closed","template":"","meta":{"footnotes":""},"class_list":["post-22367","page","type-page","status-publish","hentry"],"_links":{"self":[{"href":"https:\/\/www.lassebacklund.fi\/index.php?rest_route=\/wp\/v2\/pages\/22367","targetHints":{"allow":["GET"]}}],"collection":[{"href":"https:\/\/www.lassebacklund.fi\/index.php?rest_route=\/wp\/v2\/pages"}],"about":[{"href":"https:\/\/www.lassebacklund.fi\/index.php?rest_route=\/wp\/v2\/types\/page"}],"author":[{"embeddable":true,"href":"https:\/\/www.lassebacklund.fi\/index.php?rest_route=\/wp\/v2\/users\/1"}],"replies":[{"embeddable":true,"href":"https:\/\/www.lassebacklund.fi\/index.php?rest_route=%2Fwp%2Fv2%2Fcomments&post=22367"}],"version-history":[{"count":2,"href":"https:\/\/www.lassebacklund.fi\/index.php?rest_route=\/wp\/v2\/pages\/22367\/revisions"}],"predecessor-version":[{"id":22369,"href":"https:\/\/www.lassebacklund.fi\/index.php?rest_route=\/wp\/v2\/pages\/22367\/revisions\/22369"}],"up":[{"embeddable":true,"href":"https:\/\/www.lassebacklund.fi\/index.php?rest_route=\/wp\/v2\/pages\/1227"}],"wp:attachment":[{"href":"https:\/\/www.lassebacklund.fi\/index.php?rest_route=%2Fwp%2Fv2%2Fmedia&parent=22367"}],"curies":[{"name":"wp","href":"https:\/\/api.w.org\/{rel}","templated":true}]}}