{"id":22154,"date":"2023-08-11T23:13:11","date_gmt":"2023-08-11T20:13:11","guid":{"rendered":"https:\/\/www.lassebacklund.fi\/?page_id=22154"},"modified":"2023-08-13T08:50:03","modified_gmt":"2023-08-13T05:50:03","slug":"hilma-stockhammars-texter","status":"publish","type":"page","link":"https:\/\/www.lassebacklund.fi\/?page_id=22154","title":{"rendered":"Hilma Stockhammars ber\u00e4ttelser"},"content":{"rendered":"<p>Hilma Stockhammar, f\u00f6dd Norrg\u00e5rd f\u00f6ddes \u00e5r 1904 i Hansas gamla sl\u00e4ktg\u00e5rd p\u00e5 hemmanet Skogman. Hon var mycket beg\u00e5vad och kunde redan i unga \u00e5r producera historiska texter f\u00f6r olika tidningar. Hon flyttade till Sverige men tidningen Syd-\u00d6sterbotten hade m\u00f6jlighet att publicera hennes texter, fr\u00e4mst d\u00e5 p\u00e5 1940-talet.<\/p>\n<h4><a href=\"https:\/\/www.lassebacklund.fi\/?page_id=22158\"><span style=\"color: #000080;\"><strong>-Hemma hos familjen Wendelin<\/strong><\/span><\/a><\/h4>\n<h4><a href=\"https:\/\/www.kristinestadshistoria.fi\/?page_id=13319\"><span style=\"color: #000080;\"><strong>-F\u00e5glarnas kyrka<\/strong><\/span><\/a><\/h4>\n<h4><a href=\"https:\/\/www.lassebacklund.fi\/?page_id=15860\"><span style=\"color: #000080;\"><strong>-H\u00e4ndelserna i \u00d6mossa \u00e5r 1808<\/strong><\/span><\/a><\/h4>\n<h4><span style=\"color: #000080;\"><a style=\"color: #000080;\" href=\"https:\/\/www.lassebacklund.fi\/?page_id=22173\"><strong>-Hj\u00e4lten fr\u00e5n Sala, Wilhelm von Schwerin<\/strong><\/a><\/span><\/h4>\n","protected":false},"excerpt":{"rendered":"<p>Hilma Stockhammar, f\u00f6dd Norrg\u00e5rd f\u00f6ddes \u00e5r 1904 i Hansas gamla sl\u00e4ktg\u00e5rd p\u00e5 hemmanet Skogman. Hon var mycket beg\u00e5vad och kunde redan i unga \u00e5r producera historiska texter f\u00f6r olika tidningar. Hon flyttade till Sverige men tidningen Syd-\u00d6sterbotten hade m\u00f6jlighet att <a class=\"more-link\" href=\"https:\/\/www.lassebacklund.fi\/?page_id=22154\">Forts\u00e4tt l\u00e4sa <span class=\"screen-reader-text\">  Hilma Stockhammars ber\u00e4ttelser<\/span><span class=\"meta-nav\">&rarr;<\/span><\/a><\/p>\n","protected":false},"author":1,"featured_media":0,"parent":19,"menu_order":140,"comment_status":"closed","ping_status":"closed","template":"","meta":{"footnotes":""},"class_list":["post-22154","page","type-page","status-publish","hentry"],"_links":{"self":[{"href":"https:\/\/www.lassebacklund.fi\/index.php?rest_route=\/wp\/v2\/pages\/22154","targetHints":{"allow":["GET"]}}],"collection":[{"href":"https:\/\/www.lassebacklund.fi\/index.php?rest_route=\/wp\/v2\/pages"}],"about":[{"href":"https:\/\/www.lassebacklund.fi\/index.php?rest_route=\/wp\/v2\/types\/page"}],"author":[{"embeddable":true,"href":"https:\/\/www.lassebacklund.fi\/index.php?rest_route=\/wp\/v2\/users\/1"}],"replies":[{"embeddable":true,"href":"https:\/\/www.lassebacklund.fi\/index.php?rest_route=%2Fwp%2Fv2%2Fcomments&post=22154"}],"version-history":[{"count":7,"href":"https:\/\/www.lassebacklund.fi\/index.php?rest_route=\/wp\/v2\/pages\/22154\/revisions"}],"predecessor-version":[{"id":22178,"href":"https:\/\/www.lassebacklund.fi\/index.php?rest_route=\/wp\/v2\/pages\/22154\/revisions\/22178"}],"up":[{"embeddable":true,"href":"https:\/\/www.lassebacklund.fi\/index.php?rest_route=\/wp\/v2\/pages\/19"}],"wp:attachment":[{"href":"https:\/\/www.lassebacklund.fi\/index.php?rest_route=%2Fwp%2Fv2%2Fmedia&parent=22154"}],"curies":[{"name":"wp","href":"https:\/\/api.w.org\/{rel}","templated":true}]}}