{"id":21870,"date":"2022-09-01T20:54:38","date_gmt":"2022-09-01T17:54:38","guid":{"rendered":"https:\/\/www.lassebacklund.fi\/?page_id=21870"},"modified":"2024-08-28T23:30:37","modified_gmt":"2024-08-28T20:30:37","slug":"lars-rosenback","status":"publish","type":"page","link":"https:\/\/www.lassebacklund.fi\/?page_id=21870","title":{"rendered":"Lars Rosenback"},"content":{"rendered":"<p><span style=\"color: #000080;\"><strong>Sammanst\u00e4llt av Lasse Backlund i september 2022.<\/strong><\/span><\/p>\n<p>Lars Rosenback var f\u00f6dd \u00e5r 1917 i Kristinestad och han var son till Johannes Rosenback (1875-1938) och till Tekla (f. Hasselblatt i Kristinestad 1879-1956). Han f\u00f6ddes i Kilpi-huset p\u00e5 \u00d6stra sidan men i skol\u00e5ldern flyttade han med familjen till V\u00e4stra L\u00e5nggatan 18\/Parmansgatan 7. Lars Rosenbacks farfar var bonde, n\u00e4mndemannen, g\u00e4stgivaren och skolbyggaren Johan \u201dSebbin\u201d Rosenback fr\u00e5n Sebasbackan i Dagsmark och dennes andra hustru Matilda.<\/p>\n<p>Efter sex \u00e5r i samskolan gick Lars en telegrafistutbildning som Post- och telegrafverket i Finland anordnade men n\u00e5gon examen l\u00e4r han inte ha f\u00e5tt. Efter det fick han tj\u00e4nst som telegrafist p\u00e5 Thord\u00e9nredriet. \u00c5r 1941 togs han som krigsf\u00e5nge i Trinidad, d\u00e4r han var i tv\u00e5 \u00e5r.\u00a0 Efter det fortsatte han som telegrafist i handelsflottan. Sedan blev han direkt\u00f6r f\u00f6r Olson Marine Co i Philadelpia och fr\u00e5n 1952 blev han f\u00f6rs\u00e4ljningschef f\u00f6r tobaksbolaget Philip Morris.<\/p>\n<p>I slutet av 1940-talet tr\u00e4ffade Lars Rosenback sin blivande hustru Aili Ahonen (1912-1970), som var f\u00f6dd i Quincy i Massachusetts. De tr\u00e4ffades f\u00f6rsta g\u00e5ngen p\u00e5\u00a0 Finntown, en plats d\u00e4r invandrade finl\u00e4ndare samlades i n\u00e4rheten av Sunset Park i Brooklyn, New York.<\/p>\n<p>Ailis f\u00f6r\u00e4ldrar Antti och Maria Ahonen var f\u00f6dda i Sordavala i Karelen men flyttade till Amerika \u00e5r 1912 och de anl\u00e4nde dit 4 m\u00e5nader f\u00f6re Aili f\u00f6ddes. Aili hade tre syskon, som alla var f\u00f6dda i Sordavala. Aili hade varit gift f\u00f6rut med Olavi Korhonen och med honom hade hon dottern Barbara (1944-2015). Ailis och Olavis \u00e4ktenskap slutade med skilsm\u00e4ssa. Barbara hade tv\u00e5 barn, f\u00f6dda 1965 och 1968.<\/p>\n<figure id=\"attachment_23136\" aria-describedby=\"caption-attachment-23136\" style=\"width: 932px\" class=\"wp-caption alignnone\"><img loading=\"lazy\" decoding=\"async\" class=\"size-full wp-image-23136\" src=\"https:\/\/www.lassebacklund.fi\/wp-content\/uploads\/2024\/08\/Rosenback-Lars-och-Ailis-brollopsfoto-1948.jpg\" alt=\"\" width=\"932\" height=\"1319\" srcset=\"https:\/\/www.lassebacklund.fi\/wp-content\/uploads\/2024\/08\/Rosenback-Lars-och-Ailis-brollopsfoto-1948.jpg 932w, https:\/\/www.lassebacklund.fi\/wp-content\/uploads\/2024\/08\/Rosenback-Lars-och-Ailis-brollopsfoto-1948-212x300.jpg 212w, https:\/\/www.lassebacklund.fi\/wp-content\/uploads\/2024\/08\/Rosenback-Lars-och-Ailis-brollopsfoto-1948-724x1024.jpg 724w, https:\/\/www.lassebacklund.fi\/wp-content\/uploads\/2024\/08\/Rosenback-Lars-och-Ailis-brollopsfoto-1948-768x1087.jpg 768w\" sizes=\"auto, (max-width: 932px) 100vw, 932px\" \/><figcaption id=\"caption-attachment-23136\" class=\"wp-caption-text\">\u00c5r 1948 gifte sig Lars Rosenback med Aili Ahonen, som var f\u00f6dd i USA men som hade r\u00f6tterna i Sordavala i Karelen. Fotot utl\u00e5nat av deras dotter Ingrid Rosenback.<\/figcaption><\/figure>\n<p>\u00c5r 1950 fick Lars och Aili dottern Ingrid och de bodde d\u00e5 i Philadelphia, Pennsylvania. D\u00e5 Ingrid var tv\u00e5 \u00e5r gammal flyttade familjen till Collingswood i New Jersey.<\/p>\n<figure id=\"attachment_22793\" aria-describedby=\"caption-attachment-22793\" style=\"width: 592px\" class=\"wp-caption alignnone\"><img loading=\"lazy\" decoding=\"async\" class=\"wp-image-22793 size-full\" src=\"https:\/\/www.lassebacklund.fi\/wp-content\/uploads\/2024\/04\/19700521-Aili-Rosenbacks-dodsannons.jpg\" alt=\"\" width=\"592\" height=\"457\" srcset=\"https:\/\/www.lassebacklund.fi\/wp-content\/uploads\/2024\/04\/19700521-Aili-Rosenbacks-dodsannons.jpg 592w, https:\/\/www.lassebacklund.fi\/wp-content\/uploads\/2024\/04\/19700521-Aili-Rosenbacks-dodsannons-300x232.jpg 300w\" sizes=\"auto, (max-width: 592px) 100vw, 592px\" \/><figcaption id=\"caption-attachment-22793\" class=\"wp-caption-text\">Aili Rosenback dog den 5 maj 1970 i Collingswood i Amerika.<\/figcaption><\/figure>\n<p>Efter studentexamen p\u00e5 gymnasiet fick hon kandidatexamen i biologi fr\u00e5n University of Delaware, Philadelphia College of Pharmacy and Science (Pharmacy) och Temple Universitys Esther Boyer College of Music and Dance (Violin Performance).<\/p>\n<p>Ingrid gifte sig f\u00f6rsta g\u00e5ngen med Younus Tabani (1945-2015), som var f\u00f6dd i Karachi i Pakistan. Det barnl\u00f6sa \u00e4ktenskapet slutade med skilsm\u00e4ssa. Ingrid gifte sig sedan med John Brodsky, som \u00e4r f\u00f6dd 1937 i New York. Fr\u00e5n ett tidigare \u00e4ktenskap har han tre barn och sex barnbarn.<\/p>\n<p>\u00c5r 2001 adopterade Ingrid och John dottern Miranda, som \u00e4r f\u00f6dd \u00e5r 2000 i Kina. \u00c5r 2002 adopterade de sonen Eric, som \u00e4r f\u00f6dd samma \u00e5r i Vietnam.<\/p>\n<p>Efter att ha arbetat i apoteksbranschen sadlade Ingrid om i 40-\u00e5rs\u00e5ldern, d\u00e5 hon satsade p\u00e5 musik och violinspelande. Hon har arbetat som violinl\u00e4rare och sj\u00e4lv spelat i olika grupper. Hon har varit med och gett ut 6 CD-skivor och har upptr\u00e4tt p\u00e5 flera arenor och till och med p\u00e5 Luciafester och midsommarfester i Amerika.<\/p>\n<p>Om du vill l\u00e4sa Ingrid Rosenbacks engelskspr\u00e5kiga biografi, s\u00e5 skall du klicka <a href=\"https:\/\/www.lassebacklund.fi\/?page_id=22170\"><span style=\"color: #000080;\"><strong>H\u00c4R!<\/strong><\/span><\/a><\/p>\n<figure id=\"attachment_22140\" aria-describedby=\"caption-attachment-22140\" style=\"width: 1500px\" class=\"wp-caption alignnone\"><img loading=\"lazy\" decoding=\"async\" class=\"size-full wp-image-22140\" src=\"https:\/\/www.lassebacklund.fi\/wp-content\/uploads\/2023\/08\/Hedgerowmarch23copy.jpeg\" alt=\"\" width=\"1500\" height=\"1200\" srcset=\"https:\/\/www.lassebacklund.fi\/wp-content\/uploads\/2023\/08\/Hedgerowmarch23copy.jpeg 1500w, https:\/\/www.lassebacklund.fi\/wp-content\/uploads\/2023\/08\/Hedgerowmarch23copy-300x240.jpeg 300w, https:\/\/www.lassebacklund.fi\/wp-content\/uploads\/2023\/08\/Hedgerowmarch23copy-1024x819.jpeg 1024w, https:\/\/www.lassebacklund.fi\/wp-content\/uploads\/2023\/08\/Hedgerowmarch23copy-768x614.jpeg 768w\" sizes=\"auto, (max-width: 1500px) 100vw, 1500px\" \/><figcaption id=\"caption-attachment-22140\" class=\"wp-caption-text\">Tillsammans med Jack Scott har Ingrid Rosenback bildat duon &#8221;Last Chance&#8221;, som upptr\u00e4der p\u00e5 olika tillst\u00e4llningar i Amerika. Klicka p\u00e5 <a href=\"http:\/\/www.lastchanceband.org\/epk?fbclid=IwAR09oBTqVx8Jz0_w60pUGr0bm9o7rzeF59fNHudv6bCiueaAl7qgMppzFgA\">EPK \u2014 Last Chance (lastchanceband.org)<\/a>, s\u00e5 kan du l\u00e4sa mera om duon och till och med lyssna p\u00e5 deras musik.<\/figcaption><\/figure>\n<h2><strong>Tidningsartiklar om Lars Rosenback.<\/strong><\/h2>\n<figure id=\"attachment_21867\" aria-describedby=\"caption-attachment-21867\" style=\"width: 1454px\" class=\"wp-caption alignnone\"><img loading=\"lazy\" decoding=\"async\" class=\"size-full wp-image-21867\" src=\"https:\/\/www.lassebacklund.fi\/wp-content\/uploads\/2022\/09\/Lars-1-och-Carmen.jpg\" alt=\"\" width=\"1454\" height=\"1565\" srcset=\"https:\/\/www.lassebacklund.fi\/wp-content\/uploads\/2022\/09\/Lars-1-och-Carmen.jpg 1454w, https:\/\/www.lassebacklund.fi\/wp-content\/uploads\/2022\/09\/Lars-1-och-Carmen-279x300.jpg 279w, https:\/\/www.lassebacklund.fi\/wp-content\/uploads\/2022\/09\/Lars-1-och-Carmen-951x1024.jpg 951w, https:\/\/www.lassebacklund.fi\/wp-content\/uploads\/2022\/09\/Lars-1-och-Carmen-768x827.jpg 768w, https:\/\/www.lassebacklund.fi\/wp-content\/uploads\/2022\/09\/Lars-1-och-Carmen-1427x1536.jpg 1427w\" sizes=\"auto, (max-width: 1454px) 100vw, 1454px\" \/><figcaption id=\"caption-attachment-21867\" class=\"wp-caption-text\">Lars gifte sig f\u00f6rsta g\u00e5ngen med Aili Ahonen med r\u00f6tterna i Karelen och fick med henne dottern Ingrid Rosenback. H\u00e4r p\u00e5 bilden st\u00e5r Lars med sin andra hustru Carmen, som var f\u00f6dd i Italien.<\/figcaption><\/figure>\n<figure id=\"attachment_21868\" aria-describedby=\"caption-attachment-21868\" style=\"width: 1229px\" class=\"wp-caption alignnone\"><img loading=\"lazy\" decoding=\"async\" class=\"size-full wp-image-21868\" src=\"https:\/\/www.lassebacklund.fi\/wp-content\/uploads\/2022\/09\/Lars-2-och-Carmen.jpg\" alt=\"\" width=\"1229\" height=\"823\" srcset=\"https:\/\/www.lassebacklund.fi\/wp-content\/uploads\/2022\/09\/Lars-2-och-Carmen.jpg 1229w, https:\/\/www.lassebacklund.fi\/wp-content\/uploads\/2022\/09\/Lars-2-och-Carmen-300x201.jpg 300w, https:\/\/www.lassebacklund.fi\/wp-content\/uploads\/2022\/09\/Lars-2-och-Carmen-1024x686.jpg 1024w, https:\/\/www.lassebacklund.fi\/wp-content\/uploads\/2022\/09\/Lars-2-och-Carmen-768x514.jpg 768w\" sizes=\"auto, (max-width: 1229px) 100vw, 1229px\" \/><figcaption id=\"caption-attachment-21868\" class=\"wp-caption-text\">Detta sista foto av Lars och Carmen \u00e4r taget \u00e5r 2011, s\u00e5 Lars var 94 \u00e5r och Carmen fyllde 90.<\/figcaption><\/figure>\n<p>\u00c5r 1967 d\u00e5 Lasse fyllde 50 \u00e5r publicerades i tidningen Syd-\u00d6sterbotten en artikel om honom som lyder s\u00e5 h\u00e4r:<\/p>\n<p><em>F\u00f6rs\u00e4ljningschefen vid tobaksbolaget Philip Morris International export Lars Rosenback i Collingswood, New Jersey i USA, fyller i dag 50 \u00e5r.<\/em><\/p>\n<p><em>Jubilaren \u00e4r f\u00f6dd i Kristinestad och gick sex klasser i svenska samskolan varefter han absolverade radiotelegrafistkurs vid Post- och telegrafverket. Han fick d\u00e4refter anst\u00e4llning i Thord\u00e9nrederiet d\u00e4r han kvarstod till \u00e5r 1941 d\u00e5 han internerades som krigsf\u00e5nge p\u00e5 Trinidad.<\/em><\/p>\n<p><em>Efter tv\u00e5 \u00e5rs internering intr\u00e4dda Lars Rosenback i den allierade handelsflottans tj\u00e4nst som telegrafist och tj\u00e4nstgjorde d\u00e4r till krigets slut. D\u00e4refter var han direkt\u00f6r f\u00f6r Olsson Marine Comp:s skeppshandelskontor i Philadelphia till \u00e5r 1952 d\u00e5 han erbj\u00f6ds sin nuvarande befattning.<\/em><\/p>\n<p><em>F\u00f6r sina krigsinsatser har jubilaren dekorerats med flera tapperhets- och utm\u00e4rkelsetecken i Finland och USA. I sin ungdom var Rosenback en mycket intresserad idrottsman och var p\u00e5 sin tid \u00f6sterbottnisk skolm\u00e4stare p\u00e5 100 metes l\u00f6pning och i l\u00e4ngdhopp.<\/em><\/p>\n<p><em>Lars Rosenback som senaste sommar (1966) har i sitt nya hemland blivit en av st\u00f6ttepelarna bland emigranterna fr\u00e5n Syd\u00f6sterbotten. Han har varit en flitig medarbetare i tidningen Norden och i Collingswood sjunger han bl.a. i kyrkok\u00f6ren. Hans hobby \u00e4r fortfarande radiotelegrafi och nu och d\u00e5 f\u00e5r Lasse kontakt med likasinnade i det gamla hemlandet via etern.<\/em><\/p>\n<p><span style=\"color: #000080;\"><strong>Lars Rosenback skrev den 17 april 1986 ett brev fr\u00e5n West Palm Beach \u00e5t Lars Ax\u00e9n i Kristinestad. P\u00e5 grund av en poststrejk blev brevet returnerat till Amerika och d\u00e5 skickade Rosenback brevet en g\u00e5ng till, denna g\u00e5ng fr\u00e5n Key West i Florida. Ax\u00e9n som var redakt\u00f6r f\u00f6r Kristinestads Tidning publicerade brevet 18.6.1986, s\u00e5 h\u00e4r:<\/strong><\/span><\/p>\n<p>\u201dVi \u00e4r h\u00e4r i Amerikas sydligaste stad, Key West, en tropisk, s\u00f6mnig stad i gr\u00f6nska. Vi har Atlanten p\u00e5 \u00f6stra sidan och Mexikanska golfen p\u00e5 v\u00e4stra. Det \u00e4r 30 grader varmt i dag men vi har friska vindar som bl\u00e5ser fr\u00e5n Karibiska havet. Det var h\u00e4r som f\u00f6rfattaren Ernest Hemingway skrev sina m\u00e5nga b\u00f6cker. Vi har bes\u00f6kt hans hus, som nu \u00e4r ett museum.<\/p>\n<p>Annars \u00e4r det lugnt och stilla h\u00e4r i s\u00f6dra Florida igen, f\u00f6r nu har turisterna \u00e5kt tillbaka till Europa och till de norra staterna. I synnerhet denna vinter har det varit packat. Str\u00e4nderna har varit fulla och man kunde knappast hitta en parkeringsplats. Det var k\u00f6er \u00f6verallt och tr\u00e4ngt p\u00e5 restaurangerna.<\/p>\n<p>Jag s\u00e4nder h\u00e4r ett foto p\u00e5 v\u00e5r styrelse i\u201d Lodge 218 Order of Runeberg\u201d. Vi \u00e4r en livlig grupp h\u00e4r och som president i tv\u00e5 \u00e4r har man mycket att g\u00f6ra. Till och med begravningsgudstj\u00e4nst enligt Runebergs ordens ritual om n\u00e5gon medlem avlider och det har redan h\u00e4nt tv\u00e5 g\u00e5nger. Som du f\u00f6rst\u00e5r, s\u00e5 \u00e4r det just det som \u00e4r det sv\u00e5raste inom f\u00f6reningen.<\/p>\n<figure id=\"attachment_21874\" aria-describedby=\"caption-attachment-21874\" style=\"width: 776px\" class=\"wp-caption alignnone\"><img loading=\"lazy\" decoding=\"async\" class=\"size-full wp-image-21874\" src=\"https:\/\/www.lassebacklund.fi\/wp-content\/uploads\/2022\/09\/Lars-4-Runebergs-orden.jpg\" alt=\"\" width=\"776\" height=\"538\" srcset=\"https:\/\/www.lassebacklund.fi\/wp-content\/uploads\/2022\/09\/Lars-4-Runebergs-orden.jpg 776w, https:\/\/www.lassebacklund.fi\/wp-content\/uploads\/2022\/09\/Lars-4-Runebergs-orden-300x208.jpg 300w, https:\/\/www.lassebacklund.fi\/wp-content\/uploads\/2022\/09\/Lars-4-Runebergs-orden-768x532.jpg 768w\" sizes=\"auto, (max-width: 776px) 100vw, 776px\" \/><figcaption id=\"caption-attachment-21874\" class=\"wp-caption-text\">Styrelsen f\u00f6r &#8221;Order of Runeberg&#8221; med ordf\u00f6randen Lars Rosenback, andra fr\u00e5n v\u00e4nster. Fotot publicerat i Kristinestads Tidning 18.6.1986.<\/figcaption><\/figure>\n<p>Vi har ocks\u00e5 anslutit oss till \u201dSons of Italy\u201d, allts\u00e5 italienska f\u00f6reningen, s\u00e5 som du ser s\u00e5 \u00e4r vi aktiva. Bussresor, middagar, danser och allt annat m\u00f6jligt. Och golfen \u00e4r ju n\u00e4rmast v\u00e5ra hj\u00e4rtan och vi spelar med v\u00e5r lutherska kyrkogrupp varje m\u00e5ndag.<\/p>\n<p>Ja, mer har jag inte att ber\u00e4tta denna g\u00e5ng \u00e4n att v\u00e4dret \u00e4r fint med upp till 28-29 plusgrader och att vi simmade i havet i dag.<\/p>\n<p>Men m\u00e5nga h\u00e4lsningar fr\u00e5n Carmen och Lasse.\u201d<\/p>\n<p><strong><span style=\"color: #000080;\">Den 13 december 2007 skrev Lars Axen en artikel i tidningen Syd-\u00d6sterbotten, s\u00e5 h\u00e4r:<\/span><\/strong><\/p>\n<h4><strong>Kristinestadsgrabb i f\u00f6rskingringen njuter sitt otium i Florida.<\/strong><\/h4>\n<figure id=\"attachment_21869\" aria-describedby=\"caption-attachment-21869\" style=\"width: 1186px\" class=\"wp-caption alignnone\"><img loading=\"lazy\" decoding=\"async\" class=\"size-full wp-image-21869\" src=\"https:\/\/www.lassebacklund.fi\/wp-content\/uploads\/2022\/09\/Lars-3-och-Carmen.jpg\" alt=\"\" width=\"1186\" height=\"753\" srcset=\"https:\/\/www.lassebacklund.fi\/wp-content\/uploads\/2022\/09\/Lars-3-och-Carmen.jpg 1186w, https:\/\/www.lassebacklund.fi\/wp-content\/uploads\/2022\/09\/Lars-3-och-Carmen-300x190.jpg 300w, https:\/\/www.lassebacklund.fi\/wp-content\/uploads\/2022\/09\/Lars-3-och-Carmen-1024x650.jpg 1024w, https:\/\/www.lassebacklund.fi\/wp-content\/uploads\/2022\/09\/Lars-3-och-Carmen-768x488.jpg 768w\" sizes=\"auto, (max-width: 1186px) 100vw, 1186px\" \/><figcaption id=\"caption-attachment-21869\" class=\"wp-caption-text\">J\u00e4mn\u00e5rig med Finland. Lars och Carmen Rosenback i sitt trivsamma hem i Florida.<\/figcaption><\/figure>\n<p><em>Lars fyller 90 \u00e5r den 19 december 2007.<\/em><\/p>\n<p><em>Radiotelegrafisten Lars Rosenback i Florida, USA, fyller 90 \u00e5r den 19 december. Han \u00e4r n\u00e4ra j\u00e4mn\u00e5rig med Finland, som firade sin 90-\u00e5riga sj\u00e4lvst\u00e4ndighet h\u00e4romdagen.<\/em><\/p>\n<p><em>Vi minns Lars Rosenback som landsdelens sprinterm\u00e4stare, samtidigt skolm\u00e4stare bland landets svenska skolor med tiden 11,2 p\u00e5 100 m och resultatet 6,48 m i l\u00e4ngdhopp. Andra flyfotade ungdomar p\u00e5 den tiden var bl.a. \u00c5ke Knus, Lappfj\u00e4rd och Jouko Risku, Kask\u00f6.<\/em><\/p>\n<p><em>Lars Rosenback avtj\u00e4nade sin v\u00e4rnplikt vid Nylands regemente 1937-1938. Efter radiotelegrafistskolning gick han till sj\u00f6ss och blev under andra v\u00e4rldskriget internerad p\u00e5 Trinidad. Han var senare i tj\u00e4nst inom amerikanska flottan. Efter krigsslutet fick Rosenback bl.a. tj\u00e4nst inom tobaksindustrin f\u00f6r bolaget Philip Morris, d\u00e4rifr\u00e5n han pensionerades och bosatte sig sedan i Boynton Beach i Florida.<\/em><\/p>\n<p><em>D\u00e4r vistas han alltj\u00e4mt med sin italienska maka Carmen. Under pension\u00e4rstiden har paret varit p\u00e5 \u00e5tskilliga kryssningsresor, ocks\u00e5 till Europa och Finland och med mellanlandning i Lars f\u00f6delsestad Kristinestad. <\/em><\/p>\n<p><em>Vid kontakt med jubilaren h\u00e4romdagen ber\u00e4ttade Lars att det var 27 plusgrader i Florida och att man d\u00e4r f\u00f6r n\u00e4rvarande inte har orkaner i sikte.<\/em><\/p>\n","protected":false},"excerpt":{"rendered":"<p>Sammanst\u00e4llt av Lasse Backlund i september 2022. Lars Rosenback var f\u00f6dd \u00e5r 1917 i Kristinestad och han var son till Johannes Rosenback (1875-1938) och till Tekla (f. Hasselblatt i Kristinestad 1879-1956). Han f\u00f6ddes i Kilpi-huset p\u00e5 \u00d6stra sidan men i <a class=\"more-link\" href=\"https:\/\/www.lassebacklund.fi\/?page_id=21870\">Forts\u00e4tt l\u00e4sa <span class=\"screen-reader-text\">  Lars Rosenback<\/span><span class=\"meta-nav\">&rarr;<\/span><\/a><\/p>\n","protected":false},"author":1,"featured_media":0,"parent":763,"menu_order":2,"comment_status":"closed","ping_status":"closed","template":"","meta":{"footnotes":""},"class_list":["post-21870","page","type-page","status-publish","hentry"],"_links":{"self":[{"href":"https:\/\/www.lassebacklund.fi\/index.php?rest_route=\/wp\/v2\/pages\/21870","targetHints":{"allow":["GET"]}}],"collection":[{"href":"https:\/\/www.lassebacklund.fi\/index.php?rest_route=\/wp\/v2\/pages"}],"about":[{"href":"https:\/\/www.lassebacklund.fi\/index.php?rest_route=\/wp\/v2\/types\/page"}],"author":[{"embeddable":true,"href":"https:\/\/www.lassebacklund.fi\/index.php?rest_route=\/wp\/v2\/users\/1"}],"replies":[{"embeddable":true,"href":"https:\/\/www.lassebacklund.fi\/index.php?rest_route=%2Fwp%2Fv2%2Fcomments&post=21870"}],"version-history":[{"count":12,"href":"https:\/\/www.lassebacklund.fi\/index.php?rest_route=\/wp\/v2\/pages\/21870\/revisions"}],"predecessor-version":[{"id":23137,"href":"https:\/\/www.lassebacklund.fi\/index.php?rest_route=\/wp\/v2\/pages\/21870\/revisions\/23137"}],"up":[{"embeddable":true,"href":"https:\/\/www.lassebacklund.fi\/index.php?rest_route=\/wp\/v2\/pages\/763"}],"wp:attachment":[{"href":"https:\/\/www.lassebacklund.fi\/index.php?rest_route=%2Fwp%2Fv2%2Fmedia&parent=21870"}],"curies":[{"name":"wp","href":"https:\/\/api.w.org\/{rel}","templated":true}]}}