{"id":21658,"date":"2022-02-21T18:23:11","date_gmt":"2022-02-21T16:23:11","guid":{"rendered":"https:\/\/www.lassebacklund.fi\/?page_id=21658"},"modified":"2022-02-21T19:27:11","modified_gmt":"2022-02-21T17:27:11","slug":"nyholms-gard-pa-norrviksvagen-370","status":"publish","type":"page","link":"https:\/\/www.lassebacklund.fi\/?page_id=21658","title":{"rendered":"Nyholms g\u00e5rd &#8221;Kaalas&#8221; p\u00e5 Norrviksv\u00e4gen 370."},"content":{"rendered":"<p><span style=\"color: #000080;\"><strong>Sammanst\u00e4llt av Lasse Backlund i februari 2022 med hj\u00e4lp av Wilhelm Jansson anteckningar och gamla tidningar. Flera korsb\u00e4ckbor har hj\u00e4lp till med information och fotografier.<\/strong><\/span><\/p>\n<figure id=\"attachment_21660\" aria-describedby=\"caption-attachment-21660\" style=\"width: 1213px\" class=\"wp-caption alignnone\"><img loading=\"lazy\" decoding=\"async\" class=\"size-full wp-image-21660\" src=\"https:\/\/www.lassebacklund.fi\/wp-content\/uploads\/2022\/02\/Finska-skolan-i-Korsback-foto-Elgot-Berg-kopia.jpg\" alt=\"\" width=\"1213\" height=\"826\" srcset=\"https:\/\/www.lassebacklund.fi\/wp-content\/uploads\/2022\/02\/Finska-skolan-i-Korsback-foto-Elgot-Berg-kopia.jpg 1213w, https:\/\/www.lassebacklund.fi\/wp-content\/uploads\/2022\/02\/Finska-skolan-i-Korsback-foto-Elgot-Berg-kopia-300x204.jpg 300w, https:\/\/www.lassebacklund.fi\/wp-content\/uploads\/2022\/02\/Finska-skolan-i-Korsback-foto-Elgot-Berg-kopia-1024x697.jpg 1024w, https:\/\/www.lassebacklund.fi\/wp-content\/uploads\/2022\/02\/Finska-skolan-i-Korsback-foto-Elgot-Berg-kopia-768x523.jpg 768w\" sizes=\"auto, (max-width: 1213px) 100vw, 1213px\" \/><figcaption id=\"caption-attachment-21660\" class=\"wp-caption-text\">Den h\u00e4r g\u00e5rden som fr\u00e5n \u00e5r 1914 till mitten av 1970-talet stod p\u00e5 Norrviksv\u00e4gen 370 \u00e4r mest k\u00e4nd f\u00f6r att den finska skolan i Korsb\u00e4ck under \u00e5ren 1929-1932 var inrymd i den. Fotot, som \u00e4r utl\u00e5nat av Sixten Berg \u00e4r taget av hans far Elgot Berg p\u00e5 1970-talet.<\/figcaption><\/figure>\n<p>G\u00e5rden hade i tiderna st\u00e5tt bredvid R\u00f6nngrens g\u00e5rd vid Stolidbackan men \u00e5r 1914 hade Isak Hemberg (1885-1941) flyttat den till Norrviksv\u00e4gen 370. Isak var f\u00f6dd i Honkajoki men hade via Sideby kommit till Dagsmark tillsammans med sin far Heikki och flera syskon. Han gifte sig \u00e5r 1909 med \u201dRuffa Viktors\u201d dotter Hilma (1878-1928). D\u00e5 Isak blev \u00e4nkling, s\u00e5 s\u00e5lde han den h\u00e4r g\u00e5rden \u00e5t M\u00e4kel\u00e4 J\u00e5ss, som snart s\u00e5lde den vidare \u00e5t en f\u00f6rening, som startade en finsk skola i den \u00e5r 1929.<\/p>\n<p>Skolan verkade h\u00e4r till 1932, d\u00e5 den flyttade ner till <a href=\"https:\/\/www.lassebacklund.fi\/?page_id=3412\">Myllyniemis lillstuga i Dagsmark<\/a> och efter det k\u00f6pte \u201dJ\u00e5hanas Kaal\u201d Karl Nyholm (1900-1967) g\u00e5rden och flyttade dit med hustrun <a href=\"https:\/\/www.lassebacklund.fi\/?page_id=11146\">\u201dSkomakas Hulda\u201d Rosenlund<\/a> (1900-1960) fr\u00e5n Dagsmark.<\/p>\n<p>Det h\u00e4r st\u00e4llet hade sedan Isaks tid kallats \u201dIsakas\u201d men efter att Karl Nyholm \u00f6vertog g\u00e5rden, s\u00e5 b\u00f6rjade det kallas \u201dSkol Kaalas\u201d och numera heter st\u00e4llet enbart \u201dKaalas\u201d.<\/p>\n<p>\u00c5r 1971 s\u00e5lde Karl och Huldas arvingar g\u00e5rden \u00e5t Elgot Norrvik, som rev ner den och nu anv\u00e4nds hela tomten som odlingsmark f\u00f6r potatis.<\/p>\n<h5><strong>L\u00e4nkar:<\/strong><\/h5>\n<p>Om du vill l\u00e4sa mera om den finska skolan i Norrviken, s\u00e5 skall du klicka <a href=\"https:\/\/www.lassebacklund.fi\/?page_id=21480\"><span style=\"text-decoration: underline;\"><span style=\"color: #000080;\"><strong>H\u00c4R!<\/strong><\/span><\/span><\/a><\/p>\n<p>Om du l\u00e4sa mera om &#8221;Ruffa Isak&#8221; Hemberg, som flyttade g\u00e5rden fr\u00e5n Stolidbackan n\u00e4rmare sina sv\u00e4rf\u00f6r\u00e4ldrar, s\u00e5 skall du klicka <a href=\"https:\/\/www.lassebacklund.fi\/?page_id=12684\"><span style=\"text-decoration: underline;\"><span style=\"color: #000080;\"><strong>H\u00c4R!<\/strong><\/span><\/span><\/a><\/p>\n<figure id=\"attachment_21665\" aria-describedby=\"caption-attachment-21665\" style=\"width: 1569px\" class=\"wp-caption alignnone\"><img loading=\"lazy\" decoding=\"async\" class=\"size-full wp-image-21665\" src=\"https:\/\/www.lassebacklund.fi\/wp-content\/uploads\/2022\/02\/Finska-skolan-i-Korsback-2-foto-Elgot-Berg-kopia.jpg\" alt=\"\" width=\"1569\" height=\"1067\" srcset=\"https:\/\/www.lassebacklund.fi\/wp-content\/uploads\/2022\/02\/Finska-skolan-i-Korsback-2-foto-Elgot-Berg-kopia.jpg 1569w, https:\/\/www.lassebacklund.fi\/wp-content\/uploads\/2022\/02\/Finska-skolan-i-Korsback-2-foto-Elgot-Berg-kopia-300x204.jpg 300w, https:\/\/www.lassebacklund.fi\/wp-content\/uploads\/2022\/02\/Finska-skolan-i-Korsback-2-foto-Elgot-Berg-kopia-1024x696.jpg 1024w, https:\/\/www.lassebacklund.fi\/wp-content\/uploads\/2022\/02\/Finska-skolan-i-Korsback-2-foto-Elgot-Berg-kopia-768x522.jpg 768w, https:\/\/www.lassebacklund.fi\/wp-content\/uploads\/2022\/02\/Finska-skolan-i-Korsback-2-foto-Elgot-Berg-kopia-1536x1045.jpg 1536w\" sizes=\"auto, (max-width: 1569px) 100vw, 1569px\" \/><figcaption id=\"caption-attachment-21665\" class=\"wp-caption-text\">P\u00e5 1970-talet d\u00e5 Elgot Berg tog den h\u00e4r bilden, s\u00e5 var g\u00e5rden i d\u00e5ligt skick men med lite fantasi kan man f\u00f6rest\u00e4lla sig vackert det var i tiderna d\u00e5 vattnet glittrade i tr\u00e4sket nedanf\u00f6r och skolbarnen sprang omkring skolan p\u00e5 rasterna. Fotot utl\u00e5nat av Sixten Berg.<\/figcaption><\/figure>\n","protected":false},"excerpt":{"rendered":"<p>Sammanst\u00e4llt av Lasse Backlund i februari 2022 med hj\u00e4lp av Wilhelm Jansson anteckningar och gamla tidningar. Flera korsb\u00e4ckbor har hj\u00e4lp till med information och fotografier. G\u00e5rden hade i tiderna st\u00e5tt bredvid R\u00f6nngrens g\u00e5rd vid Stolidbackan men \u00e5r 1914 hade Isak <a class=\"more-link\" href=\"https:\/\/www.lassebacklund.fi\/?page_id=21658\">Forts\u00e4tt l\u00e4sa <span class=\"screen-reader-text\">  Nyholms g\u00e5rd &#8221;Kaalas&#8221; p\u00e5 Norrviksv\u00e4gen 370.<\/span><span class=\"meta-nav\">&rarr;<\/span><\/a><\/p>\n","protected":false},"author":1,"featured_media":0,"parent":82,"menu_order":370,"comment_status":"closed","ping_status":"closed","template":"","meta":{"footnotes":""},"class_list":["post-21658","page","type-page","status-publish","hentry"],"_links":{"self":[{"href":"https:\/\/www.lassebacklund.fi\/index.php?rest_route=\/wp\/v2\/pages\/21658","targetHints":{"allow":["GET"]}}],"collection":[{"href":"https:\/\/www.lassebacklund.fi\/index.php?rest_route=\/wp\/v2\/pages"}],"about":[{"href":"https:\/\/www.lassebacklund.fi\/index.php?rest_route=\/wp\/v2\/types\/page"}],"author":[{"embeddable":true,"href":"https:\/\/www.lassebacklund.fi\/index.php?rest_route=\/wp\/v2\/users\/1"}],"replies":[{"embeddable":true,"href":"https:\/\/www.lassebacklund.fi\/index.php?rest_route=%2Fwp%2Fv2%2Fcomments&post=21658"}],"version-history":[{"count":7,"href":"https:\/\/www.lassebacklund.fi\/index.php?rest_route=\/wp\/v2\/pages\/21658\/revisions"}],"predecessor-version":[{"id":21670,"href":"https:\/\/www.lassebacklund.fi\/index.php?rest_route=\/wp\/v2\/pages\/21658\/revisions\/21670"}],"up":[{"embeddable":true,"href":"https:\/\/www.lassebacklund.fi\/index.php?rest_route=\/wp\/v2\/pages\/82"}],"wp:attachment":[{"href":"https:\/\/www.lassebacklund.fi\/index.php?rest_route=%2Fwp%2Fv2%2Fmedia&parent=21658"}],"curies":[{"name":"wp","href":"https:\/\/api.w.org\/{rel}","templated":true}]}}

Nyholms gård &#8221;Kaalas&#8221; på Norrviksvägen 370.

<p><span style="color: #000080;"><strong>Sammanställt av Lasse Backlund i februari 2022 med hjälp av Wilhelm Jansson anteckningar och gamla tidningar. Flera korsbäckbor har hjälp till med information och fotografier.</strong></span></p>
<figure id="attachment_21660" aria-describedby="caption-attachment-21660" style="width: 1213px" class="wp-caption alignnone"><img loading="lazy" decoding="async" class="size-full wp-image-21660" src="https://www.lassebacklund.fi/wp-content/uploads/2022/02/Finska-skolan-i-Korsback-foto-Elgot-Berg-kopia.jpg" alt="" width="1213" height="826" srcset="https://www.lassebacklund.fi/wp-content/uploads/2022/02/Finska-skolan-i-Korsback-foto-Elgot-Berg-kopia.jpg 1213w, https://www.lassebacklund.fi/wp-content/uploads/2022/02/Finska-skolan-i-Korsback-foto-Elgot-Berg-kopia-300x204.jpg 300w, https://www.lassebacklund.fi/wp-content/uploads/2022/02/Finska-skolan-i-Korsback-foto-Elgot-Berg-kopia-1024x697.jpg 1024w, https://www.lassebacklund.fi/wp-content/uploads/2022/02/Finska-skolan-i-Korsback-foto-Elgot-Berg-kopia-768x523.jpg 768w" sizes="auto, (max-width: 1213px) 100vw, 1213px" /><figcaption id="caption-attachment-21660" class="wp-caption-text">Den här gården som från år 1914 till mitten av 1970-talet stod på Norrviksvägen 370 är mest känd för att den finska skolan i Korsbäck under åren 1929-1932 var inrymd i den. Fotot, som är utlånat av Sixten Berg är taget av hans far Elgot Berg på 1970-talet.</figcaption></figure>
<p>Gården hade i tiderna stått bredvid Rönngrens gård vid Stolidbackan men år 1914 hade Isak Hemberg (1885-1941) flyttat den till Norrviksvägen 370. Isak var född i Honkajoki men hade via Sideby kommit till Dagsmark tillsammans med sin far Heikki och flera syskon. Han gifte sig år 1909 med ”Ruffa Viktors” dotter Hilma (1878-1928). Då Isak blev änkling, så sålde han den här gården åt Mäkelä Jåss, som snart sålde den vidare åt en förening, som startade en finsk skola i den år 1929.</p>
<p>Skolan verkade här till 1932, då den flyttade ner till <a href="https://www.lassebacklund.fi/?page_id=3412">Myllyniemis lillstuga i Dagsmark</a> och efter det köpte ”Jåhanas Kaal” Karl Nyholm (1900-1967) gården och flyttade dit med hustrun <a href="https://www.lassebacklund.fi/?page_id=11146">”Skomakas Hulda” Rosenlund</a> (1900-1960) från Dagsmark.</p>
<p>Det här stället hade sedan Isaks tid kallats ”Isakas” men efter att Karl Nyholm övertog gården, så började det kallas ”Skol Kaalas” och numera heter stället enbart ”Kaalas”.</p>
<p>År 1971 sålde Karl och Huldas arvingar gården åt Elgot Norrvik, som rev ner den och nu används hela tomten som odlingsmark för potatis.</p>
<h5><strong>Länkar:</strong></h5>
<p>Om du vill läsa mera om den finska skolan i Norrviken, så skall du klicka <a href="https://www.lassebacklund.fi/?page_id=21480"><span style="text-decoration: underline;"><span style="color: #000080;"><strong>HÄR!</strong></span></span></a></p>
<p>Om du läsa mera om &#8221;Ruffa Isak&#8221; Hemberg, som flyttade gården från Stolidbackan närmare sina svärföräldrar, så skall du klicka <a href="https://www.lassebacklund.fi/?page_id=12684"><span style="text-decoration: underline;"><span style="color: #000080;"><strong>HÄR!</strong></span></span></a></p>
<figure id="attachment_21665" aria-describedby="caption-attachment-21665" style="width: 1569px" class="wp-caption alignnone"><img loading="lazy" decoding="async" class="size-full wp-image-21665" src="https://www.lassebacklund.fi/wp-content/uploads/2022/02/Finska-skolan-i-Korsback-2-foto-Elgot-Berg-kopia.jpg" alt="" width="1569" height="1067" srcset="https://www.lassebacklund.fi/wp-content/uploads/2022/02/Finska-skolan-i-Korsback-2-foto-Elgot-Berg-kopia.jpg 1569w, https://www.lassebacklund.fi/wp-content/uploads/2022/02/Finska-skolan-i-Korsback-2-foto-Elgot-Berg-kopia-300x204.jpg 300w, https://www.lassebacklund.fi/wp-content/uploads/2022/02/Finska-skolan-i-Korsback-2-foto-Elgot-Berg-kopia-1024x696.jpg 1024w, https://www.lassebacklund.fi/wp-content/uploads/2022/02/Finska-skolan-i-Korsback-2-foto-Elgot-Berg-kopia-768x522.jpg 768w, https://www.lassebacklund.fi/wp-content/uploads/2022/02/Finska-skolan-i-Korsback-2-foto-Elgot-Berg-kopia-1536x1045.jpg 1536w" sizes="auto, (max-width: 1569px) 100vw, 1569px" /><figcaption id="caption-attachment-21665" class="wp-caption-text">På 1970-talet då Elgot Berg tog den här bilden, så var gården i dåligt skick men med lite fantasi kan man föreställa sig vackert det var i tiderna då vattnet glittrade i träsket nedanför och skolbarnen sprang omkring skolan på rasterna. Fotot utlånat av Sixten Berg.</figcaption></figure>

<p>Sammanställt av Lasse Backlund i februari 2022 med hjälp av Wilhelm Jansson anteckningar och gamla tidningar. Flera korsbäckbor har hjälp till med information och fotografier. Gården hade i tiderna stått bredvid Rönngrens gård vid Stolidbackan men år 1914 hade Isak <a class="more-link" href="https://www.lassebacklund.fi/?page_id=21658">Fortsätt läsa <span class="screen-reader-text">  Nyholms gård &#8221;Kaalas&#8221; på Norrviksvägen 370.</span><span class="meta-nav">&rarr;</span></a></p>
