{"id":21531,"date":"2022-02-03T10:47:14","date_gmt":"2022-02-03T08:47:14","guid":{"rendered":"https:\/\/www.lassebacklund.fi\/?page_id=21531"},"modified":"2025-12-16T18:50:16","modified_gmt":"2025-12-16T16:50:16","slug":"wilhelmina-agnas-slakt","status":"publish","type":"page","link":"https:\/\/www.lassebacklund.fi\/?page_id=21531","title":{"rendered":"Wilhelmina Agn\u00e4s (1868-1950) sl\u00e4kt"},"content":{"rendered":"<p><span style=\"color: #000080;\"><strong>Sammanst\u00e4llt av Lasse Backlund i februari 2022, med hj\u00e4lp av Fjalar Hammarberg, Verna Bj\u00f6rkskogs ber\u00e4ttelser och Wilhelm Janssons utredningar.<\/strong><\/span><\/p>\n<p>Wilhelminas far, \u201dEerkas Hindrik\u201d Eric <u>Henric<\/u> Eriksson B\u00e5sk (1843-1913), var bonde p\u00e5 Finne hemman i Dagsmark. \u00c5r 1868 gifte sig Eric <u>Henric<\/u> med Maja Lena (1840-1927), som d\u00e5 anv\u00e4nde sl\u00e4ktnamnet Knus.<\/p>\n<p>Maja Lena var dotter till \u201dKv\u00e4\u00e4n\u00e5 Josip\u201d eller \u201dKv\u00e4\u00e4n\u00e5 g\u00e5bbin\u201d, allts\u00e5 Rudolf <u>Josef<\/u> Jakobsson Finne (1811-1896). Josef gifte sig \u00e5r 1836 med torparedottern Maja Lena Gabrielsdotter Korsb\u00e4ck (1812-1902) fr\u00e5n Korsb\u00e4ck. \u201dKv\u00e4\u00e4n\u00e5 Josip och Maj\u201d var f\u00f6rst torpare p\u00e5 Finne eller Rosenback hemman i Kvarn\u00e5 och sedan blev de torpare p\u00e5 Korsb\u00e4ck hemman i Tresk. I slutet av 1850-talet blev Josip och Maj torpare p\u00e5 Knus hemman i Norrviken men d\u00e5 detta torp \u00f6vertogs av deras son, s\u00e5 flyttade gamlingarna till dottern Anna Gretas (f.1838) g\u00e5rd.<\/p>\n<p>Dottern Anna Gretas g\u00e5rd \u201dSkalonas stugon\u201d stod bredvid den g\u00e5rd d\u00e4r Hans Stenlund bodde, d\u00e5 han var bonde. Hon kallades \u201dAnagret\u201d men hon omn\u00e4mns ocks\u00e5 som \u201dSkalon\u201d. Anna Greta var ogift och tog d\u00e5 hand om f\u00f6r\u00e4ldrarna s\u00e5 l\u00e4nge de levde. Hon hade en o\u00e4kta son, som avled i unga \u00e5r. Hon hade ocks\u00e5 en fosterson fr\u00e5n H\u00e4rkmeri, som hette Edvard \u00c5n\u00e4s (f.1878). Edvard gifte sig sedan med \u201dUlla Maj\u201d och kallades efter det \u201dUlla Edvard\u201d. I n\u00e5got skede flyttades Anna Gretas g\u00e5rd ner till Lillsj\u00f6 p\u00e5 Berg\u00e5ssidan, d\u00e5 &#8221;Kionas Ivar&#8221; S\u00f6derholm byggde om den till ett stampverk i Lill\u00e5n.<\/p>\n<p>Agn\u00e4s Minas mor Maja Lena, kallades &#8221;Backas Maj&#8221; eftersom hon bodde p\u00e5 Sebasbackan, bakom Lid Ottos g\u00e5rd. Men av n\u00e5gon anledning kallades hon ocks\u00e5 \u201dSkala Maj\u201d. Hon skulle ha varit h\u00f6gr\u00f6stad och best\u00e4md och inte l\u00e4tt att ha att g\u00f6ra med. Dottern Mina var ocks\u00e5 best\u00e4md av sig, rent ut sagt elak. Hon var mycket religi\u00f6s och bes\u00f6kte ofta b\u00f6nhuset. D\u00e5 hennes barnbarn \u00c5ke Backlund gick i s\u00f6ndagsskolan, s\u00e5 pratades det d\u00e4r om att vara sn\u00e4ll s\u00e5 kommer man till himlen. D\u00e5 l\u00e4r \u00c5ke ha svarat \u201datt om mormor Mina \u00e5 ska var t\u00e4r, t\u00e5 vill it jag tiit\u201d.<\/p>\n<p>Mina gifte sig \u00e5r 1889 med Henrik Agn\u00e4s (1868) fr\u00e5n Lappfj\u00e4rd och f\u00f6ljande \u00e5r f\u00f6ddes deras son Frans. \u00c5r 1890 reste Henrik Agn\u00e4s till Amerika men han stannade d\u00e4r endast en kort tid. Efter att han \u00e5terv\u00e4nt fick de sedan barnen Ida (f.1894 gift med Emil Backlund), Anshelm (1896-1918) som stupade i inb\u00f6rdeskriget, Hulda (f.1901) som en tid var gift med Emil Kl\u00e5vus och Hilma (f.1906) som en tid var gift med Valdemar Rosengren.<\/p>\n<p>Wilhelminas morfar \u201dKv\u00e4\u00e4n\u00e5 Josip\u201d var f\u00f6rresten son till Jakob Eriksson Klockars, som var f\u00f6dd p\u00e5 Klockars hemman \u00e5r 1768 och han dog av \u00e5lderdom p\u00e5 Finne i Dagsmark \u00e5r 1856. \u00c5r 1794 hade han gift sig med bondedottern Margaretha Helena Bj\u00f6rmans (1768-1843) och hon kallades \u201dGreta Lena\u201d. D\u00e5 de gifte sig blev de till en b\u00f6rjan bosatta p\u00e5 Bj\u00f6rmans hemman i Lappfj\u00e4rds by och Jakob blir d\u00e5 titulerad \u201dbondem\u00e5g\u201d. \u00c5r 1798 flyttade paret med sin 2 sm\u00e5 barn till Finne hemman i Kvarn\u00e5 i Dagsmark. Efter flytten fick de ytterligare 8 barn men av dessa dog flera i unga \u00e5r. Men \u201dKv\u00e4\u00e4n\u00e5 Josip\u201d klarade sig och levde till f\u00f6r den tiden den h\u00f6ga \u00e5ldern av 88 \u00e5r.<\/p>\n<p>Den h\u00e4r Jakob Klockars (1768-1856) var son till Erik Klockars (1736-1802) fr\u00e5n Lappfj\u00e4rd. Erik var gift med Catarina Sebas (1733-1803) fr\u00e5n Dagsmark och de fick m\u00e5nga barn och har ett stort antal \u00e4ttlingar.<\/p>\n<h5><strong>Johan Henric Finne.<\/strong><\/h5>\n<p>Ytterligare kan till\u00e4ggas att &#8221;Skalon&#8221; Anna Greta och &#8221;Skala Maj&#8221; hade en bror Johan Henric Finne (1844-1888). Denne gifte sig \u00e5r 1874 med Fredrika B\u00e5sk (f.1848) och de tog \u00f6ver &#8221;Kv\u00e4\u00e4n\u00e5 Josips&#8221; torp p\u00e5 Knus i Norrviken och blev b\u00f6nder d\u00e4r. De fick 7 barn men det var endast de 4 s\u00f6nerna som levde till vuxen \u00e5lder:<\/p>\n<p>-Erik Johan Knus (1874-1952), senare Eskelin. Bosatta p\u00e5 Nyholms i Norrviken.<\/p>\n<p>-Viktor Knus (1875-1929), senare Jansson. Bosatt p\u00e5 J\u00e4rvel\u00e4 i Norrviken.<\/p>\n<p>-Josef Anders Knus (1877-1948), senare Sm\u00e5tr\u00e4sk.<\/p>\n<p>&#8211;<a href=\"https:\/\/www.lassebacklund.fi\/?page_id=12852\">Henrik Knus (1879-1879), senare Lindroos.<\/a> Bosatt i Kvarn\u00e5 i Dagsmark.<\/p>\n","protected":false},"excerpt":{"rendered":"<p>Sammanst\u00e4llt av Lasse Backlund i februari 2022, med hj\u00e4lp av Fjalar Hammarberg, Verna Bj\u00f6rkskogs ber\u00e4ttelser och Wilhelm Janssons utredningar. Wilhelminas far, \u201dEerkas Hindrik\u201d Eric Henric Eriksson B\u00e5sk (1843-1913), var bonde p\u00e5 Finne hemman i Dagsmark. \u00c5r 1868 gifte sig Eric <a class=\"more-link\" href=\"https:\/\/www.lassebacklund.fi\/?page_id=21531\">Forts\u00e4tt l\u00e4sa <span class=\"screen-reader-text\">  Wilhelmina Agn\u00e4s (1868-1950) sl\u00e4kt<\/span><span class=\"meta-nav\">&rarr;<\/span><\/a><\/p>\n","protected":false},"author":1,"featured_media":0,"parent":623,"menu_order":1,"comment_status":"closed","ping_status":"closed","template":"","meta":{"footnotes":""},"class_list":["post-21531","page","type-page","status-publish","hentry"],"_links":{"self":[{"href":"https:\/\/www.lassebacklund.fi\/index.php?rest_route=\/wp\/v2\/pages\/21531","targetHints":{"allow":["GET"]}}],"collection":[{"href":"https:\/\/www.lassebacklund.fi\/index.php?rest_route=\/wp\/v2\/pages"}],"about":[{"href":"https:\/\/www.lassebacklund.fi\/index.php?rest_route=\/wp\/v2\/types\/page"}],"author":[{"embeddable":true,"href":"https:\/\/www.lassebacklund.fi\/index.php?rest_route=\/wp\/v2\/users\/1"}],"replies":[{"embeddable":true,"href":"https:\/\/www.lassebacklund.fi\/index.php?rest_route=%2Fwp%2Fv2%2Fcomments&post=21531"}],"version-history":[{"count":12,"href":"https:\/\/www.lassebacklund.fi\/index.php?rest_route=\/wp\/v2\/pages\/21531\/revisions"}],"predecessor-version":[{"id":25189,"href":"https:\/\/www.lassebacklund.fi\/index.php?rest_route=\/wp\/v2\/pages\/21531\/revisions\/25189"}],"up":[{"embeddable":true,"href":"https:\/\/www.lassebacklund.fi\/index.php?rest_route=\/wp\/v2\/pages\/623"}],"wp:attachment":[{"href":"https:\/\/www.lassebacklund.fi\/index.php?rest_route=%2Fwp%2Fv2%2Fmedia&parent=21531"}],"curies":[{"name":"wp","href":"https:\/\/api.w.org\/{rel}","templated":true}]}}