{"id":21347,"date":"2021-08-09T15:59:54","date_gmt":"2021-08-09T12:59:54","guid":{"rendered":"https:\/\/www.lassebacklund.fi\/?page_id=21347"},"modified":"2021-08-09T23:17:24","modified_gmt":"2021-08-09T20:17:24","slug":"tidningsurklipp-fran-ar-1915","status":"publish","type":"page","link":"https:\/\/www.lassebacklund.fi\/?page_id=21347","title":{"rendered":"Tidningsurklipp fr\u00e5n \u00e5r 1915"},"content":{"rendered":"<p><span style=\"color: #000080;\">Syd-\u00d6sterbotten 30.6.1915:<\/span><\/p>\n<h4><strong>Eldsv\u00e5da.<\/strong><\/h4>\n<p>Senaste l\u00f6rdag klockan halv \u00e5tta p\u00e5 aftonen observerades att en riebyggnad tillh\u00f6rig bonden Henrik Bj\u00f6rklund i Dagsmark stod i l\u00e5gor. Byggnaden, som f\u00f6rutom ria inneh\u00f6ll en halmlada, var f\u00f6rsedd med halmtak, som just hade blivit f\u00f6rnyat och den gamla halmen hade \u00e4nnu inte hunnit bortskaffas. Fast\u00e4n det var vindstilla var dock byn hotad. Halmbr\u00e4nderna fl\u00f6g omkring i luften och f\u00f6rorsakade sm\u00e4rre eldsv\u00e5detillbud p\u00e5 ett par olika st\u00e4llen. Byalagets spruta, som f\u00f6rvarades i samma g\u00e5rd var nog snart p\u00e5 platsen, men inskr\u00e4nkte sig dess, s\u00e5v\u00e4l som den fr\u00e5n s\u00e5gen tillskyndande sprutans verksamhet till att skydda n\u00e4rliggande, starkt hotade byggnader.<\/p>\n<p>Anstr\u00e4ngningarna riktades huvudsakligast p\u00e5 att begr\u00e4nsa brandh\u00e4rden och d\u00e4rf\u00f6r kunde ingenting av den brinnande byggnaden r\u00e4ddas. Skadorna uppskattas till minst 500-600 mk eftersom tre kastmaskiner j\u00e4mte ett parti halm blev l\u00e5gornas byte. Byggnaden var brandf\u00f6rs\u00e4krad i kommunens brandstodsbolag, men endast f\u00f6r 200 mk, varf\u00f6r skadan \u00e4r k\u00e4nnbar. N\u00e5gra minder\u00e5riga gossar, som lekt i den fr\u00e5n taket nedkastade halmen, misst\u00e4nkas f\u00f6r att genom ovarsamt handskande med t\u00e4ndstickor gett upphov till eldsv\u00e5dan.<\/p>\n<p><span style=\"color: #000080;\"><strong>Syd-\u00d6sterbotten 17.7.1915:<\/strong><\/span><\/p>\n<p><strong>Inbrottsst\u00f6ld<\/strong> f\u00f6r\u00f6vades natten mot den 15 juli hos torparen Viktor \u00d6ist i Dagsmark, Stortr\u00e4sk. Tjuvarna hade fr\u00e5n stallsfarstun tillgripit en sele och fr\u00e5n en kammare, till vilken intr\u00e4de beretts genom f\u00f6nstret ett dubbelpipigt, amerikanskt hagelgev\u00e4r. Saken har anm\u00e4lts f\u00f6r polisen, som \u00e4r f\u00f6r\u00f6varen p\u00e5 sp\u00e5ret.<\/p>\n<p><strong>Senaste s\u00f6ndag<\/strong> \u00f6vergick ett kraftigt \u00e5skv\u00e4der Stor\u00e5. Blixten slog ned i kyrkans klockstapel, rev l\u00f6s foderbr\u00e4den och splittrade n\u00e5got b\u00e4rbj\u00e4lkarna och str\u00e4vorna i tornet. N\u00e5gon eldsv\u00e5da uppstod dock inte.<\/p>\n<p><strong><span style=\"color: #000080;\">Syd-\u00d6sterbotten 28.7.1915:<\/span><\/strong><\/p>\n<p>Blixten i stugan. Fr\u00e5n Dagsmark ber\u00e4ttas att i m\u00e5ndags r\u00e5dde ett starkt \u00e5skv\u00e4der. Blixten slog ned p\u00e5 ett par st\u00e4llen i byn. Hos sytningsmannen Henrik Rosenback skadades skorstenen. Rummet fylldes med r\u00f6k och ett bord och en s\u00e5 s\u00f6ndrades. Tv\u00e5 personer som befann sig i rummet klarade sig oskadda.<span style=\"color: #000080;\">(Henrik Rosenback bodde i den g\u00e5rd p\u00e5 \u00c5backv\u00e4gen d\u00e4r Ingmar Roseng\u00e5rd bor i dag, Lasses kommentar).<\/span><\/p>\n<p><span style=\"color: #000080;\"><strong>Syd-\u00d6sterbotten 11.8.1915:<\/strong><\/span><\/p>\n<p>P\u00e5 en nyligen h\u00e5llen kommunalst\u00e4mma besl\u00f6ts att i Lappfj\u00e4rd inr\u00e4tta en sparbank. F\u00f6rslaget till stadgar uppl\u00e4stes och godk\u00e4ndes efter sm\u00e4rre \u00e4ndringar. Agronom Johan Starcke uts\u00e5gs att s\u00f6ka vederb\u00f6rlig fastst\u00e4llelse f\u00f6r dessa stadgar. Kommunaln\u00e4mndens ordf\u00f6rande Otto P\u00e4rus befullm\u00e4ktigades av st\u00e4mman att ta upp l\u00e5n f\u00f6r sparbankens startande.<\/p>\n<p>&nbsp;<\/p>\n<p>&nbsp;<\/p>\n<p>&nbsp;<\/p>\n<p>&nbsp;<\/p>\n","protected":false},"excerpt":{"rendered":"<p>Syd-\u00d6sterbotten 30.6.1915: Eldsv\u00e5da. Senaste l\u00f6rdag klockan halv \u00e5tta p\u00e5 aftonen observerades att en riebyggnad tillh\u00f6rig bonden Henrik Bj\u00f6rklund i Dagsmark stod i l\u00e5gor. Byggnaden, som f\u00f6rutom ria inneh\u00f6ll en halmlada, var f\u00f6rsedd med halmtak, som just hade blivit f\u00f6rnyat och <a class=\"more-link\" href=\"https:\/\/www.lassebacklund.fi\/?page_id=21347\">Forts\u00e4tt l\u00e4sa <span class=\"screen-reader-text\">  Tidningsurklipp fr\u00e5n \u00e5r 1915<\/span><span class=\"meta-nav\">&rarr;<\/span><\/a><\/p>\n","protected":false},"author":1,"featured_media":0,"parent":3732,"menu_order":1915,"comment_status":"closed","ping_status":"closed","template":"","meta":{"footnotes":""},"class_list":["post-21347","page","type-page","status-publish","hentry"],"_links":{"self":[{"href":"https:\/\/www.lassebacklund.fi\/index.php?rest_route=\/wp\/v2\/pages\/21347","targetHints":{"allow":["GET"]}}],"collection":[{"href":"https:\/\/www.lassebacklund.fi\/index.php?rest_route=\/wp\/v2\/pages"}],"about":[{"href":"https:\/\/www.lassebacklund.fi\/index.php?rest_route=\/wp\/v2\/types\/page"}],"author":[{"embeddable":true,"href":"https:\/\/www.lassebacklund.fi\/index.php?rest_route=\/wp\/v2\/users\/1"}],"replies":[{"embeddable":true,"href":"https:\/\/www.lassebacklund.fi\/index.php?rest_route=%2Fwp%2Fv2%2Fcomments&post=21347"}],"version-history":[{"count":6,"href":"https:\/\/www.lassebacklund.fi\/index.php?rest_route=\/wp\/v2\/pages\/21347\/revisions"}],"predecessor-version":[{"id":21355,"href":"https:\/\/www.lassebacklund.fi\/index.php?rest_route=\/wp\/v2\/pages\/21347\/revisions\/21355"}],"up":[{"embeddable":true,"href":"https:\/\/www.lassebacklund.fi\/index.php?rest_route=\/wp\/v2\/pages\/3732"}],"wp:attachment":[{"href":"https:\/\/www.lassebacklund.fi\/index.php?rest_route=%2Fwp%2Fv2%2Fmedia&parent=21347"}],"curies":[{"name":"wp","href":"https:\/\/api.w.org\/{rel}","templated":true}]}}