{"id":20981,"date":"2021-06-04T14:05:18","date_gmt":"2021-06-04T11:05:18","guid":{"rendered":"https:\/\/www.lassebacklund.fi\/?page_id=20981"},"modified":"2024-08-18T14:11:05","modified_gmt":"2024-08-18T11:11:05","slug":"graners-gard-pa-lillsjovagen-19","status":"publish","type":"page","link":"https:\/\/www.lassebacklund.fi\/?page_id=20981","title":{"rendered":"Gran\u00e9rs g\u00e5rd p\u00e5 Lillsj\u00f6v\u00e4gen 19"},"content":{"rendered":"<figure id=\"attachment_20974\" aria-describedby=\"caption-attachment-20974\" style=\"width: 2560px\" class=\"wp-caption alignnone\"><img loading=\"lazy\" decoding=\"async\" class=\"size-full wp-image-20974\" src=\"https:\/\/www.lassebacklund.fi\/wp-content\/uploads\/2021\/06\/Graners-gard-1-scaled.jpg\" alt=\"\" width=\"2560\" height=\"1920\" srcset=\"https:\/\/www.lassebacklund.fi\/wp-content\/uploads\/2021\/06\/Graners-gard-1-scaled.jpg 2560w, https:\/\/www.lassebacklund.fi\/wp-content\/uploads\/2021\/06\/Graners-gard-1-300x225.jpg 300w, https:\/\/www.lassebacklund.fi\/wp-content\/uploads\/2021\/06\/Graners-gard-1-1024x768.jpg 1024w, https:\/\/www.lassebacklund.fi\/wp-content\/uploads\/2021\/06\/Graners-gard-1-768x576.jpg 768w, https:\/\/www.lassebacklund.fi\/wp-content\/uploads\/2021\/06\/Graners-gard-1-1536x1152.jpg 1536w, https:\/\/www.lassebacklund.fi\/wp-content\/uploads\/2021\/06\/Graners-gard-1-2048x1536.jpg 2048w\" sizes=\"auto, (max-width: 2560px) 100vw, 2560px\" \/><figcaption id=\"caption-attachment-20974\" class=\"wp-caption-text\">Gran\u00e9rs g\u00e5rd fotograferad av Lasse Backlund sommaren 2015.<\/figcaption><\/figure>\n<p><span style=\"color: #000080;\"><strong>Sammanst\u00e4llt av Lasse Backlund sommaren 2021. Fotografierna hade utl\u00e5nats av Ing-Britt Cygnel.<\/strong><\/span><\/p>\n<p>Den h\u00e4r g\u00e5rden p\u00e5 Lillsj\u00f6v\u00e4gen byggdes \u00e5r 1954 av chauff\u00f6ren Lars Gran\u00e9r och Astrid (f. Bj\u00f6rklund). Huset \u00e4r uppf\u00f6rt av stock, som plockades ned fr\u00e5n Evert Holmbergs g\u00e5rd i H\u00e4rkmeri. I juli \u00e5r 1953 hade de k\u00f6pt en tomt p\u00e5 0,74 ha, som fick namnet \u201dKvarnvik\u201d av \u00c5ke och Lilli Lindblad, och Nils och Elvira Nelson. Tomten var en del av hemmanet Eklund, som i tiderna hade tillh\u00f6rt \u201dK\u00e5rk Viktor\u201d Eklund.<\/p>\n<p><u>Lars <\/u>Olof Gran\u00e9r (1922-1997) var f\u00f6dd i H\u00e4rkmeri och han var son till William Gran\u00e9r (f\u00f6dd Ala-Ingi i Sastmola 1878-1954) och Ida (f\u00f6dd \u00c5n\u00e4s i H\u00e4rkmeri 1877-1944). Lars, som kallades \u201dM\u00e4ijar Lasse\u201d arbetade hela livet som chauff\u00f6r med egna lastbilar. \u00c5r 1950 gifte han sig med \u00e4nkan Astrid Lindman (1920-1994) som tidigare hade varit gift med Alvar Lindman (f\u00f6dd 1915 i Tj\u00f6ck, d\u00f6d 1941). Astrid, som kallades \u201dLid Astrid\u201d var dotter till Viktor Bj\u00f6rklund (1887-1947) och Hilma (f. Nyberg 1896-1945). Fr\u00e5n sitt tidigare \u00e4ktenskap hade Astrid dottern Ing-Britt (1940-2021).<\/p>\n<p><strong>Foton:<\/strong><\/p>\n<figure id=\"attachment_20972\" aria-describedby=\"caption-attachment-20972\" style=\"width: 620px\" class=\"wp-caption alignnone\"><img loading=\"lazy\" decoding=\"async\" class=\"size-full wp-image-20972\" src=\"https:\/\/www.lassebacklund.fi\/wp-content\/uploads\/2021\/06\/Astrid-Bjorklund-och-Ellen-Soderqvist-utanfor-Nelsons-affar.jpg\" alt=\"\" width=\"620\" height=\"897\" srcset=\"https:\/\/www.lassebacklund.fi\/wp-content\/uploads\/2021\/06\/Astrid-Bjorklund-och-Ellen-Soderqvist-utanfor-Nelsons-affar.jpg 620w, https:\/\/www.lassebacklund.fi\/wp-content\/uploads\/2021\/06\/Astrid-Bjorklund-och-Ellen-Soderqvist-utanfor-Nelsons-affar-207x300.jpg 207w\" sizes=\"auto, (max-width: 620px) 100vw, 620px\" \/><figcaption id=\"caption-attachment-20972\" class=\"wp-caption-text\">Astrid Bj\u00f6rklund t.v. och Ellen S\u00f6derqvist arbetade i Axel Nelsons aff\u00e4r p\u00e5 Sebasbackan under krigs\u00e5ren. Astrid arbetade ocks\u00e5 p\u00e5 mejeriet, p\u00e5 plantskolan, Lindells fabriker och kanske n\u00e5got st\u00e4lle till.<\/figcaption><\/figure>\n<figure id=\"attachment_20971\" aria-describedby=\"caption-attachment-20971\" style=\"width: 937px\" class=\"wp-caption alignnone\"><img loading=\"lazy\" decoding=\"async\" class=\"size-full wp-image-20971\" src=\"https:\/\/www.lassebacklund.fi\/wp-content\/uploads\/2021\/06\/Astrid-Bjorklund-och-Alvar-Lindman-nara-Sebbas-backan.jpg\" alt=\"\" width=\"937\" height=\"576\" srcset=\"https:\/\/www.lassebacklund.fi\/wp-content\/uploads\/2021\/06\/Astrid-Bjorklund-och-Alvar-Lindman-nara-Sebbas-backan.jpg 937w, https:\/\/www.lassebacklund.fi\/wp-content\/uploads\/2021\/06\/Astrid-Bjorklund-och-Alvar-Lindman-nara-Sebbas-backan-300x184.jpg 300w, https:\/\/www.lassebacklund.fi\/wp-content\/uploads\/2021\/06\/Astrid-Bjorklund-och-Alvar-Lindman-nara-Sebbas-backan-768x472.jpg 768w\" sizes=\"auto, (max-width: 937px) 100vw, 937px\" \/><figcaption id=\"caption-attachment-20971\" class=\"wp-caption-text\">Astrid Bj\u00f6rklund gifte sig \u00e5r 1940 med Alvar Lindman fr\u00e5n Tj\u00f6ck och samma \u00e5r f\u00f6ddes deras dotter Ing-Britt. Till v\u00e4nster syns Astrids hemg\u00e5rd och i den h\u00f6gra kanten skymtar Sigrids caf\u00e9.<\/figcaption><\/figure>\n<figure id=\"attachment_20980\" aria-describedby=\"caption-attachment-20980\" style=\"width: 587px\" class=\"wp-caption alignnone\"><img loading=\"lazy\" decoding=\"async\" class=\"size-full wp-image-20980\" src=\"https:\/\/www.lassebacklund.fi\/wp-content\/uploads\/2021\/06\/Lillsjo-Mattasinas-farstukvist.jpg\" alt=\"\" width=\"587\" height=\"893\" srcset=\"https:\/\/www.lassebacklund.fi\/wp-content\/uploads\/2021\/06\/Lillsjo-Mattasinas-farstukvist.jpg 587w, https:\/\/www.lassebacklund.fi\/wp-content\/uploads\/2021\/06\/Lillsjo-Mattasinas-farstukvist-197x300.jpg 197w\" sizes=\"auto, (max-width: 587px) 100vw, 587px\" \/><figcaption id=\"caption-attachment-20980\" class=\"wp-caption-text\">Under tiden som Lars och Astrid Gran\u00e9r byggde g\u00e5rden, s\u00e5 bodde de i n\u00e4rheten i Viktor L\u00f6vg\u00e5rds g\u00e5rd. G\u00e5rdens \u00e4gare Birger Gr\u00f6nroos bodde d\u00e5 i Sverige, s\u00e5 det passade bra att hyra deras g\u00e5rd under tiden. Lars och Astrid bodde ocks\u00e5 en tid p\u00e5 mejeriet i Dagsmark och f\u00f6re det bodde Astrid med sin dotter Ing-Britt i L\u00e5ngfors Ragnars g\u00e5rd p\u00e5 \u00c5backv\u00e4gen 32 medan \u00e4garen vistades i Canada.<\/figcaption><\/figure>\n<figure id=\"attachment_20979\" aria-describedby=\"caption-attachment-20979\" style=\"width: 951px\" class=\"wp-caption alignnone\"><img loading=\"lazy\" decoding=\"async\" class=\"size-full wp-image-20979\" src=\"https:\/\/www.lassebacklund.fi\/wp-content\/uploads\/2021\/06\/Lid-Winn-och-Meijar-Lasse.jpg\" alt=\"\" width=\"951\" height=\"624\" srcset=\"https:\/\/www.lassebacklund.fi\/wp-content\/uploads\/2021\/06\/Lid-Winn-och-Meijar-Lasse.jpg 951w, https:\/\/www.lassebacklund.fi\/wp-content\/uploads\/2021\/06\/Lid-Winn-och-Meijar-Lasse-300x197.jpg 300w, https:\/\/www.lassebacklund.fi\/wp-content\/uploads\/2021\/06\/Lid-Winn-och-Meijar-Lasse-768x504.jpg 768w\" sizes=\"auto, (max-width: 951px) 100vw, 951px\" \/><figcaption id=\"caption-attachment-20979\" class=\"wp-caption-text\">Under l\u00e5nga tider k\u00f6rde \u201dM\u00e4ijar Lasse\u201d b\u00f6ndernas mj\u00f6lkkannor fr\u00e5n Dagsmark till mejeriet i Lappfj\u00e4rd och f\u00f6rst\u00e5s tomma tillbaka. Mellan mejerik\u00f6rslorna k\u00f6rde han bland annat grus, som han d\u00e5 lastade p\u00e5 f\u00f6r hand med spade. Till v\u00e4nster Winn Bj\u00f6rklund, som provk\u00f6r en motorcykel.<\/figcaption><\/figure>\n<figure id=\"attachment_20973\" aria-describedby=\"caption-attachment-20973\" style=\"width: 1068px\" class=\"wp-caption alignnone\"><img loading=\"lazy\" decoding=\"async\" class=\"size-full wp-image-20973\" src=\"https:\/\/www.lassebacklund.fi\/wp-content\/uploads\/2021\/06\/Astrid-Lasse-och-Soren.jpg\" alt=\"\" width=\"1068\" height=\"867\" srcset=\"https:\/\/www.lassebacklund.fi\/wp-content\/uploads\/2021\/06\/Astrid-Lasse-och-Soren.jpg 1068w, https:\/\/www.lassebacklund.fi\/wp-content\/uploads\/2021\/06\/Astrid-Lasse-och-Soren-300x244.jpg 300w, https:\/\/www.lassebacklund.fi\/wp-content\/uploads\/2021\/06\/Astrid-Lasse-och-Soren-1024x831.jpg 1024w, https:\/\/www.lassebacklund.fi\/wp-content\/uploads\/2021\/06\/Astrid-Lasse-och-Soren-768x623.jpg 768w\" sizes=\"auto, (max-width: 1068px) 100vw, 1068px\" \/><figcaption id=\"caption-attachment-20973\" class=\"wp-caption-text\">Lasse ser fundersam ut och Astrid sitter med barnbarnet S\u00f6ren i famnen i julen 1960.<\/figcaption><\/figure>\n<figure id=\"attachment_20978\" aria-describedby=\"caption-attachment-20978\" style=\"width: 1032px\" class=\"wp-caption alignnone\"><img loading=\"lazy\" decoding=\"async\" class=\"size-full wp-image-20978\" src=\"https:\/\/www.lassebacklund.fi\/wp-content\/uploads\/2021\/06\/Ing-Britt-Astrid-Lasse-och-Soren.jpg\" alt=\"\" width=\"1032\" height=\"838\" srcset=\"https:\/\/www.lassebacklund.fi\/wp-content\/uploads\/2021\/06\/Ing-Britt-Astrid-Lasse-och-Soren.jpg 1032w, https:\/\/www.lassebacklund.fi\/wp-content\/uploads\/2021\/06\/Ing-Britt-Astrid-Lasse-och-Soren-300x244.jpg 300w, https:\/\/www.lassebacklund.fi\/wp-content\/uploads\/2021\/06\/Ing-Britt-Astrid-Lasse-och-Soren-1024x832.jpg 1024w, https:\/\/www.lassebacklund.fi\/wp-content\/uploads\/2021\/06\/Ing-Britt-Astrid-Lasse-och-Soren-768x624.jpg 768w\" sizes=\"auto, (max-width: 1032px) 100vw, 1032px\" \/><figcaption id=\"caption-attachment-20978\" class=\"wp-caption-text\">Lars och Astrid Gran\u00e9r med barnbarnet S\u00f6ren mellan sig och p\u00e5 golvet sitter Ing-Britt Cygnel.<\/figcaption><\/figure>\n<figure id=\"attachment_20977\" aria-describedby=\"caption-attachment-20977\" style=\"width: 926px\" class=\"wp-caption alignnone\"><img loading=\"lazy\" decoding=\"async\" class=\"size-full wp-image-20977\" src=\"https:\/\/www.lassebacklund.fi\/wp-content\/uploads\/2021\/06\/Ing-Britt-och-Soren-pa-sparkaren.jpg\" alt=\"\" width=\"926\" height=\"663\" srcset=\"https:\/\/www.lassebacklund.fi\/wp-content\/uploads\/2021\/06\/Ing-Britt-och-Soren-pa-sparkaren.jpg 926w, https:\/\/www.lassebacklund.fi\/wp-content\/uploads\/2021\/06\/Ing-Britt-och-Soren-pa-sparkaren-300x215.jpg 300w, https:\/\/www.lassebacklund.fi\/wp-content\/uploads\/2021\/06\/Ing-Britt-och-Soren-pa-sparkaren-768x550.jpg 768w\" sizes=\"auto, (max-width: 926px) 100vw, 926px\" \/><figcaption id=\"caption-attachment-20977\" class=\"wp-caption-text\">Astrids dotter Ing-Britt Cygnel och sonen S\u00f6ren med \u201dsparkarin\u201d p\u00e5 Lillsj\u00f6v\u00e4gen. I bakgrunden Gran\u00e9rs uthus och litet av boningshuset.<\/figcaption><\/figure>\n<figure id=\"attachment_20976\" aria-describedby=\"caption-attachment-20976\" style=\"width: 901px\" class=\"wp-caption alignnone\"><img loading=\"lazy\" decoding=\"async\" class=\"size-full wp-image-20976\" src=\"https:\/\/www.lassebacklund.fi\/wp-content\/uploads\/2021\/06\/Graners-gard-pa-Lillsjovagen.jpg\" alt=\"\" width=\"901\" height=\"922\" srcset=\"https:\/\/www.lassebacklund.fi\/wp-content\/uploads\/2021\/06\/Graners-gard-pa-Lillsjovagen.jpg 901w, https:\/\/www.lassebacklund.fi\/wp-content\/uploads\/2021\/06\/Graners-gard-pa-Lillsjovagen-293x300.jpg 293w, https:\/\/www.lassebacklund.fi\/wp-content\/uploads\/2021\/06\/Graners-gard-pa-Lillsjovagen-768x786.jpg 768w\" sizes=\"auto, (max-width: 901px) 100vw, 901px\" \/><figcaption id=\"caption-attachment-20976\" class=\"wp-caption-text\">Gran\u00e9rs g\u00e5rd ligger mellan Lillsj\u00f6v\u00e4gen och Lill\u00e5n och mellan Gr\u00f6nroos\u00b4 tomt och sportplanen. Fotot \u00e4r taget f\u00f6r flera \u00e5r sedan.<\/figcaption><\/figure>\n<figure id=\"attachment_20975\" aria-describedby=\"caption-attachment-20975\" style=\"width: 2560px\" class=\"wp-caption alignnone\"><img loading=\"lazy\" decoding=\"async\" class=\"wp-image-20975 size-full\" src=\"https:\/\/www.lassebacklund.fi\/wp-content\/uploads\/2021\/06\/Graners-gard-2-scaled.jpg\" alt=\"\" width=\"2560\" height=\"1920\" srcset=\"https:\/\/www.lassebacklund.fi\/wp-content\/uploads\/2021\/06\/Graners-gard-2-scaled.jpg 2560w, https:\/\/www.lassebacklund.fi\/wp-content\/uploads\/2021\/06\/Graners-gard-2-300x225.jpg 300w, https:\/\/www.lassebacklund.fi\/wp-content\/uploads\/2021\/06\/Graners-gard-2-1024x768.jpg 1024w, https:\/\/www.lassebacklund.fi\/wp-content\/uploads\/2021\/06\/Graners-gard-2-768x576.jpg 768w, https:\/\/www.lassebacklund.fi\/wp-content\/uploads\/2021\/06\/Graners-gard-2-1536x1152.jpg 1536w, https:\/\/www.lassebacklund.fi\/wp-content\/uploads\/2021\/06\/Graners-gard-2-2048x1536.jpg 2048w\" sizes=\"auto, (max-width: 2560px) 100vw, 2560px\" \/><figcaption id=\"caption-attachment-20975\" class=\"wp-caption-text\">G\u00e5rden fotograferad fr\u00e5n Lillsj\u00f6v\u00e4gen sommaren 2015. Den \u00e4r fortfarande i sl\u00e4ktens \u00e4go och anv\u00e4nds som fritidsbostad.<\/figcaption><\/figure>\n","protected":false},"excerpt":{"rendered":"<p>Sammanst\u00e4llt av Lasse Backlund sommaren 2021. Fotografierna hade utl\u00e5nats av Ing-Britt Cygnel. Den h\u00e4r g\u00e5rden p\u00e5 Lillsj\u00f6v\u00e4gen byggdes \u00e5r 1954 av chauff\u00f6ren Lars Gran\u00e9r och Astrid (f. Bj\u00f6rklund). Huset \u00e4r uppf\u00f6rt av stock, som plockades ned fr\u00e5n Evert Holmbergs g\u00e5rd <a class=\"more-link\" href=\"https:\/\/www.lassebacklund.fi\/?page_id=20981\">Forts\u00e4tt l\u00e4sa <span class=\"screen-reader-text\">  Gran\u00e9rs g\u00e5rd p\u00e5 Lillsj\u00f6v\u00e4gen 19<\/span><span class=\"meta-nav\">&rarr;<\/span><\/a><\/p>\n","protected":false},"author":1,"featured_media":0,"parent":78,"menu_order":19,"comment_status":"closed","ping_status":"closed","template":"","meta":{"footnotes":""},"class_list":["post-20981","page","type-page","status-publish","hentry"],"_links":{"self":[{"href":"https:\/\/www.lassebacklund.fi\/index.php?rest_route=\/wp\/v2\/pages\/20981","targetHints":{"allow":["GET"]}}],"collection":[{"href":"https:\/\/www.lassebacklund.fi\/index.php?rest_route=\/wp\/v2\/pages"}],"about":[{"href":"https:\/\/www.lassebacklund.fi\/index.php?rest_route=\/wp\/v2\/types\/page"}],"author":[{"embeddable":true,"href":"https:\/\/www.lassebacklund.fi\/index.php?rest_route=\/wp\/v2\/users\/1"}],"replies":[{"embeddable":true,"href":"https:\/\/www.lassebacklund.fi\/index.php?rest_route=%2Fwp%2Fv2%2Fcomments&post=20981"}],"version-history":[{"count":5,"href":"https:\/\/www.lassebacklund.fi\/index.php?rest_route=\/wp\/v2\/pages\/20981\/revisions"}],"predecessor-version":[{"id":23101,"href":"https:\/\/www.lassebacklund.fi\/index.php?rest_route=\/wp\/v2\/pages\/20981\/revisions\/23101"}],"up":[{"embeddable":true,"href":"https:\/\/www.lassebacklund.fi\/index.php?rest_route=\/wp\/v2\/pages\/78"}],"wp:attachment":[{"href":"https:\/\/www.lassebacklund.fi\/index.php?rest_route=%2Fwp%2Fv2%2Fmedia&parent=20981"}],"curies":[{"name":"wp","href":"https:\/\/api.w.org\/{rel}","templated":true}]}}