{"id":20272,"date":"2021-04-03T18:40:22","date_gmt":"2021-04-03T15:40:22","guid":{"rendered":"https:\/\/www.lassebacklund.fi\/?page_id=20272"},"modified":"2021-05-12T23:00:50","modified_gmt":"2021-05-12T20:00:50","slug":"tidningsurklipp-fran-ar-1911","status":"publish","type":"page","link":"https:\/\/www.lassebacklund.fi\/?page_id=20272","title":{"rendered":"Tidningsurklipp fr\u00e5n \u00e5r 1911."},"content":{"rendered":"<p><strong>Folkm\u00e4ngderna i Syd\u00f6sterbotten:<\/strong><\/p>\n<p>I stadsf\u00f6rsamlingen hade det f\u00f6tts 57 barn, varav 5 var f\u00f6dda utom \u00e4ktenskapet. 50 personer hade avlidit och den \u00e4ldsta avlidna mannen var 71 \u00e5r och den \u00e4ldsta kvinnan 89 \u00e5r. 13 par hade gift sig under det g\u00e5ngna \u00e5ret. Den totala befolknings\u00f6kningen var 16 personer och den 1 januari var 3\u00a0148 personer skrivna i stadsf\u00f6rsamlingen.<\/p>\n<p>I landsf\u00f6rsamlingen i Tj\u00f6ck hade det f\u00f6tts 44 barn och 25 personer hade avlidit. Den \u00e4ldsta mannen och den \u00e4ldsta kvinnan som avlidit var b\u00e5da 88 \u00e5r. I Tj\u00f6ck hade 5 par gift sig. 21 personer hade flyttat in och 14 hade flyttat bort s\u00e5 i b\u00f6rja av \u00e5ret bodde det 1\u00a0515 i f\u00f6rsamlingen.<\/p>\n<p>I Lappfj\u00e4rd f\u00f6ddes det 169 barn och 116 personer hade avlidit. Av de d\u00f6da hade 10 avlidit utomlands och av de avlidna var 12 stycken \u00f6ver 80 \u00e5r. 25 par hade gift sig i Lappfj\u00e4rd. F\u00f6rsamlingen folkm\u00e4ngd har under \u00e5ret \u00f6kat med 85 personer till totalt 7\u00a0083.<\/p>\n<p>I Sideby hade det f\u00f6tts 65 barn och 48 hade avlidit. I f\u00f6rsamlingen fans det vid \u00e5rsskiftet 3\u00a0250 personer.<\/p>\n<p><span style=\"color: #000080;\"><strong>Syd-\u00d6sterbotten 29.8.1911:<\/strong><\/span><\/p>\n<h5><strong>P\u00e4rlfiske i Lappfj\u00e4rds \u00e5.<\/strong><\/h5>\n<p>N\u00e5gra pojkar har under de senaste veckorna varit sysselsatta med att fr\u00e5n Lappfj\u00e4rds \u00e5 uppfiska s\u00e5 kallade p\u00e4rlmusslor. F\u00e5ngsten har ocks\u00e5 utfallit t\u00e4mligen v\u00e4l. S\u00e5 har man i Dagsmark p\u00e5tr\u00e4ffat en f\u00f6r v\u00e5ra f\u00f6rh\u00e5llanden ovanligt stor p\u00e4rla, v\u00e4gande 1,1 gram med ett v\u00e4rde p\u00e5 omkring 200 mark. Skulle p\u00e4rlans yta ha varit fri fr\u00e5n en del oj\u00e4mnheter, s\u00e5 hade dess v\u00e4rde enligt fackm\u00e4ns utsago kunnat uppskattas till minst 600 mark. Dessutom har p\u00e4rlor av mindre storlek p\u00e5tr\u00e4ffats i Dagsmark. En s\u00e5dan har s\u00e5lts f\u00f6r 50 mark i staden.<\/p>\n<p>&nbsp;<\/p>\n","protected":false},"excerpt":{"rendered":"<p>Folkm\u00e4ngderna i Syd\u00f6sterbotten: I stadsf\u00f6rsamlingen hade det f\u00f6tts 57 barn, varav 5 var f\u00f6dda utom \u00e4ktenskapet. 50 personer hade avlidit och den \u00e4ldsta avlidna mannen var 71 \u00e5r och den \u00e4ldsta kvinnan 89 \u00e5r. 13 par hade gift sig under <a class=\"more-link\" href=\"https:\/\/www.lassebacklund.fi\/?page_id=20272\">Forts\u00e4tt l\u00e4sa <span class=\"screen-reader-text\">  Tidningsurklipp fr\u00e5n \u00e5r 1911.<\/span><span class=\"meta-nav\">&rarr;<\/span><\/a><\/p>\n","protected":false},"author":1,"featured_media":0,"parent":3732,"menu_order":1911,"comment_status":"closed","ping_status":"closed","template":"","meta":{"footnotes":""},"class_list":["post-20272","page","type-page","status-publish","hentry"],"_links":{"self":[{"href":"https:\/\/www.lassebacklund.fi\/index.php?rest_route=\/wp\/v2\/pages\/20272","targetHints":{"allow":["GET"]}}],"collection":[{"href":"https:\/\/www.lassebacklund.fi\/index.php?rest_route=\/wp\/v2\/pages"}],"about":[{"href":"https:\/\/www.lassebacklund.fi\/index.php?rest_route=\/wp\/v2\/types\/page"}],"author":[{"embeddable":true,"href":"https:\/\/www.lassebacklund.fi\/index.php?rest_route=\/wp\/v2\/users\/1"}],"replies":[{"embeddable":true,"href":"https:\/\/www.lassebacklund.fi\/index.php?rest_route=%2Fwp%2Fv2%2Fcomments&post=20272"}],"version-history":[{"count":2,"href":"https:\/\/www.lassebacklund.fi\/index.php?rest_route=\/wp\/v2\/pages\/20272\/revisions"}],"predecessor-version":[{"id":20767,"href":"https:\/\/www.lassebacklund.fi\/index.php?rest_route=\/wp\/v2\/pages\/20272\/revisions\/20767"}],"up":[{"embeddable":true,"href":"https:\/\/www.lassebacklund.fi\/index.php?rest_route=\/wp\/v2\/pages\/3732"}],"wp:attachment":[{"href":"https:\/\/www.lassebacklund.fi\/index.php?rest_route=%2Fwp%2Fv2%2Fmedia&parent=20272"}],"curies":[{"name":"wp","href":"https:\/\/api.w.org\/{rel}","templated":true}]}}