{"id":19401,"date":"2021-02-08T22:20:09","date_gmt":"2021-02-08T20:20:09","guid":{"rendered":"https:\/\/www.lassebacklund.fi\/?page_id=19401"},"modified":"2021-02-08T22:20:48","modified_gmt":"2021-02-08T20:20:48","slug":"19401-2","status":"publish","type":"page","link":"https:\/\/www.lassebacklund.fi\/?page_id=19401","title":{"rendered":"Vinterpromenaden."},"content":{"rendered":"<p><span style=\"color: #000080;\">Skrivet av Eva 31.1.2021:<\/span><\/p>\n<h6>Gick ut p\u00e5 promenad i v\u00e5rt vackra vinterv\u00e4der,<\/h6>\n<h6>som vanligt tog jag p\u00e5 lite f\u00f6r mycket kl\u00e4der.<\/h6>\n<h6>Men hellre varm och mullig som herr Michelin<\/h6>\n<h6>\u00e4n frusen och smal bara f\u00f6r att vara fin.<\/h6>\n<p>&nbsp;<\/p>\n<h6>Det fanns en man p\u00e5 isen med ryggen mot norr<\/h6>\n<h6>satt p\u00e5 sin sparkst\u00f6tting med en pilk och en borr.<\/h6>\n<h6>Han hade s\u00e4kert f\u00f6rv\u00e4ntan och hopp i sin blick<\/h6>\n<h6>men jag vet ju inte om han n\u00e5t napp fick.<\/h6>\n<p>&nbsp;<\/p>\n<h6>Tr\u00e4ffade en bekant, vi brukar ses nu som d\u00e5<\/h6>\n<h6>f\u00f6r liksom jag hon gillar att g\u00e5 ut och g\u00e5.<\/h6>\n<h6>Vi pratade om v\u00e4dret, med sn\u00f6 och riktigt kallt<\/h6>\n<h6>och att man \u00e4ntligen kan skida, det b\u00e4sta av allt.<\/h6>\n<p>&nbsp;<\/p>\n<h6>I g\u00e5r f\u00f6ll mera sn\u00f6, av olika djur syntes sp\u00e5r<\/h6>\n<h6>f\u00f6r det \u00e4r v\u00e4l nattetid som de \u00e4r ut och g\u00e5r.<\/h6>\n<h6>Himlen \u00e4r n\u00e4stan molnfri och s\u00e5 bl\u00e5 den kan bli<\/h6>\n<h6>och i morgon vi v\u00e4nder blad och g\u00e5r in i februari!<\/h6>\n<h6><\/h6>\n","protected":false},"excerpt":{"rendered":"<p>Skrivet av Eva 31.1.2021: Gick ut p\u00e5 promenad i v\u00e5rt vackra vinterv\u00e4der, som vanligt tog jag p\u00e5 lite f\u00f6r mycket kl\u00e4der. Men hellre varm och mullig som herr Michelin \u00e4n frusen och smal bara f\u00f6r att vara fin. &nbsp; Det <a class=\"more-link\" href=\"https:\/\/www.lassebacklund.fi\/?page_id=19401\">Forts\u00e4tt l\u00e4sa <span class=\"screen-reader-text\">  Vinterpromenaden.<\/span><span class=\"meta-nav\">&rarr;<\/span><\/a><\/p>\n","protected":false},"author":1,"featured_media":0,"parent":16671,"menu_order":16,"comment_status":"closed","ping_status":"closed","template":"","meta":{"footnotes":""},"class_list":["post-19401","page","type-page","status-publish","hentry"],"_links":{"self":[{"href":"https:\/\/www.lassebacklund.fi\/index.php?rest_route=\/wp\/v2\/pages\/19401","targetHints":{"allow":["GET"]}}],"collection":[{"href":"https:\/\/www.lassebacklund.fi\/index.php?rest_route=\/wp\/v2\/pages"}],"about":[{"href":"https:\/\/www.lassebacklund.fi\/index.php?rest_route=\/wp\/v2\/types\/page"}],"author":[{"embeddable":true,"href":"https:\/\/www.lassebacklund.fi\/index.php?rest_route=\/wp\/v2\/users\/1"}],"replies":[{"embeddable":true,"href":"https:\/\/www.lassebacklund.fi\/index.php?rest_route=%2Fwp%2Fv2%2Fcomments&post=19401"}],"version-history":[{"count":2,"href":"https:\/\/www.lassebacklund.fi\/index.php?rest_route=\/wp\/v2\/pages\/19401\/revisions"}],"predecessor-version":[{"id":19403,"href":"https:\/\/www.lassebacklund.fi\/index.php?rest_route=\/wp\/v2\/pages\/19401\/revisions\/19403"}],"up":[{"embeddable":true,"href":"https:\/\/www.lassebacklund.fi\/index.php?rest_route=\/wp\/v2\/pages\/16671"}],"wp:attachment":[{"href":"https:\/\/www.lassebacklund.fi\/index.php?rest_route=%2Fwp%2Fv2%2Fmedia&parent=19401"}],"curies":[{"name":"wp","href":"https:\/\/api.w.org\/{rel}","templated":true}]}}

<p><span style="color: #000080;">Skrivet av Eva 31.1.2021:</span></p>
<h6>Gick ut på promenad i vårt vackra vinterväder,</h6>
<h6>som vanligt tog jag på lite för mycket kläder.</h6>
<h6>Men hellre varm och mullig som herr Michelin</h6>
<h6>än frusen och smal bara för att vara fin.</h6>
<p>&nbsp;</p>
<h6>Det fanns en man på isen med ryggen mot norr</h6>
<h6>satt på sin sparkstötting med en pilk och en borr.</h6>
<h6>Han hade säkert förväntan och hopp i sin blick</h6>
<h6>men jag vet ju inte om han nåt napp fick.</h6>
<p>&nbsp;</p>
<h6>Träffade en bekant, vi brukar ses nu som då</h6>
<h6>för liksom jag hon gillar att gå ut och gå.</h6>
<h6>Vi pratade om vädret, med snö och riktigt kallt</h6>
<h6>och att man äntligen kan skida, det bästa av allt.</h6>
<p>&nbsp;</p>
<h6>I går föll mera snö, av olika djur syntes spår</h6>
<h6>för det är väl nattetid som de är ut och går.</h6>
<h6>Himlen är nästan molnfri och så blå den kan bli</h6>
<h6>och i morgon vi vänder blad och går in i februari!</h6>
<h6></h6>

<p>Skrivet av Eva 31.1.2021: Gick ut på promenad i vårt vackra vinterväder, som vanligt tog jag på lite för mycket kläder. Men hellre varm och mullig som herr Michelin än frusen och smal bara för att vara fin. &nbsp; Det <a class="more-link" href="https://www.lassebacklund.fi/?page_id=19401">Fortsätt läsa <span class="screen-reader-text">  Vinterpromenaden.</span><span class="meta-nav">&rarr;</span></a></p>
