{"id":19056,"date":"2021-01-11T23:54:55","date_gmt":"2021-01-11T21:54:55","guid":{"rendered":"https:\/\/www.lassebacklund.fi\/?page_id=19056"},"modified":"2021-01-12T00:30:33","modified_gmt":"2021-01-11T22:30:33","slug":"tidningsartiklar-fran-ar-1908","status":"publish","type":"page","link":"https:\/\/www.lassebacklund.fi\/?page_id=19056","title":{"rendered":"Tidningsartiklar fr\u00e5n \u00e5r 1908."},"content":{"rendered":"<h5><strong>Folkm\u00e4ngderna i Syd-\u00d6sterbotten:<\/strong><\/h5>\n<p>I Kristinestads stadsf\u00f6rsamling hade det under \u00e5r 1907 f\u00f6tts 51 barn, varav 4 var o\u00e4kta. 65 personer hade avlidit, 88 personer hade flyttat till f\u00f6rsamlingen och 102 hade flyttat bort. Endast 8 par hade gift sig och 17 \u00e4ktenskap hade uppl\u00f6sts p\u00e5 grund av ena partens d\u00f6dsfall. Den \u00e4ldsta avlidna mannen var 85 \u00e5r och den \u00e4ldsta kvinnan 96 \u00e5r. Folkm\u00e4ngden har minskat med 28 personer och utgjorde vid \u00e5rsskiftet 2 995 personer.<\/p>\n<p>I landsf\u00f6rsamlingen i Tj\u00f6ck hade det f\u00f6tts 30 barn, varav 1 hade varit o\u00e4kta. 31 personer hade avlidit, 14 hade flyttat in och 21 hade flyttat bort. 9 par hade ing\u00e5tt \u00e4ktenskap. Folkm\u00e4ngden i f\u00f6rsamlingen hade minskat med 8 personer till 1\u00a0475 personer.<\/p>\n<p>I f\u00f6rsamlingen i Lappfj\u00e4rd hade det f\u00f6tts 157 barn och av dessa var 9 procent o\u00e4kta. 135 personer hade avlidit, 112 hade flyttat in medan 101 hade flyttat bort. 44 par hade gift sig och befolkningen har \u00f6kat med 37 personer till 6\u00a0941.<\/p>\n<p>I Sideby hade det f\u00f6tts 81 barn och 45 personer hade d\u00f6tt under \u00e5ret. 16 gifterm\u00e5l hade det varit och folkm\u00e4ngden hade \u00f6kat med 22 personer till 3\u00a0221.<\/p>\n<p>I den st\u00f6rsta kommunen hade befolkningen minskat med 48 personer, trots att hela 228 barn hade f\u00f6tts. Det beror p\u00e5 att 268 personer hade avlidit och att mera folk hade flyttat fr\u00e5n f\u00f6rsamlingen \u00e4n till den. I Korsn\u00e4s minskade befolkningen med 70 personer till 5\u00a0020.<\/p>\n<p>Under \u00e5r 1907 hade befolkningen \u00f6kat i s\u00e5 gott som alla finl\u00e4ndska st\u00e4der. Kristinestad var ett av de tv\u00e5 undantagen, minskningen d\u00e4r var 28 personer. Till exempel Vasa \u00f6kade med 432 personer till 18\u00a0500, Jakobstad med 398 till 4\u00a0007, Gamlakarleby med 118 till 3\u00a0353, Nykarleby med 12 till 1\u00a0208 och Kask\u00f6 med 42 personer till totalt 1 036 inv\u00e5nare. I Helsingfors bodde det 130\u00a0526 personer.<\/p>\n<h5><strong>Stadens export och import 1907.<\/strong><\/h5>\n<p>Importen hade \u00f6kat med 800\u00a0000 mark sedan fjol\u00e5ret, mycket p\u00e5 grund av att ett \u00e5ngfartyg, som hade kostat 525\u00a0000 mark finns med i ber\u00e4kningen. Den \u00f6verl\u00e4gset st\u00f6rsta importprodukten var 2 miljoner kilo r\u00e5g, f\u00f6ljd av n\u00e4stan en miljon kilo med vete. Andra viktiga produkter var socker, kaffe, gryner, fl\u00e4sk fr\u00e5n Amerika, g\u00f6dsel och j\u00e4rnprodukter.<\/p>\n<p>Exporten minskade med cirka 200\u00a0000 mark till 1\u00a0925\u00a0000 mark. St\u00f6rsta delen av exporten bestod av tr\u00e4varor, s\u00e5som propsar, plankor och br\u00e4der, sparrar och l\u00e4ster. Ocks\u00e5 havre, sm\u00f6r och k\u00f6tt exporterade i mindre kvantiteter.<\/p>\n<p>De st\u00f6rsta export\u00f6rerna hade varit firman Alfred Carlstr\u00f6m, firman Rud. Hamfeldt, E. A. T\u00f6tterman, och firma Grankull. Tullar och andra hamnavgifter hade uppburits 256\u00a0000 mk. 53 segelfartyg och 96 \u00e5ngfartyg hade bes\u00f6kt staden under \u00e5r 1907.<\/p>\n","protected":false},"excerpt":{"rendered":"<p>Folkm\u00e4ngderna i Syd-\u00d6sterbotten: I Kristinestads stadsf\u00f6rsamling hade det under \u00e5r 1907 f\u00f6tts 51 barn, varav 4 var o\u00e4kta. 65 personer hade avlidit, 88 personer hade flyttat till f\u00f6rsamlingen och 102 hade flyttat bort. Endast 8 par hade gift sig och <a class=\"more-link\" href=\"https:\/\/www.lassebacklund.fi\/?page_id=19056\">Forts\u00e4tt l\u00e4sa <span class=\"screen-reader-text\">  Tidningsartiklar fr\u00e5n \u00e5r 1908.<\/span><span class=\"meta-nav\">&rarr;<\/span><\/a><\/p>\n","protected":false},"author":1,"featured_media":0,"parent":3729,"menu_order":1908,"comment_status":"closed","ping_status":"closed","template":"","meta":{"footnotes":""},"class_list":["post-19056","page","type-page","status-publish","hentry"],"_links":{"self":[{"href":"https:\/\/www.lassebacklund.fi\/index.php?rest_route=\/wp\/v2\/pages\/19056","targetHints":{"allow":["GET"]}}],"collection":[{"href":"https:\/\/www.lassebacklund.fi\/index.php?rest_route=\/wp\/v2\/pages"}],"about":[{"href":"https:\/\/www.lassebacklund.fi\/index.php?rest_route=\/wp\/v2\/types\/page"}],"author":[{"embeddable":true,"href":"https:\/\/www.lassebacklund.fi\/index.php?rest_route=\/wp\/v2\/users\/1"}],"replies":[{"embeddable":true,"href":"https:\/\/www.lassebacklund.fi\/index.php?rest_route=%2Fwp%2Fv2%2Fcomments&post=19056"}],"version-history":[{"count":2,"href":"https:\/\/www.lassebacklund.fi\/index.php?rest_route=\/wp\/v2\/pages\/19056\/revisions"}],"predecessor-version":[{"id":19086,"href":"https:\/\/www.lassebacklund.fi\/index.php?rest_route=\/wp\/v2\/pages\/19056\/revisions\/19086"}],"up":[{"embeddable":true,"href":"https:\/\/www.lassebacklund.fi\/index.php?rest_route=\/wp\/v2\/pages\/3729"}],"wp:attachment":[{"href":"https:\/\/www.lassebacklund.fi\/index.php?rest_route=%2Fwp%2Fv2%2Fmedia&parent=19056"}],"curies":[{"name":"wp","href":"https:\/\/api.w.org\/{rel}","templated":true}]}}