{"id":18400,"date":"2020-11-15T23:06:19","date_gmt":"2020-11-15T21:06:19","guid":{"rendered":"https:\/\/www.lassebacklund.fi\/?page_id=18400"},"modified":"2020-11-17T20:54:07","modified_gmt":"2020-11-17T18:54:07","slug":"tidningsartiklar-fran-ar-1905","status":"publish","type":"page","link":"https:\/\/www.lassebacklund.fi\/?page_id=18400","title":{"rendered":"Tidningsartiklar fr\u00e5n \u00e5r 1905."},"content":{"rendered":"<p>Folkm\u00e4ngderna i Syd\u00f6sterbotten:<\/p>\n<p>Inom Lappfj\u00e4rds f\u00f6rsamling f\u00f6ddes det 135 barn och 124 personer hade avlidit. Inflyttningen var betydligt st\u00f6rre \u00e4n utflyttningen, s\u00e5 den kyrkskrivna befolkningen i slutet av \u00e5r 1904 var 6\u00a0672 personer.<\/p>\n<p>I staden f\u00f6ddes 59 barn och 63 personer avled under det g\u00e5ngna \u00e5ret. 107 personer flyttade in och 76 flyttade ut fr\u00e5n staden. 10 par hade gift sig. Folkm\u00e4ngden \u00f6kade med 27 personer och vid \u00e5rets slut var 3\u00a0069 skrivna i stadsf\u00f6rsamlingen.<\/p>\n<p>I landsf\u00f6rsamlingen i Tj\u00f6ck f\u00f6ddes 37 barn och 32 personer hade avlidit och folkm\u00e4ngden i slutet av \u00e5ret var 1\u00a0472 personer.<\/p>\n<p>I N\u00e4rpes f\u00f6ddes hela 226 barn medan 197 personer avled. 40 par hade gift sig och den totala folkm\u00e4ngden var 10\u00a0645 personer. I Kask\u00f6 bodde det 977 personer vid \u00e5rets slut.<\/p>\n<p><span style=\"color: #000080;\"><strong>Syd-\u00d6sterbotten 21.1.1905<\/strong><\/span> skrev att varje \u00e5r f\u00f6rdelade l\u00e4nets landskontor i Vasa den s\u00e5 kallade br\u00e4nnvinsskatten \u00e5t st\u00e4derna och kommunerna. Av st\u00e4derna fick Vasa mest med 2\u00a0551 mark. Kristinestad fick 434 mk och Kask\u00f6 fick minst 144 mark. Av kommunerna fick Lappfj\u00e4rd 788 mark, Sideby 247 mark och landsf\u00f6rsamlingen i Tj\u00f6ck fick 210 mark.<\/p>\n<p><span style=\"color: #000080;\"><strong>Syd-\u00d6sterbotten 4.2.1905:<\/strong><\/span><\/p>\n<p>Ett d\u00e5ligt h\u00e4stbyte gjorde bonden V. Rosenback fr\u00e5n Dagsmark by i onsdags, d\u00e5 han mot en h\u00e4st, vars v\u00e4rde uppskattats till 300 mark, erh\u00f6ll av zigenarna en, som f\u00f6r tillf\u00e4llet s\u00e5g bra ut och \u00e4ven tycktes vara kvick, men f\u00f6ljande dag befanns vara b\u00e5de el\u00e4ndig och mager, samt \u2013 blind. Ehuru efterforskningar vidtagits, ha de bedr\u00e4gliga zigenarna ej \u00e4nnu kunnat antr\u00e4ffas.<\/p>\n<p><span style=\"color: #000080;\"><strong>Syd-\u00d6sterbotten 11.2.1905:<\/strong><\/span><\/p>\n<p>Vid entreprenadauktionen p\u00e5 Lappfj\u00e4rds norra folkskola i tisdags \u00e5tog sig s\u00e5g\u00e4garen Nylund uppf\u00f6randet vid skolan av en uthusbyggnad om 14 famnars l\u00e4ngd och 4 famnars bredd f\u00f6r 2.100 mk. Byggnaden skall uppf\u00f6ras av korsvirke, f\u00f6rutom f\u00e4huset som blir av stock.<\/p>\n<p>En leverans av 30.000 tegel \u00f6vertogs i skilda poster f\u00f6r ett pris emellan 31-32 penni per st.<\/p>\n<p>&nbsp;<\/p>\n","protected":false},"excerpt":{"rendered":"<p>Folkm\u00e4ngderna i Syd\u00f6sterbotten: Inom Lappfj\u00e4rds f\u00f6rsamling f\u00f6ddes det 135 barn och 124 personer hade avlidit. Inflyttningen var betydligt st\u00f6rre \u00e4n utflyttningen, s\u00e5 den kyrkskrivna befolkningen i slutet av \u00e5r 1904 var 6\u00a0672 personer. I staden f\u00f6ddes 59 barn och 63 <a class=\"more-link\" href=\"https:\/\/www.lassebacklund.fi\/?page_id=18400\">Forts\u00e4tt l\u00e4sa <span class=\"screen-reader-text\">  Tidningsartiklar fr\u00e5n \u00e5r 1905.<\/span><span class=\"meta-nav\">&rarr;<\/span><\/a><\/p>\n","protected":false},"author":1,"featured_media":0,"parent":3729,"menu_order":1905,"comment_status":"closed","ping_status":"closed","template":"","meta":{"footnotes":""},"class_list":["post-18400","page","type-page","status-publish","hentry"],"_links":{"self":[{"href":"https:\/\/www.lassebacklund.fi\/index.php?rest_route=\/wp\/v2\/pages\/18400","targetHints":{"allow":["GET"]}}],"collection":[{"href":"https:\/\/www.lassebacklund.fi\/index.php?rest_route=\/wp\/v2\/pages"}],"about":[{"href":"https:\/\/www.lassebacklund.fi\/index.php?rest_route=\/wp\/v2\/types\/page"}],"author":[{"embeddable":true,"href":"https:\/\/www.lassebacklund.fi\/index.php?rest_route=\/wp\/v2\/users\/1"}],"replies":[{"embeddable":true,"href":"https:\/\/www.lassebacklund.fi\/index.php?rest_route=%2Fwp%2Fv2%2Fcomments&post=18400"}],"version-history":[{"count":5,"href":"https:\/\/www.lassebacklund.fi\/index.php?rest_route=\/wp\/v2\/pages\/18400\/revisions"}],"predecessor-version":[{"id":18410,"href":"https:\/\/www.lassebacklund.fi\/index.php?rest_route=\/wp\/v2\/pages\/18400\/revisions\/18410"}],"up":[{"embeddable":true,"href":"https:\/\/www.lassebacklund.fi\/index.php?rest_route=\/wp\/v2\/pages\/3729"}],"wp:attachment":[{"href":"https:\/\/www.lassebacklund.fi\/index.php?rest_route=%2Fwp%2Fv2%2Fmedia&parent=18400"}],"curies":[{"name":"wp","href":"https:\/\/api.w.org\/{rel}","templated":true}]}}