{"id":17992,"date":"2020-10-12T22:08:01","date_gmt":"2020-10-12T19:08:01","guid":{"rendered":"https:\/\/www.lassebacklund.fi\/?page_id=17992"},"modified":"2020-12-14T23:42:37","modified_gmt":"2020-12-14T21:42:37","slug":"forfattaren-gunnar-grondahl","status":"publish","type":"page","link":"https:\/\/www.lassebacklund.fi\/?page_id=17992","title":{"rendered":"F\u00f6rfattaren Gunnar Gr\u00f6ndahl."},"content":{"rendered":"<p>Naturen var viktig f\u00f6r Gunnar och det som han mest v\u00e4rnade om var Lappfj\u00e4rds \u00e5. Det var ju helt naturligt eftersom han v\u00e4xte upp p\u00e5\u00a0 dess strand och han hade haft m\u00f6jlighet att p\u00e5 n\u00e4ra h\u00e5ll f\u00f6lja med hur \u00e5n f\u00f6r\u00e4ndrades. Han arbetade h\u00e5rt f\u00f6r att motarbeta f\u00f6roreningarna fr\u00e5n industrin, hush\u00e5llen och jordbruket som h\u00f6ll p\u00e5 att f\u00f6rst\u00f6ra allt liv i \u00e5n. Som milj\u00f6v\u00e5rdare var han en f\u00f6reg\u00e5ngare och hans \u00e5sikter delades inte av alla. Hans intresse f\u00f6r naturen ledde till att han skrev ett stort antal tidningsartiklar, som publicerades s\u00e5v\u00e4l i facktidningar som i dagspressen. H\u00e4r under n\u00e5gra exempel.<\/p>\n<h4><a href=\"https:\/\/www.lassebacklund.fi\/?page_id=16407\"><strong>-Vitsippor och bl\u00e5sippor i Lappfj\u00e4rdsnejden<\/strong><\/a><\/h4>\n<h4><a href=\"https:\/\/www.lassebacklund.fi\/?page_id=2909\"><strong>-T\u00e5 farbro jaaga bj\u00f6rnin<\/strong><\/a><\/h4>\n<h4><a href=\"https:\/\/www.lassebacklund.fi\/?page_id=18691\"><strong>-Sipprankan &#8211; en rymling fr\u00e5n \u00d6stkarelen<\/strong><\/a><\/h4>\n<p><img loading=\"lazy\" decoding=\"async\" class=\"alignnone size-full wp-image-17997\" src=\"https:\/\/www.lassebacklund.fi\/wp-content\/uploads\/2020\/10\/Laxen-i-Lappfjards-a-av-Gunnar-Grondahl-sid-1.jpg\" alt=\"\" width=\"1081\" height=\"1570\" srcset=\"https:\/\/www.lassebacklund.fi\/wp-content\/uploads\/2020\/10\/Laxen-i-Lappfjards-a-av-Gunnar-Grondahl-sid-1.jpg 1081w, https:\/\/www.lassebacklund.fi\/wp-content\/uploads\/2020\/10\/Laxen-i-Lappfjards-a-av-Gunnar-Grondahl-sid-1-207x300.jpg 207w, https:\/\/www.lassebacklund.fi\/wp-content\/uploads\/2020\/10\/Laxen-i-Lappfjards-a-av-Gunnar-Grondahl-sid-1-705x1024.jpg 705w, https:\/\/www.lassebacklund.fi\/wp-content\/uploads\/2020\/10\/Laxen-i-Lappfjards-a-av-Gunnar-Grondahl-sid-1-768x1115.jpg 768w, https:\/\/www.lassebacklund.fi\/wp-content\/uploads\/2020\/10\/Laxen-i-Lappfjards-a-av-Gunnar-Grondahl-sid-1-1058x1536.jpg 1058w\" sizes=\"auto, (max-width: 1081px) 100vw, 1081px\" \/> <img loading=\"lazy\" decoding=\"async\" class=\"alignnone size-full wp-image-17998\" src=\"https:\/\/www.lassebacklund.fi\/wp-content\/uploads\/2020\/10\/Laxen-i-Lappfjards-a-av-Gunnar-Grondahl-sid-2.jpg\" alt=\"\" width=\"507\" height=\"817\" srcset=\"https:\/\/www.lassebacklund.fi\/wp-content\/uploads\/2020\/10\/Laxen-i-Lappfjards-a-av-Gunnar-Grondahl-sid-2.jpg 507w, https:\/\/www.lassebacklund.fi\/wp-content\/uploads\/2020\/10\/Laxen-i-Lappfjards-a-av-Gunnar-Grondahl-sid-2-186x300.jpg 186w\" sizes=\"auto, (max-width: 507px) 100vw, 507px\" \/><\/p>\n<p>&nbsp;<\/p>\n<p>&nbsp;<\/p>\n","protected":false},"excerpt":{"rendered":"<p>Naturen var viktig f\u00f6r Gunnar och det som han mest v\u00e4rnade om var Lappfj\u00e4rds \u00e5. Det var ju helt naturligt eftersom han v\u00e4xte upp p\u00e5\u00a0 dess strand och han hade haft m\u00f6jlighet att p\u00e5 n\u00e4ra h\u00e5ll f\u00f6lja med hur \u00e5n <a class=\"more-link\" href=\"https:\/\/www.lassebacklund.fi\/?page_id=17992\">Forts\u00e4tt l\u00e4sa <span class=\"screen-reader-text\">  F\u00f6rfattaren Gunnar Gr\u00f6ndahl.<\/span><span class=\"meta-nav\">&rarr;<\/span><\/a><\/p>\n","protected":false},"author":1,"featured_media":0,"parent":3055,"menu_order":0,"comment_status":"closed","ping_status":"closed","template":"","meta":{"footnotes":""},"class_list":["post-17992","page","type-page","status-publish","hentry"],"_links":{"self":[{"href":"https:\/\/www.lassebacklund.fi\/index.php?rest_route=\/wp\/v2\/pages\/17992","targetHints":{"allow":["GET"]}}],"collection":[{"href":"https:\/\/www.lassebacklund.fi\/index.php?rest_route=\/wp\/v2\/pages"}],"about":[{"href":"https:\/\/www.lassebacklund.fi\/index.php?rest_route=\/wp\/v2\/types\/page"}],"author":[{"embeddable":true,"href":"https:\/\/www.lassebacklund.fi\/index.php?rest_route=\/wp\/v2\/users\/1"}],"replies":[{"embeddable":true,"href":"https:\/\/www.lassebacklund.fi\/index.php?rest_route=%2Fwp%2Fv2%2Fcomments&post=17992"}],"version-history":[{"count":8,"href":"https:\/\/www.lassebacklund.fi\/index.php?rest_route=\/wp\/v2\/pages\/17992\/revisions"}],"predecessor-version":[{"id":18694,"href":"https:\/\/www.lassebacklund.fi\/index.php?rest_route=\/wp\/v2\/pages\/17992\/revisions\/18694"}],"up":[{"embeddable":true,"href":"https:\/\/www.lassebacklund.fi\/index.php?rest_route=\/wp\/v2\/pages\/3055"}],"wp:attachment":[{"href":"https:\/\/www.lassebacklund.fi\/index.php?rest_route=%2Fwp%2Fv2%2Fmedia&parent=17992"}],"curies":[{"name":"wp","href":"https:\/\/api.w.org\/{rel}","templated":true}]}}