{"id":17870,"date":"2020-09-30T23:24:03","date_gmt":"2020-09-30T20:24:03","guid":{"rendered":"https:\/\/www.lassebacklund.fi\/?page_id=17870"},"modified":"2025-04-22T22:54:26","modified_gmt":"2025-04-22T19:54:26","slug":"garden-pa-korsbackvagen-55","status":"publish","type":"page","link":"https:\/\/www.lassebacklund.fi\/?page_id=17870","title":{"rendered":"Hammarbergs g\u00e5rd p\u00e5 Korsb\u00e4ckv\u00e4gen 55"},"content":{"rendered":"<figure id=\"attachment_17874\" aria-describedby=\"caption-attachment-17874\" style=\"width: 1580px\" class=\"wp-caption alignnone\"><img loading=\"lazy\" decoding=\"async\" class=\"size-full wp-image-17874\" src=\"https:\/\/www.lassebacklund.fi\/wp-content\/uploads\/2020\/09\/Laitila-Kaarina-1.jpg\" alt=\"\" width=\"1580\" height=\"725\" srcset=\"https:\/\/www.lassebacklund.fi\/wp-content\/uploads\/2020\/09\/Laitila-Kaarina-1.jpg 1580w, https:\/\/www.lassebacklund.fi\/wp-content\/uploads\/2020\/09\/Laitila-Kaarina-1-300x138.jpg 300w, https:\/\/www.lassebacklund.fi\/wp-content\/uploads\/2020\/09\/Laitila-Kaarina-1-1024x470.jpg 1024w, https:\/\/www.lassebacklund.fi\/wp-content\/uploads\/2020\/09\/Laitila-Kaarina-1-768x352.jpg 768w, https:\/\/www.lassebacklund.fi\/wp-content\/uploads\/2020\/09\/Laitila-Kaarina-1-1536x705.jpg 1536w\" sizes=\"auto, (max-width: 1580px) 100vw, 1580px\" \/><figcaption id=\"caption-attachment-17874\" class=\"wp-caption-text\">Hammarbergs eller Laitinens g\u00e5rd fotograferad fr\u00e5n \u00f6ster sommaren 2003. Bakom garaget syns en del av den telefoncentral som byggdes 1972.<\/figcaption><\/figure>\n<p><strong><span style=\"color: #000080;\">Uppgjort av Lasse Backlund i oktober 2020, med hj\u00e4lp av flera personer.<\/span><\/strong><\/p>\n<p>Den h\u00e4r g\u00e5rden p\u00e5 l\u00e4genheten Sandlund byggdes \u00e5r 1965 av Yngve och Kaarina Hammarberg. \u00a0Den \u00e4r byggd av hyvlat virke fr\u00e5n Konrad Rosenlunds g\u00e5rdar i Klemets\u00e4ndan. Tomten k\u00f6pte de \u00e5r 1963 av Ragnar Backlund, som i sin tur hade k\u00f6pt den av familjen Ulfves.<\/p>\n<p>Yngve (f. 1939) \u00e4r son till Emil och Hulda Hammarberg, som bodde i \u201dHolmbergas\u201d g\u00e5rd i Korsb\u00e4ck. \u00c5r 1961 gifte han sig med Kaarina Toivonen (f.1943), som \u00e4r dotter till <a href=\"https:\/\/www.lassebacklund.fi\/?page_id=15726\">Vilho och Elma Toivonen fr\u00e5n Sunnantill.<\/a> De skilde sig i november 1974 och f\u00f6ljande m\u00e5nad kom de \u00f6verens om att Kaarina ensam \u00f6vertar g\u00e5rden p\u00e5 Korsb\u00e4ckv\u00e4gen.\u00a0 Yngve flyttade d\u00e5 till en annan g\u00e5rd p\u00e5 \u00c5backv\u00e4gen, som han k\u00f6pte av sin far Emil Hammarberg.<\/p>\n<p>Kaarina som stannade kvar i huset gifte \u00e5r 1976 om sig med Jalo Laitila.<\/p>\n<p>D\u00e5 Kaarina och Jalo skilde sig, s\u00e5 s\u00e5ldes g\u00e5rden \u00e5t utomst\u00e5ende som anv\u00e4nder den som stadigvarande bostad.<\/p>\n<h5><strong>Telefoncentralen.<\/strong><\/h5>\n<p>Som f\u00f6rsta by i Kristinestadsomr\u00e5det fick Dagsmark en <a href=\"https:\/\/www.lassebacklund.fi\/?page_id=3542\">automatisk telefoncentral.<\/a> De manuella centralerna i Dagsmark och Korsb\u00e4ck drogs in och en ny automatcentral byggdes 1972 p\u00e5 denna tomt invid Korsb\u00e4ckv\u00e4gen. Den var strategiskt placerad mellan byarna och den kunde tas i bruk i december 1972.<\/p>\n<h4><strong>Fastighetens tidiga historia.<\/strong><\/h4>\n<p>Den h\u00e4r tomten h\u00f6rde \u00e4nda till \u00e5r 1915 till den s\u00e5 kallade <a href=\"https:\/\/www.lassebacklund.fi\/?page_id=1987\">B\u00f6nhustomten, allts\u00e5 hemmanet Sandback 4:4 p\u00e5 L\u00e5ng hemman.<\/a> Den d\u00e5varande \u00e4garen Alexandra Forsg\u00e5rd, som kallades \u201dSkol Sandra\u201d s\u00e5lde d\u00e5 en parcell Sandlund \u00e5t Johan Ulfves (1864-1918) och hans hustru Anna (f.Rosenback i Kvarn\u00e5 1862-1940).<\/p>\n<p>Johan eller Johannes Ulfves var f\u00f6dd i Lappfj\u00e4rd och \u00e5r 1887 gifte han sig med Anna <span style=\"text-decoration: underline;\">Sofia<\/span> Rosenback. Sofia var dotter till Karl Fredrik (1818-1880) och Anna Greta (1829-1909) Rosenback, vars bondg\u00e5rd stod n\u00e4ra nuvarande <a href=\"https:\/\/www.lassebacklund.fi\/?page_id=10166\">Westerbackas<\/a> i Kvarn\u00e5. Sofia Rosenback hade 7 syskon, varav 4 dog i unga \u00e5r. Det var Sofias bror Josef som \u00f6vertog hemg\u00e5rden p\u00e5 1880-talet. \u00c5r 1901 r\u00e5kade bonden Josef och hustrun Anna <span style=\"text-decoration: underline;\">Sofia<\/span> ut f\u00f6r en stor olycka d\u00e5 bondg\u00e5rden, lillstugan och flera andra byggnader f\u00f6rst\u00f6rdes i en brand. Ocks\u00e5 granng\u00e5rden f\u00f6rst\u00f6rdes i samma brand. Josef och Anna <span style=\"text-decoration: underline;\">Sofia<\/span> s\u00e5lde d\u00e5 hemmanet \u00e5t \u201dTresk Kalle\u201d Rosenqvist och sj\u00e4lva flyttade de ned till Flak\u00e5sen i Perus.<\/p>\n<p>Josef och Anna <span style=\"text-decoration: underline;\">Sofia<\/span> hade tv\u00e5 d\u00f6ttrar som flyttade med f\u00f6r\u00e4ldrarna till Flak\u00e5sen. \u00c5tminstone flickorna kallades \u201dBl\u00f6tinas\u201d vilket namn troligen anv\u00e4ndes redan i Kvarn\u00e5. Den ena dottern Ida (1892-1979, gift med Otto Stenkull) har ber\u00e4ttat att namnet \u201dBl\u00f6tinas\u201d skulle komma av en pojke eller man, som en g\u00e5ng skulle ha haft bl\u00f6ta strumpor p\u00e5 sig. Han blev retad f\u00f6r detta och b\u00f6rjade kallas \u201dBl\u00f6tin\u201d. Ida och Otto fick f\u00f6r \u00f6vrigt dottern Anni, som sedan gifte sig med Ola Nordman.<\/p>\n<p>Den andra dottern Maria Amanda (1890-1949) gifte sig med \u201dMotta Kalle\u201d, allts\u00e5 Karl Hammarberg (1896-1993) och de fick 5 barn. \u201dMotta Kalle\u201d kom som m\u00e5g till g\u00e5rden p\u00e5 Flak\u00e5sen och g\u00e5rden s\u00e5ldes sedan \u00e5t muraren Alpo Koivuniemi.<\/p>\n<figure id=\"attachment_17868\" aria-describedby=\"caption-attachment-17868\" style=\"width: 1073px\" class=\"wp-caption alignnone\"><img loading=\"lazy\" decoding=\"async\" class=\"size-full wp-image-17868\" src=\"https:\/\/www.lassebacklund.fi\/wp-content\/uploads\/2020\/09\/Karta-utan-raar.jpg\" alt=\"\" width=\"1073\" height=\"739\" srcset=\"https:\/\/www.lassebacklund.fi\/wp-content\/uploads\/2020\/09\/Karta-utan-raar.jpg 1073w, https:\/\/www.lassebacklund.fi\/wp-content\/uploads\/2020\/09\/Karta-utan-raar-300x207.jpg 300w, https:\/\/www.lassebacklund.fi\/wp-content\/uploads\/2020\/09\/Karta-utan-raar-1024x705.jpg 1024w, https:\/\/www.lassebacklund.fi\/wp-content\/uploads\/2020\/09\/Karta-utan-raar-768x529.jpg 768w\" sizes=\"auto, (max-width: 1073px) 100vw, 1073px\" \/><figcaption id=\"caption-attachment-17868\" class=\"wp-caption-text\">Sofia och hennes man Johan Ulfves k\u00f6pte allts\u00e5 omr\u00e5det Sandlund vid \u201dTresk vejin\u201d och de byggde d\u00e5 en liten stuga i den s\u00f6dra \u00e4ndan av tomten. P\u00e5 kartan \u00e4r stugan utm\u00e4rkt med en svart rektangel. P\u00e5 andra sidan v\u00e4gen syns parcellen Holm dit sonen Alfred gifte sig \u00e5r 1919, s\u00e5 man nog s\u00e4ga \u201datt he va stekotan friasv\u00e4g f\u00f6rr i v\u00e4\u00e4den\u201d.<\/figcaption><\/figure>\n<p>Stugan p\u00e5 ett rum och en liten kammare var enkel utan n\u00e5gra bekv\u00e4mligheter. Det \u00e4r fortfarande oklart var Johan och Sofia hade bott tidigare men de hade f\u00e5tt totalt 5 barn varav 2 dog i unga \u00e5r:<\/p>\n<h6>-Maria Sofia (1888-1888)<\/h6>\n<h6>-Ida Sofia (1893-1893)<\/h6>\n<h6>-Hulda Sofia (1896-1942), som kallades Bl\u00f6tinas Hulda<\/h6>\n<h6>-Johan <u>Alfred<\/u> (1897-1963), som kallades Bl\u00f6tinas Alfrid<\/h6>\n<h6>-Ida Julina (1899-1972), som kallades Bl\u00f6tinas Ida<\/h6>\n<p>&nbsp;<\/p>\n<p>Fadern Johan eller Johannes dog \u00e5r 1918 och \u00e4nkan Sofia bodde kvar, troligtvis med de 3 barnen Ida, Hulda och Alfred.<\/p>\n<h4><strong>Alfred och Sandra.<\/strong><\/h4>\n<p>D\u00e5 Alfred Ulfves med syskon och f\u00f6r\u00e4ldrar runt 1915 flyttade till Korsb\u00e4ckv\u00e4gen s\u00e5 var han n\u00e4stan i giftas\u00e5lder. Snart hittade han hustrun p\u00e5 andra sidan v\u00e4gen, f\u00f6r d\u00e4r bodde \u00e4nkan Alexandra S\u00f6derholm (1891-1956).<\/p>\n<p>Alexandra, som kallades Sandra var f\u00f6dd i M\u00e5ston, allts\u00e5 i Lillsund i Lappfj\u00e4rd och hon gifte sig \u00e5r 1912 med &#8221;Skr\u00e4ddar Josip&#8221;, allts\u00e5 Josef Henrik S\u00f6derholm, som bodde p\u00e5 mamma <a href=\"https:\/\/www.lassebacklund.fi\/?page_id=1037\">Olgas parcell \u201dHolm\u201d<\/a> n\u00e4ra Korsb\u00e4ckv\u00e4gen. \u00c4nkan Olga hade i maj 1911 k\u00f6pt denna parcell av Axel Lilltr\u00e4sk, och den l\u00e5g p\u00e5 det hemman som tidigare hade tillh\u00f6rt <a href=\"https:\/\/www.lassebacklund.fi\/?page_id=980\">\u201dPelas Viktor\u201d Lillkull.<\/a><\/p>\n<p>\u00c5r 1914 k\u00f6pte Josef Henrik S\u00f6derholm och Sandra parcellen Holm av \u00e4nkan Olga S\u00f6derholm. \u00c5ret innan hade de f\u00e5tt dottern Ines, som \u00e5r 1933 flyttade ogift till Sideby. Samma \u00e5r gifte hon sig d\u00e4r med Ilmari Blomkvist och fick med honom 11 barn.<\/p>\n<p>\u00c5r 1916 avled Josef Henrik i lungsot, s\u00e5 \u00e4nkan Sandra blev ensam p\u00e5 \u201dHolm\u201d med dottern Ines. Efter en tid hittade hon Alfred Ulfves p\u00e5 andra sidan v\u00e4gen och de gifte sig 1919 och de b\u00f6rjade bo p\u00e5 parcellen Holm.<\/p>\n<p>\u00c5r 1920 f\u00f6ddes sonen Gunnar Alfred och 1921 sonen Torsten Rafael.<\/p>\n<figure id=\"attachment_21752\" aria-describedby=\"caption-attachment-21752\" style=\"width: 346px\" class=\"wp-caption alignnone\"><img loading=\"lazy\" decoding=\"async\" class=\"size-full wp-image-21752\" src=\"https:\/\/www.lassebacklund.fi\/wp-content\/uploads\/2022\/03\/19210323-Alfred-Rosenback-el-Soderholm-saljer-stuga.jpg\" alt=\"\" width=\"346\" height=\"434\" srcset=\"https:\/\/www.lassebacklund.fi\/wp-content\/uploads\/2022\/03\/19210323-Alfred-Rosenback-el-Soderholm-saljer-stuga.jpg 346w, https:\/\/www.lassebacklund.fi\/wp-content\/uploads\/2022\/03\/19210323-Alfred-Rosenback-el-Soderholm-saljer-stuga-239x300.jpg 239w\" sizes=\"auto, (max-width: 346px) 100vw, 346px\" \/><figcaption id=\"caption-attachment-21752\" class=\"wp-caption-text\">23 mars 1921 annonserade Alfred Rosenback el. S\u00f6derholm att han ville s\u00e4lja g\u00e5rden som stod vid Korsb\u00e4ckv\u00e4gen. Alfred borde ju ha hetat Ulfves efter sin far Johan Ulfves men han anv\u00e4nde Rosenback enligt hemmanet i Kvarn\u00e5 och S\u00f6derholm efter hustrun Sandra S\u00f6derholm.<\/figcaption><\/figure>\n<figure id=\"attachment_21780\" aria-describedby=\"caption-attachment-21780\" style=\"width: 598px\" class=\"wp-caption alignnone\"><img loading=\"lazy\" decoding=\"async\" class=\"size-full wp-image-21780\" src=\"https:\/\/www.lassebacklund.fi\/wp-content\/uploads\/2022\/05\/19220204-Alfred-Ulfves-vill-salja-stallet.jpg\" alt=\"\" width=\"598\" height=\"484\" srcset=\"https:\/\/www.lassebacklund.fi\/wp-content\/uploads\/2022\/05\/19220204-Alfred-Ulfves-vill-salja-stallet.jpg 598w, https:\/\/www.lassebacklund.fi\/wp-content\/uploads\/2022\/05\/19220204-Alfred-Ulfves-vill-salja-stallet-300x243.jpg 300w\" sizes=\"auto, (max-width: 598px) 100vw, 598px\" \/><figcaption id=\"caption-attachment-21780\" class=\"wp-caption-text\">Den 4 februari 1922 annonserades st\u00e4llet ut igen och nu kallade han sig &#8221;Alfred Ulves eller S\u00f6derholm i Dagsmark&#8221;.<\/figcaption><\/figure>\n<p>\u00c5r 1922 s\u00e5lde Alfred och Sandra parcellen Holm \u00e5t Amanda och Josef Henrik Hosioja. Josef Henrik var son till <a href=\"https:\/\/www.lassebacklund.fi\/?page_id=2052\">Isak p\u00e5 Lillsj\u00f6lidv\u00e4gen<\/a> och Amanda var dotter till \u201dHaga Karolin\u201d p\u00e5 By\u00e5sen. Amanda blev tidigt \u00e4nka och hon kallades hela tiden \u201dIsakas Manda\u201d.<\/p>\n<p>D\u00e5 Alfred och Sandra s\u00e5lde stugan och parcellen Holm, s\u00e5 flyttade de sj\u00e4lva till s\u00f6dra Finland d\u00e4r de b\u00f6rjade arbeta p\u00e5 en st\u00f6rre g\u00e5rd men Alfred trivdes inte s\u00e5 de flyttade tillbaka och denna g\u00e5ng till sin mor Anna, som bodde ensam p\u00e5 \u201dSandlund\u201d. Annas dotter Hulda var sinnessjuk och bodde l\u00e5nga perioder p\u00e5 sinnessjukhus i Vasa.<\/p>\n<p>Medan de bodde i Dagsmark fick de ytterligare sex barn som levde till vuxen \u00e5lder.\u00a0 Som vuxna bodde ett par i Lappfj\u00e4rd medan de \u00f6vriga flyttade till Sverige.<\/p>\n<p>Det kan vara sv\u00e5rt att f\u00f6rst\u00e5 att s\u00e5 m\u00e5nga personer kunde bo i den lilla stugan med endast ett rum och en kammare. Alfreds mor Anna var sjuklig och s\u00e4ngliggande och Alfred var inte heller frisk. Han hade bara en ordentlig hand, d\u00e5 den andra var som en enda stor bula. Med detta handikapp kunde han dock arbeta b\u00e5de i skogen och ute p\u00e5 b\u00f6ndernas \u00e5krar. P\u00e5 senare blev han ocks\u00e5 sinnessjuk och vistades i perioder p\u00e5 Svenska \u00d6sterbottens Distriktssjukhus i Vasa.<\/p>\n<p>I slutet av 1930-talet vistades familjen en tid i s\u00f6dra Finland men Alfred ville tillbaka och de bosatte sig d\u00e5 i Lillsund i Lappfj\u00e4rd, troligen i Sandras barndomshem. St\u00e4llet var avsides och kunde n\u00e5s endast med b\u00e5t men de bodde d\u00e4r s\u00e5 l\u00e4nge de levde.<\/p>\n<p>Efter Annas d\u00f6d \u00e5r 1940, s\u00e5 revs stugan p\u00e5 parcellen \u201dSandlund\u201d och det syns inte var den hade st\u00e5tt.<\/p>\n<h4><strong>Bl\u00f6tinas Ida och hennes stuga.<\/strong><\/h4>\n<p>N\u00e5gon g\u00e5ng i b\u00f6rjan av 1920-talet byggde Ida Ulfves en egen stuga \u00e5t sig i den norra \u00e4ndan av tomten Sandlund och den var ungef\u00e4r i samma storlek som f\u00f6r\u00e4ldrarnas i tomtens s\u00f6dra \u00e4nda. Ida som var sinnessjuk kunde nog g\u00f6ra olika arbeten ute i g\u00e5rdarna och hon v\u00e5rdades vissa tider p\u00e5 sinnessjukhus. \u00c5r 1922 fick hon dottern Elin, som bodde i Sverige som vuxen och dog d\u00e4r ogift och barnl\u00f6s \u00e5r 2006.<\/p>\n<p><strong>\u00c5r 1940, den 7 augusti<\/strong> avled parcell\u00e4gare Sofia Ulfves och den 15<strong> november<\/strong> s\u00e5lde f\u00f6rmyndarn\u00e4mnden i Lappfj\u00e4rd hennes tomt p\u00e5 0,7 ha och alla byggnader. Tomten s\u00e5ldes p\u00e5 auktion p\u00e5 auktion och h\u00f6gsta budet p\u00e5 7 500 mark gavs av bonden Emil Backlund. F\u00f6rs\u00e4ljningen godk\u00e4ndes av de tre barnen. F\u00f6r sinnessjuka Huldas del skrevs k\u00f6pebrevet under av f\u00f6rmyndarn\u00e4mndens ordf\u00f6rande Emil Granskog medan Ida kunde skriva under sj\u00e4lv och det gjorde Alfred ocks\u00e5. Vid arvsskiftet efter Emils d\u00f6d 1957 tilldelades tomten sonen Ragnar Backlund, som fick lagfart i februari 1958.<\/p>\n<p>Ida v\u00e5rdades i perioder p\u00e5\u00a0 sinnessjukhus men hade ocks\u00e5 m\u00f6jlighet att bo i sin stuga och efter 1965 var hon intagen p\u00e5 \u00e5lderdomshem.<\/p>\n<p><strong>\u00c5r 1963, den 15 oktober<\/strong> s\u00e5lde Ragnar Backlund hela l\u00e4genheten Sandlund f\u00f6r 1 000 nymark \u00e5t chauff\u00f6ren Yngve Hammarberg och hans hustru Kaarina. I k\u00f6pet ingick Idas stuga.<\/p>\n<p><strong>\u00c5r 1964, den 2 april<\/strong> s\u00e5lde Yngve Hammarberg den norra delen av l\u00e4genheten Sandlund \u00e5t Ida Ulfves\u00b4 dotter Elin Ulfves f\u00f6r 500 nymark. Den nya tomten fick namnet Tallbo 4:143 och i k\u00f6pet ingick Idas stuga.<\/p>\n<p><strong>\u00c5r 1972<\/strong> avled Ida Ulfves och hon ligger begravd p\u00e5 \u00c5s\u00e4ndans begravningsplats i Lappfj\u00e4rd.<\/p>\n<p>Efter Elins d\u00f6d \u00e5r 2006 s\u00e5lde arvingarna Bl\u00f6tinas Idas stuga \u00e5t familjen Hoxell. Stugan \u00e4r obebodd och i d\u00e5ligt skick. Efter en utr\u00e4tning av Korsb\u00e4ckv\u00e4gen \u00e4r den tomten i dag ungef\u00e4r 1 500 kvm.<\/p>\n<h4><strong>Foton.<\/strong><\/h4>\n<figure id=\"attachment_17865\" aria-describedby=\"caption-attachment-17865\" style=\"width: 1600px\" class=\"wp-caption alignnone\"><img loading=\"lazy\" decoding=\"async\" class=\"size-full wp-image-17865\" src=\"https:\/\/www.lassebacklund.fi\/wp-content\/uploads\/2020\/09\/Blotinas-Idas.jpg\" alt=\"\" width=\"1600\" height=\"1200\" srcset=\"https:\/\/www.lassebacklund.fi\/wp-content\/uploads\/2020\/09\/Blotinas-Idas.jpg 1600w, https:\/\/www.lassebacklund.fi\/wp-content\/uploads\/2020\/09\/Blotinas-Idas-300x225.jpg 300w, https:\/\/www.lassebacklund.fi\/wp-content\/uploads\/2020\/09\/Blotinas-Idas-1024x768.jpg 1024w, https:\/\/www.lassebacklund.fi\/wp-content\/uploads\/2020\/09\/Blotinas-Idas-768x576.jpg 768w, https:\/\/www.lassebacklund.fi\/wp-content\/uploads\/2020\/09\/Blotinas-Idas-1536x1152.jpg 1536w\" sizes=\"auto, (max-width: 1600px) 100vw, 1600px\" \/><figcaption id=\"caption-attachment-17865\" class=\"wp-caption-text\">Bl\u00f6tinas Idas stuga i Lillskogen fotograferad \u00e5r 2003. Idas dotter Elin, som blev \u00e4gare till stugan \u00e5r 1964 brukade bes\u00f6ka den sommartid under sin semester. Bakom buskarna till v\u00e4nster skymtar gaveln till den g\u00e5rd som Yngve och Kaarina Hammarberg byggde \u00e5r 1965.<\/figcaption><\/figure>\n<figure id=\"attachment_17896\" aria-describedby=\"caption-attachment-17896\" style=\"width: 944px\" class=\"wp-caption alignnone\"><img loading=\"lazy\" decoding=\"async\" class=\"size-full wp-image-17896\" src=\"https:\/\/www.lassebacklund.fi\/wp-content\/uploads\/2020\/10\/Elin-Ulfves-av-Iris-Lindblad.jpg\" alt=\"\" width=\"944\" height=\"973\" srcset=\"https:\/\/www.lassebacklund.fi\/wp-content\/uploads\/2020\/10\/Elin-Ulfves-av-Iris-Lindblad.jpg 944w, https:\/\/www.lassebacklund.fi\/wp-content\/uploads\/2020\/10\/Elin-Ulfves-av-Iris-Lindblad-291x300.jpg 291w, https:\/\/www.lassebacklund.fi\/wp-content\/uploads\/2020\/10\/Elin-Ulfves-av-Iris-Lindblad-768x792.jpg 768w\" sizes=\"auto, (max-width: 944px) 100vw, 944px\" \/><figcaption id=\"caption-attachment-17896\" class=\"wp-caption-text\">Elin Ulfves (1922-2006), som var dotter till &#8221;Bl\u00f6tinas&#8221; Ida Ulfves.<\/figcaption><\/figure>\n<figure id=\"attachment_17867\" aria-describedby=\"caption-attachment-17867\" style=\"width: 2560px\" class=\"wp-caption alignnone\"><img loading=\"lazy\" decoding=\"async\" class=\"size-full wp-image-17867\" src=\"https:\/\/www.lassebacklund.fi\/wp-content\/uploads\/2020\/09\/IMG_0152-scaled.jpg\" alt=\"\" width=\"2560\" height=\"1920\" srcset=\"https:\/\/www.lassebacklund.fi\/wp-content\/uploads\/2020\/09\/IMG_0152-scaled.jpg 2560w, https:\/\/www.lassebacklund.fi\/wp-content\/uploads\/2020\/09\/IMG_0152-300x225.jpg 300w, https:\/\/www.lassebacklund.fi\/wp-content\/uploads\/2020\/09\/IMG_0152-1024x768.jpg 1024w, https:\/\/www.lassebacklund.fi\/wp-content\/uploads\/2020\/09\/IMG_0152-768x576.jpg 768w, https:\/\/www.lassebacklund.fi\/wp-content\/uploads\/2020\/09\/IMG_0152-1536x1152.jpg 1536w, https:\/\/www.lassebacklund.fi\/wp-content\/uploads\/2020\/09\/IMG_0152-2048x1536.jpg 2048w\" sizes=\"auto, (max-width: 2560px) 100vw, 2560px\" \/><figcaption id=\"caption-attachment-17867\" class=\"wp-caption-text\">Idas stuga fotograferad \u00e5r 2011 fr\u00e5n Korsb\u00e4ckv\u00e4gen.<\/figcaption><\/figure>\n<figure id=\"attachment_17866\" aria-describedby=\"caption-attachment-17866\" style=\"width: 2560px\" class=\"wp-caption alignnone\"><img loading=\"lazy\" decoding=\"async\" class=\"size-full wp-image-17866\" src=\"https:\/\/www.lassebacklund.fi\/wp-content\/uploads\/2020\/09\/IMG_0144-scaled.jpg\" alt=\"\" width=\"2560\" height=\"1920\" srcset=\"https:\/\/www.lassebacklund.fi\/wp-content\/uploads\/2020\/09\/IMG_0144-scaled.jpg 2560w, https:\/\/www.lassebacklund.fi\/wp-content\/uploads\/2020\/09\/IMG_0144-300x225.jpg 300w, https:\/\/www.lassebacklund.fi\/wp-content\/uploads\/2020\/09\/IMG_0144-1024x768.jpg 1024w, https:\/\/www.lassebacklund.fi\/wp-content\/uploads\/2020\/09\/IMG_0144-768x576.jpg 768w, https:\/\/www.lassebacklund.fi\/wp-content\/uploads\/2020\/09\/IMG_0144-1536x1152.jpg 1536w, https:\/\/www.lassebacklund.fi\/wp-content\/uploads\/2020\/09\/IMG_0144-2048x1536.jpg 2048w\" sizes=\"auto, (max-width: 2560px) 100vw, 2560px\" \/><figcaption id=\"caption-attachment-17866\" class=\"wp-caption-text\">Naturen h\u00e5ller p\u00e5 att ta \u00f6ver Idas stuga och sk\u00f6ter om att stugan f\u00e5r ett vackert tak av mossa. Fotot fr\u00e5n 2011.<\/figcaption><\/figure>\n<figure id=\"attachment_17900\" aria-describedby=\"caption-attachment-17900\" style=\"width: 2560px\" class=\"wp-caption alignnone\"><img loading=\"lazy\" decoding=\"async\" class=\"size-full wp-image-17900\" src=\"https:\/\/www.lassebacklund.fi\/wp-content\/uploads\/2020\/10\/Ulfves-Ida-och-Ulfves-Elin-scaled.jpg\" alt=\"\" width=\"2560\" height=\"1920\" srcset=\"https:\/\/www.lassebacklund.fi\/wp-content\/uploads\/2020\/10\/Ulfves-Ida-och-Ulfves-Elin-scaled.jpg 2560w, https:\/\/www.lassebacklund.fi\/wp-content\/uploads\/2020\/10\/Ulfves-Ida-och-Ulfves-Elin-300x225.jpg 300w, https:\/\/www.lassebacklund.fi\/wp-content\/uploads\/2020\/10\/Ulfves-Ida-och-Ulfves-Elin-1024x768.jpg 1024w, https:\/\/www.lassebacklund.fi\/wp-content\/uploads\/2020\/10\/Ulfves-Ida-och-Ulfves-Elin-768x576.jpg 768w, https:\/\/www.lassebacklund.fi\/wp-content\/uploads\/2020\/10\/Ulfves-Ida-och-Ulfves-Elin-1536x1152.jpg 1536w, https:\/\/www.lassebacklund.fi\/wp-content\/uploads\/2020\/10\/Ulfves-Ida-och-Ulfves-Elin-2048x1536.jpg 2048w\" sizes=\"auto, (max-width: 2560px) 100vw, 2560px\" \/><figcaption id=\"caption-attachment-17900\" class=\"wp-caption-text\">Ida Ulfves, som kallades &#8221;Bl\u00f6tinas Ida&#8221; dog 1972 och hon ligger begraven p\u00e5 \u00c5s\u00e4ndan. Dottern Elin dog \u00e5r 2006 i Sverige och hennes urna finns i samma grav.<\/figcaption><\/figure>\n","protected":false},"excerpt":{"rendered":"<p>Uppgjort av Lasse Backlund i oktober 2020, med hj\u00e4lp av flera personer. Den h\u00e4r g\u00e5rden p\u00e5 l\u00e4genheten Sandlund byggdes \u00e5r 1965 av Yngve och Kaarina Hammarberg. \u00a0Den \u00e4r byggd av hyvlat virke fr\u00e5n Konrad Rosenlunds g\u00e5rdar i Klemets\u00e4ndan. Tomten k\u00f6pte <a class=\"more-link\" href=\"https:\/\/www.lassebacklund.fi\/?page_id=17870\">Forts\u00e4tt l\u00e4sa <span class=\"screen-reader-text\">  Hammarbergs g\u00e5rd p\u00e5 Korsb\u00e4ckv\u00e4gen 55<\/span><span class=\"meta-nav\">&rarr;<\/span><\/a><\/p>\n","protected":false},"author":1,"featured_media":0,"parent":75,"menu_order":55,"comment_status":"closed","ping_status":"closed","template":"","meta":{"footnotes":""},"class_list":["post-17870","page","type-page","status-publish","hentry"],"_links":{"self":[{"href":"https:\/\/www.lassebacklund.fi\/index.php?rest_route=\/wp\/v2\/pages\/17870","targetHints":{"allow":["GET"]}}],"collection":[{"href":"https:\/\/www.lassebacklund.fi\/index.php?rest_route=\/wp\/v2\/pages"}],"about":[{"href":"https:\/\/www.lassebacklund.fi\/index.php?rest_route=\/wp\/v2\/types\/page"}],"author":[{"embeddable":true,"href":"https:\/\/www.lassebacklund.fi\/index.php?rest_route=\/wp\/v2\/users\/1"}],"replies":[{"embeddable":true,"href":"https:\/\/www.lassebacklund.fi\/index.php?rest_route=%2Fwp%2Fv2%2Fcomments&post=17870"}],"version-history":[{"count":20,"href":"https:\/\/www.lassebacklund.fi\/index.php?rest_route=\/wp\/v2\/pages\/17870\/revisions"}],"predecessor-version":[{"id":23982,"href":"https:\/\/www.lassebacklund.fi\/index.php?rest_route=\/wp\/v2\/pages\/17870\/revisions\/23982"}],"up":[{"embeddable":true,"href":"https:\/\/www.lassebacklund.fi\/index.php?rest_route=\/wp\/v2\/pages\/75"}],"wp:attachment":[{"href":"https:\/\/www.lassebacklund.fi\/index.php?rest_route=%2Fwp%2Fv2%2Fmedia&parent=17870"}],"curies":[{"name":"wp","href":"https:\/\/api.w.org\/{rel}","templated":true}]}}