{"id":17699,"date":"2020-09-16T14:43:41","date_gmt":"2020-09-16T11:43:41","guid":{"rendered":"https:\/\/www.lassebacklund.fi\/?page_id=17699"},"modified":"2020-09-16T15:11:15","modified_gmt":"2020-09-16T12:11:15","slug":"barnens-varld-1998","status":"publish","type":"page","link":"https:\/\/www.lassebacklund.fi\/?page_id=17699","title":{"rendered":"Barnens V\u00e4rld 1998."},"content":{"rendered":"<p>Den 2 augusti 1998 ordnade Dagsmark Ungdomsf\u00f6rening den f\u00f6rsta &#8221;Barnens V\u00e4rld&#8221; tillst\u00e4llningen och publiktillstr\u00f6mningen var s\u00e5 pass god att det n\u00e4stan genast best\u00e4mdes att det skall ordnas en till f\u00f6ljande \u00e5r. Verksamhetsledaren Roger Lundell h\u00f6ll i tr\u00e5darna f\u00f6r evenemanget men en stor m\u00e4ngd andra medlemmar deltog ocks\u00e5 i arrangemanget.<\/p>\n<figure id=\"attachment_17686\" aria-describedby=\"caption-attachment-17686\" style=\"width: 2560px\" class=\"wp-caption alignnone\"><img loading=\"lazy\" decoding=\"async\" class=\"wp-image-17686 size-full\" src=\"https:\/\/www.lassebacklund.fi\/wp-content\/uploads\/2020\/09\/IMG_2527-scaled.jpg\" alt=\"\" width=\"2560\" height=\"1704\" srcset=\"https:\/\/www.lassebacklund.fi\/wp-content\/uploads\/2020\/09\/IMG_2527-scaled.jpg 2560w, https:\/\/www.lassebacklund.fi\/wp-content\/uploads\/2020\/09\/IMG_2527-300x200.jpg 300w, https:\/\/www.lassebacklund.fi\/wp-content\/uploads\/2020\/09\/IMG_2527-1024x682.jpg 1024w, https:\/\/www.lassebacklund.fi\/wp-content\/uploads\/2020\/09\/IMG_2527-768x511.jpg 768w, https:\/\/www.lassebacklund.fi\/wp-content\/uploads\/2020\/09\/IMG_2527-1536x1022.jpg 1536w, https:\/\/www.lassebacklund.fi\/wp-content\/uploads\/2020\/09\/IMG_2527-2048x1363.jpg 2048w\" sizes=\"auto, (max-width: 2560px) 100vw, 2560px\" \/><figcaption id=\"caption-attachment-17686\" class=\"wp-caption-text\">Mikael Nelson kl\u00e4dd i Brasiliens fotbollslags supporterdr\u00e4kt.<\/figcaption><\/figure>\n<figure id=\"attachment_17687\" aria-describedby=\"caption-attachment-17687\" style=\"width: 2560px\" class=\"wp-caption alignnone\"><img loading=\"lazy\" decoding=\"async\" class=\"size-full wp-image-17687\" src=\"https:\/\/www.lassebacklund.fi\/wp-content\/uploads\/2020\/09\/IMG_2528-scaled.jpg\" alt=\"\" width=\"2560\" height=\"1407\" srcset=\"https:\/\/www.lassebacklund.fi\/wp-content\/uploads\/2020\/09\/IMG_2528-scaled.jpg 2560w, https:\/\/www.lassebacklund.fi\/wp-content\/uploads\/2020\/09\/IMG_2528-300x165.jpg 300w, https:\/\/www.lassebacklund.fi\/wp-content\/uploads\/2020\/09\/IMG_2528-1024x563.jpg 1024w, https:\/\/www.lassebacklund.fi\/wp-content\/uploads\/2020\/09\/IMG_2528-768x422.jpg 768w, https:\/\/www.lassebacklund.fi\/wp-content\/uploads\/2020\/09\/IMG_2528-1536x844.jpg 1536w, https:\/\/www.lassebacklund.fi\/wp-content\/uploads\/2020\/09\/IMG_2528-2048x1126.jpg 2048w\" sizes=\"auto, (max-width: 2560px) 100vw, 2560px\" \/><figcaption id=\"caption-attachment-17687\" class=\"wp-caption-text\">K\u00f6bildning till biljettf\u00f6rs\u00e4ljningen vid Barnens V\u00e4rld 1998.<\/figcaption><\/figure>\n<p><img loading=\"lazy\" decoding=\"async\" class=\"alignnone size-full wp-image-17690\" src=\"https:\/\/www.lassebacklund.fi\/wp-content\/uploads\/2020\/09\/IMG_2531-scaled.jpg\" alt=\"\" width=\"2560\" height=\"1509\" srcset=\"https:\/\/www.lassebacklund.fi\/wp-content\/uploads\/2020\/09\/IMG_2531-scaled.jpg 2560w, https:\/\/www.lassebacklund.fi\/wp-content\/uploads\/2020\/09\/IMG_2531-300x177.jpg 300w, https:\/\/www.lassebacklund.fi\/wp-content\/uploads\/2020\/09\/IMG_2531-1024x604.jpg 1024w, https:\/\/www.lassebacklund.fi\/wp-content\/uploads\/2020\/09\/IMG_2531-768x453.jpg 768w, https:\/\/www.lassebacklund.fi\/wp-content\/uploads\/2020\/09\/IMG_2531-1536x905.jpg 1536w, https:\/\/www.lassebacklund.fi\/wp-content\/uploads\/2020\/09\/IMG_2531-2048x1207.jpg 2048w\" sizes=\"auto, (max-width: 2560px) 100vw, 2560px\" \/> <img loading=\"lazy\" decoding=\"async\" class=\"alignnone size-full wp-image-17689\" src=\"https:\/\/www.lassebacklund.fi\/wp-content\/uploads\/2020\/09\/IMG_2530-scaled.jpg\" alt=\"\" width=\"2560\" height=\"1435\" srcset=\"https:\/\/www.lassebacklund.fi\/wp-content\/uploads\/2020\/09\/IMG_2530-scaled.jpg 2560w, https:\/\/www.lassebacklund.fi\/wp-content\/uploads\/2020\/09\/IMG_2530-300x168.jpg 300w, https:\/\/www.lassebacklund.fi\/wp-content\/uploads\/2020\/09\/IMG_2530-1024x574.jpg 1024w, https:\/\/www.lassebacklund.fi\/wp-content\/uploads\/2020\/09\/IMG_2530-768x431.jpg 768w, https:\/\/www.lassebacklund.fi\/wp-content\/uploads\/2020\/09\/IMG_2530-1536x861.jpg 1536w, https:\/\/www.lassebacklund.fi\/wp-content\/uploads\/2020\/09\/IMG_2530-2048x1148.jpg 2048w\" sizes=\"auto, (max-width: 2560px) 100vw, 2560px\" \/><\/p>\n<figure id=\"attachment_17688\" aria-describedby=\"caption-attachment-17688\" style=\"width: 2560px\" class=\"wp-caption alignnone\"><img loading=\"lazy\" decoding=\"async\" class=\"size-full wp-image-17688\" src=\"https:\/\/www.lassebacklund.fi\/wp-content\/uploads\/2020\/09\/IMG_2529-scaled.jpg\" alt=\"\" width=\"2560\" height=\"1685\" srcset=\"https:\/\/www.lassebacklund.fi\/wp-content\/uploads\/2020\/09\/IMG_2529-scaled.jpg 2560w, https:\/\/www.lassebacklund.fi\/wp-content\/uploads\/2020\/09\/IMG_2529-300x197.jpg 300w, https:\/\/www.lassebacklund.fi\/wp-content\/uploads\/2020\/09\/IMG_2529-1024x674.jpg 1024w, https:\/\/www.lassebacklund.fi\/wp-content\/uploads\/2020\/09\/IMG_2529-768x505.jpg 768w, https:\/\/www.lassebacklund.fi\/wp-content\/uploads\/2020\/09\/IMG_2529-1536x1011.jpg 1536w, https:\/\/www.lassebacklund.fi\/wp-content\/uploads\/2020\/09\/IMG_2529-2048x1348.jpg 2048w\" sizes=\"auto, (max-width: 2560px) 100vw, 2560px\" \/><figcaption id=\"caption-attachment-17688\" class=\"wp-caption-text\">Det var n\u00e4rap\u00e5 tr\u00e4ngsel vid vissa tillf\u00e4llen p\u00e5 Barnens V\u00e4rld 1998.<\/figcaption><\/figure>\n<p><img loading=\"lazy\" decoding=\"async\" class=\"alignnone size-full wp-image-17691\" src=\"https:\/\/www.lassebacklund.fi\/wp-content\/uploads\/2020\/09\/IMG_2532-scaled.jpg\" alt=\"\" width=\"2560\" height=\"1533\" srcset=\"https:\/\/www.lassebacklund.fi\/wp-content\/uploads\/2020\/09\/IMG_2532-scaled.jpg 2560w, https:\/\/www.lassebacklund.fi\/wp-content\/uploads\/2020\/09\/IMG_2532-300x180.jpg 300w, https:\/\/www.lassebacklund.fi\/wp-content\/uploads\/2020\/09\/IMG_2532-1024x613.jpg 1024w, https:\/\/www.lassebacklund.fi\/wp-content\/uploads\/2020\/09\/IMG_2532-768x460.jpg 768w, https:\/\/www.lassebacklund.fi\/wp-content\/uploads\/2020\/09\/IMG_2532-1536x920.jpg 1536w, https:\/\/www.lassebacklund.fi\/wp-content\/uploads\/2020\/09\/IMG_2532-2048x1226.jpg 2048w\" sizes=\"auto, (max-width: 2560px) 100vw, 2560px\" \/><\/p>\n<figure id=\"attachment_17692\" aria-describedby=\"caption-attachment-17692\" style=\"width: 2560px\" class=\"wp-caption alignnone\"><img loading=\"lazy\" decoding=\"async\" class=\"size-full wp-image-17692\" src=\"https:\/\/www.lassebacklund.fi\/wp-content\/uploads\/2020\/09\/IMG_2533-scaled.jpg\" alt=\"\" width=\"2560\" height=\"1589\" srcset=\"https:\/\/www.lassebacklund.fi\/wp-content\/uploads\/2020\/09\/IMG_2533-scaled.jpg 2560w, https:\/\/www.lassebacklund.fi\/wp-content\/uploads\/2020\/09\/IMG_2533-300x186.jpg 300w, https:\/\/www.lassebacklund.fi\/wp-content\/uploads\/2020\/09\/IMG_2533-1024x636.jpg 1024w, https:\/\/www.lassebacklund.fi\/wp-content\/uploads\/2020\/09\/IMG_2533-768x477.jpg 768w, https:\/\/www.lassebacklund.fi\/wp-content\/uploads\/2020\/09\/IMG_2533-1536x954.jpg 1536w, https:\/\/www.lassebacklund.fi\/wp-content\/uploads\/2020\/09\/IMG_2533-2048x1271.jpg 2048w\" sizes=\"auto, (max-width: 2560px) 100vw, 2560px\" \/><figcaption id=\"caption-attachment-17692\" class=\"wp-caption-text\">Det var full rulle b\u00e5de inne och ute p\u00e5 Barnens V\u00e4rld 1998.<\/figcaption><\/figure>\n<figure id=\"attachment_17693\" aria-describedby=\"caption-attachment-17693\" style=\"width: 2560px\" class=\"wp-caption alignnone\"><img loading=\"lazy\" decoding=\"async\" class=\"size-full wp-image-17693\" src=\"https:\/\/www.lassebacklund.fi\/wp-content\/uploads\/2020\/09\/IMG_2534-scaled.jpg\" alt=\"\" width=\"2560\" height=\"1744\" srcset=\"https:\/\/www.lassebacklund.fi\/wp-content\/uploads\/2020\/09\/IMG_2534-scaled.jpg 2560w, https:\/\/www.lassebacklund.fi\/wp-content\/uploads\/2020\/09\/IMG_2534-300x204.jpg 300w, https:\/\/www.lassebacklund.fi\/wp-content\/uploads\/2020\/09\/IMG_2534-1024x697.jpg 1024w, https:\/\/www.lassebacklund.fi\/wp-content\/uploads\/2020\/09\/IMG_2534-768x523.jpg 768w, https:\/\/www.lassebacklund.fi\/wp-content\/uploads\/2020\/09\/IMG_2534-1536x1046.jpg 1536w, https:\/\/www.lassebacklund.fi\/wp-content\/uploads\/2020\/09\/IMG_2534-2048x1395.jpg 2048w\" sizes=\"auto, (max-width: 2560px) 100vw, 2560px\" \/><figcaption id=\"caption-attachment-17693\" class=\"wp-caption-text\">Camilla Hannus fr\u00e5n \u00c5backan med sin h\u00e4st p\u00e5 Barnens V\u00e4rld 1998.<\/figcaption><\/figure>\n<p><img loading=\"lazy\" decoding=\"async\" class=\"alignnone size-full wp-image-17694\" src=\"https:\/\/www.lassebacklund.fi\/wp-content\/uploads\/2020\/09\/IMG_2535-scaled.jpg\" alt=\"\" width=\"2560\" height=\"1435\" srcset=\"https:\/\/www.lassebacklund.fi\/wp-content\/uploads\/2020\/09\/IMG_2535-scaled.jpg 2560w, https:\/\/www.lassebacklund.fi\/wp-content\/uploads\/2020\/09\/IMG_2535-300x168.jpg 300w, https:\/\/www.lassebacklund.fi\/wp-content\/uploads\/2020\/09\/IMG_2535-1024x574.jpg 1024w, https:\/\/www.lassebacklund.fi\/wp-content\/uploads\/2020\/09\/IMG_2535-768x431.jpg 768w, https:\/\/www.lassebacklund.fi\/wp-content\/uploads\/2020\/09\/IMG_2535-1536x861.jpg 1536w, https:\/\/www.lassebacklund.fi\/wp-content\/uploads\/2020\/09\/IMG_2535-2048x1148.jpg 2048w\" sizes=\"auto, (max-width: 2560px) 100vw, 2560px\" \/><\/p>\n<figure id=\"attachment_17695\" aria-describedby=\"caption-attachment-17695\" style=\"width: 2560px\" class=\"wp-caption alignnone\"><img loading=\"lazy\" decoding=\"async\" class=\"size-full wp-image-17695\" src=\"https:\/\/www.lassebacklund.fi\/wp-content\/uploads\/2020\/09\/IMG_2536-scaled.jpg\" alt=\"\" width=\"2560\" height=\"1394\" srcset=\"https:\/\/www.lassebacklund.fi\/wp-content\/uploads\/2020\/09\/IMG_2536-scaled.jpg 2560w, https:\/\/www.lassebacklund.fi\/wp-content\/uploads\/2020\/09\/IMG_2536-300x163.jpg 300w, https:\/\/www.lassebacklund.fi\/wp-content\/uploads\/2020\/09\/IMG_2536-1024x558.jpg 1024w, https:\/\/www.lassebacklund.fi\/wp-content\/uploads\/2020\/09\/IMG_2536-768x418.jpg 768w, https:\/\/www.lassebacklund.fi\/wp-content\/uploads\/2020\/09\/IMG_2536-1536x837.jpg 1536w, https:\/\/www.lassebacklund.fi\/wp-content\/uploads\/2020\/09\/IMG_2536-2048x1116.jpg 2048w\" sizes=\"auto, (max-width: 2560px) 100vw, 2560px\" \/><figcaption id=\"caption-attachment-17695\" class=\"wp-caption-text\">Det var folksamling runt attraktionerna p\u00e5 g\u00e5rdsplanen, Barnens V\u00e4rld 1998.<\/figcaption><\/figure>\n<figure id=\"attachment_17696\" aria-describedby=\"caption-attachment-17696\" style=\"width: 2560px\" class=\"wp-caption alignnone\"><img loading=\"lazy\" decoding=\"async\" class=\"size-full wp-image-17696\" src=\"https:\/\/www.lassebacklund.fi\/wp-content\/uploads\/2020\/09\/IMG_2537-scaled.jpg\" alt=\"\" width=\"2560\" height=\"1719\" srcset=\"https:\/\/www.lassebacklund.fi\/wp-content\/uploads\/2020\/09\/IMG_2537-scaled.jpg 2560w, https:\/\/www.lassebacklund.fi\/wp-content\/uploads\/2020\/09\/IMG_2537-300x201.jpg 300w, https:\/\/www.lassebacklund.fi\/wp-content\/uploads\/2020\/09\/IMG_2537-1024x687.jpg 1024w, https:\/\/www.lassebacklund.fi\/wp-content\/uploads\/2020\/09\/IMG_2537-768x516.jpg 768w, https:\/\/www.lassebacklund.fi\/wp-content\/uploads\/2020\/09\/IMG_2537-1536x1031.jpg 1536w, https:\/\/www.lassebacklund.fi\/wp-content\/uploads\/2020\/09\/IMG_2537-2048x1375.jpg 2048w\" sizes=\"auto, (max-width: 2560px) 100vw, 2560px\" \/><figcaption id=\"caption-attachment-17696\" class=\"wp-caption-text\">Brandklubben fr\u00e5n Lappfj\u00e4rd st\u00e4llde upp en av de nyare brandbilarna, n\u00e5got som \u00e5tminstone sm\u00e5pojkarna gillade.<\/figcaption><\/figure>\n<figure id=\"attachment_17702\" aria-describedby=\"caption-attachment-17702\" style=\"width: 2560px\" class=\"wp-caption alignnone\"><img loading=\"lazy\" decoding=\"async\" class=\"size-full wp-image-17702\" src=\"https:\/\/www.lassebacklund.fi\/wp-content\/uploads\/2020\/09\/IMG_2541-scaled.jpg\" alt=\"\" width=\"2560\" height=\"1751\" srcset=\"https:\/\/www.lassebacklund.fi\/wp-content\/uploads\/2020\/09\/IMG_2541-scaled.jpg 2560w, https:\/\/www.lassebacklund.fi\/wp-content\/uploads\/2020\/09\/IMG_2541-300x205.jpg 300w, https:\/\/www.lassebacklund.fi\/wp-content\/uploads\/2020\/09\/IMG_2541-1024x700.jpg 1024w, https:\/\/www.lassebacklund.fi\/wp-content\/uploads\/2020\/09\/IMG_2541-768x525.jpg 768w, https:\/\/www.lassebacklund.fi\/wp-content\/uploads\/2020\/09\/IMG_2541-1536x1051.jpg 1536w, https:\/\/www.lassebacklund.fi\/wp-content\/uploads\/2020\/09\/IMG_2541-2048x1401.jpg 2048w\" sizes=\"auto, (max-width: 2560px) 100vw, 2560px\" \/><figcaption id=\"caption-attachment-17702\" class=\"wp-caption-text\">Petra Vikfors m\u00e5lar ansikten p\u00e5 en flicka.<\/figcaption><\/figure>\n<figure id=\"attachment_17701\" aria-describedby=\"caption-attachment-17701\" style=\"width: 2560px\" class=\"wp-caption alignnone\"><img loading=\"lazy\" decoding=\"async\" class=\"size-full wp-image-17701\" src=\"https:\/\/www.lassebacklund.fi\/wp-content\/uploads\/2020\/09\/IMG_2540-scaled.jpg\" alt=\"\" width=\"2560\" height=\"1692\" srcset=\"https:\/\/www.lassebacklund.fi\/wp-content\/uploads\/2020\/09\/IMG_2540-scaled.jpg 2560w, https:\/\/www.lassebacklund.fi\/wp-content\/uploads\/2020\/09\/IMG_2540-300x198.jpg 300w, https:\/\/www.lassebacklund.fi\/wp-content\/uploads\/2020\/09\/IMG_2540-1024x677.jpg 1024w, https:\/\/www.lassebacklund.fi\/wp-content\/uploads\/2020\/09\/IMG_2540-768x507.jpg 768w, https:\/\/www.lassebacklund.fi\/wp-content\/uploads\/2020\/09\/IMG_2540-1536x1015.jpg 1536w, https:\/\/www.lassebacklund.fi\/wp-content\/uploads\/2020\/09\/IMG_2540-2048x1353.jpg 2048w\" sizes=\"auto, (max-width: 2560px) 100vw, 2560px\" \/><figcaption id=\"caption-attachment-17701\" class=\"wp-caption-text\">Ansiktsm\u00e5lare Anette Rosengren och den som blir m\u00e5lad \u00e4r Jessica Norrvik.<\/figcaption><\/figure>\n<figure id=\"attachment_17698\" aria-describedby=\"caption-attachment-17698\" style=\"width: 2560px\" class=\"wp-caption alignnone\"><img loading=\"lazy\" decoding=\"async\" class=\"size-full wp-image-17698\" src=\"https:\/\/www.lassebacklund.fi\/wp-content\/uploads\/2020\/09\/IMG_2539-scaled.jpg\" alt=\"\" width=\"2560\" height=\"1798\" srcset=\"https:\/\/www.lassebacklund.fi\/wp-content\/uploads\/2020\/09\/IMG_2539-scaled.jpg 2560w, https:\/\/www.lassebacklund.fi\/wp-content\/uploads\/2020\/09\/IMG_2539-300x211.jpg 300w, https:\/\/www.lassebacklund.fi\/wp-content\/uploads\/2020\/09\/IMG_2539-1024x719.jpg 1024w, https:\/\/www.lassebacklund.fi\/wp-content\/uploads\/2020\/09\/IMG_2539-768x539.jpg 768w, https:\/\/www.lassebacklund.fi\/wp-content\/uploads\/2020\/09\/IMG_2539-1536x1079.jpg 1536w, https:\/\/www.lassebacklund.fi\/wp-content\/uploads\/2020\/09\/IMG_2539-2048x1438.jpg 2048w\" sizes=\"auto, (max-width: 2560px) 100vw, 2560px\" \/><figcaption id=\"caption-attachment-17698\" class=\"wp-caption-text\">Omtyckta S\u00e5s o Kopp upptr\u00e4dde inne p\u00e5 scenen.<\/figcaption><\/figure>\n<figure id=\"attachment_17697\" aria-describedby=\"caption-attachment-17697\" style=\"width: 2560px\" class=\"wp-caption alignnone\"><img loading=\"lazy\" decoding=\"async\" class=\"size-full wp-image-17697\" src=\"https:\/\/www.lassebacklund.fi\/wp-content\/uploads\/2020\/09\/IMG_2538-scaled.jpg\" alt=\"\" width=\"2560\" height=\"1682\" srcset=\"https:\/\/www.lassebacklund.fi\/wp-content\/uploads\/2020\/09\/IMG_2538-scaled.jpg 2560w, https:\/\/www.lassebacklund.fi\/wp-content\/uploads\/2020\/09\/IMG_2538-300x197.jpg 300w, https:\/\/www.lassebacklund.fi\/wp-content\/uploads\/2020\/09\/IMG_2538-1024x673.jpg 1024w, https:\/\/www.lassebacklund.fi\/wp-content\/uploads\/2020\/09\/IMG_2538-768x505.jpg 768w, https:\/\/www.lassebacklund.fi\/wp-content\/uploads\/2020\/09\/IMG_2538-1536x1009.jpg 1536w, https:\/\/www.lassebacklund.fi\/wp-content\/uploads\/2020\/09\/IMG_2538-2048x1345.jpg 2048w\" sizes=\"auto, (max-width: 2560px) 100vw, 2560px\" \/><figcaption id=\"caption-attachment-17697\" class=\"wp-caption-text\">Det var fullsatt i festsalen d\u00e5 S\u00e5s o Kopp upptr\u00e4dde p\u00e5 Barnens V\u00e4rld 1998.<\/figcaption><\/figure>\n<p><img loading=\"lazy\" decoding=\"async\" class=\"alignnone size-full wp-image-17703\" src=\"https:\/\/www.lassebacklund.fi\/wp-content\/uploads\/2020\/09\/IMG_2542-scaled.jpg\" alt=\"\" width=\"1713\" height=\"2560\" srcset=\"https:\/\/www.lassebacklund.fi\/wp-content\/uploads\/2020\/09\/IMG_2542-scaled.jpg 1713w, https:\/\/www.lassebacklund.fi\/wp-content\/uploads\/2020\/09\/IMG_2542-201x300.jpg 201w, https:\/\/www.lassebacklund.fi\/wp-content\/uploads\/2020\/09\/IMG_2542-685x1024.jpg 685w, https:\/\/www.lassebacklund.fi\/wp-content\/uploads\/2020\/09\/IMG_2542-768x1147.jpg 768w, https:\/\/www.lassebacklund.fi\/wp-content\/uploads\/2020\/09\/IMG_2542-1028x1536.jpg 1028w, https:\/\/www.lassebacklund.fi\/wp-content\/uploads\/2020\/09\/IMG_2542-1371x2048.jpg 1371w\" sizes=\"auto, (max-width: 1713px) 100vw, 1713px\" \/><\/p>\n","protected":false},"excerpt":{"rendered":"<p>Den 2 augusti 1998 ordnade Dagsmark Ungdomsf\u00f6rening den f\u00f6rsta &#8221;Barnens V\u00e4rld&#8221; tillst\u00e4llningen och publiktillstr\u00f6mningen var s\u00e5 pass god att det n\u00e4stan genast best\u00e4mdes att det skall ordnas en till f\u00f6ljande \u00e5r. Verksamhetsledaren Roger Lundell h\u00f6ll i tr\u00e5darna f\u00f6r evenemanget men <a class=\"more-link\" href=\"https:\/\/www.lassebacklund.fi\/?page_id=17699\">Forts\u00e4tt l\u00e4sa <span class=\"screen-reader-text\">  Barnens V\u00e4rld 1998.<\/span><span class=\"meta-nav\">&rarr;<\/span><\/a><\/p>\n","protected":false},"author":1,"featured_media":0,"parent":8812,"menu_order":0,"comment_status":"closed","ping_status":"closed","template":"","meta":{"footnotes":""},"class_list":["post-17699","page","type-page","status-publish","hentry"],"_links":{"self":[{"href":"https:\/\/www.lassebacklund.fi\/index.php?rest_route=\/wp\/v2\/pages\/17699","targetHints":{"allow":["GET"]}}],"collection":[{"href":"https:\/\/www.lassebacklund.fi\/index.php?rest_route=\/wp\/v2\/pages"}],"about":[{"href":"https:\/\/www.lassebacklund.fi\/index.php?rest_route=\/wp\/v2\/types\/page"}],"author":[{"embeddable":true,"href":"https:\/\/www.lassebacklund.fi\/index.php?rest_route=\/wp\/v2\/users\/1"}],"replies":[{"embeddable":true,"href":"https:\/\/www.lassebacklund.fi\/index.php?rest_route=%2Fwp%2Fv2%2Fcomments&post=17699"}],"version-history":[{"count":5,"href":"https:\/\/www.lassebacklund.fi\/index.php?rest_route=\/wp\/v2\/pages\/17699\/revisions"}],"predecessor-version":[{"id":17707,"href":"https:\/\/www.lassebacklund.fi\/index.php?rest_route=\/wp\/v2\/pages\/17699\/revisions\/17707"}],"up":[{"embeddable":true,"href":"https:\/\/www.lassebacklund.fi\/index.php?rest_route=\/wp\/v2\/pages\/8812"}],"wp:attachment":[{"href":"https:\/\/www.lassebacklund.fi\/index.php?rest_route=%2Fwp%2Fv2%2Fmedia&parent=17699"}],"curies":[{"name":"wp","href":"https:\/\/api.w.org\/{rel}","templated":true}]}}