{"id":17660,"date":"2020-09-13T22:24:23","date_gmt":"2020-09-13T19:24:23","guid":{"rendered":"https:\/\/www.lassebacklund.fi\/?page_id=17660"},"modified":"2020-09-13T22:24:23","modified_gmt":"2020-09-13T19:24:23","slug":"ung-man-i-sangen","status":"publish","type":"page","link":"https:\/\/www.lassebacklund.fi\/?page_id=17660","title":{"rendered":"Ung man i s\u00e4ngen."},"content":{"rendered":"<div dir=\"auto\"><span style=\"color: #000080;\">Diktat av Eva efter en orolig natt i augusti 2020:<\/span><\/div>\n<div dir=\"auto\"><\/div>\n<div dir=\"auto\">Att en liten pojke kan vara sn\u00e4ll och rar,<\/div>\n<div dir=\"auto\">vi kan v\u00e4l s\u00e4ga att han br\u00e5s p\u00e5 sin far.<\/div>\n<div dir=\"auto\">Somnade utan gr\u00e5t och gn\u00e4ll<\/div>\n<div dir=\"auto\">i reses\u00e4ngen hos oss i g\u00e5r kv\u00e4ll.<\/div>\n<div dir=\"auto\"><\/div>\n<div dir=\"auto\">Sov hela natten s\u00f6tt och tyst,<\/div>\n<div dir=\"auto\">fr\u00e5n g\u00e4strummet h\u00f6rdes inte ett knyst<\/div>\n<div dir=\"auto\">f\u00f6rr\u00e4n i morse n\u00e4r solen redan sken<\/div>\n<div dir=\"auto\">d\u00e5 stod han i s\u00e4ngen p\u00e5 sina korta ben,<\/div>\n<div dir=\"auto\">smilade upp sig och jollrade glatt.<\/div>\n<div dir=\"auto\">Det var i korthet v\u00e5r barnbarnsnatt.<\/div>\n","protected":false},"excerpt":{"rendered":"<p>Diktat av Eva efter en orolig natt i augusti 2020: Att en liten pojke kan vara sn\u00e4ll och rar, vi kan v\u00e4l s\u00e4ga att han br\u00e5s p\u00e5 sin far. Somnade utan gr\u00e5t och gn\u00e4ll i reses\u00e4ngen hos oss i g\u00e5r <a class=\"more-link\" href=\"https:\/\/www.lassebacklund.fi\/?page_id=17660\">Forts\u00e4tt l\u00e4sa <span class=\"screen-reader-text\">  Ung man i s\u00e4ngen.<\/span><span class=\"meta-nav\">&rarr;<\/span><\/a><\/p>\n","protected":false},"author":1,"featured_media":0,"parent":16671,"menu_order":8,"comment_status":"closed","ping_status":"closed","template":"","meta":{"footnotes":""},"class_list":["post-17660","page","type-page","status-publish","hentry"],"_links":{"self":[{"href":"https:\/\/www.lassebacklund.fi\/index.php?rest_route=\/wp\/v2\/pages\/17660","targetHints":{"allow":["GET"]}}],"collection":[{"href":"https:\/\/www.lassebacklund.fi\/index.php?rest_route=\/wp\/v2\/pages"}],"about":[{"href":"https:\/\/www.lassebacklund.fi\/index.php?rest_route=\/wp\/v2\/types\/page"}],"author":[{"embeddable":true,"href":"https:\/\/www.lassebacklund.fi\/index.php?rest_route=\/wp\/v2\/users\/1"}],"replies":[{"embeddable":true,"href":"https:\/\/www.lassebacklund.fi\/index.php?rest_route=%2Fwp%2Fv2%2Fcomments&post=17660"}],"version-history":[{"count":1,"href":"https:\/\/www.lassebacklund.fi\/index.php?rest_route=\/wp\/v2\/pages\/17660\/revisions"}],"predecessor-version":[{"id":17661,"href":"https:\/\/www.lassebacklund.fi\/index.php?rest_route=\/wp\/v2\/pages\/17660\/revisions\/17661"}],"up":[{"embeddable":true,"href":"https:\/\/www.lassebacklund.fi\/index.php?rest_route=\/wp\/v2\/pages\/16671"}],"wp:attachment":[{"href":"https:\/\/www.lassebacklund.fi\/index.php?rest_route=%2Fwp%2Fv2%2Fmedia&parent=17660"}],"curies":[{"name":"wp","href":"https:\/\/api.w.org\/{rel}","templated":true}]}}