{"id":17336,"date":"2020-07-26T22:12:37","date_gmt":"2020-07-26T19:12:37","guid":{"rendered":"http:\/\/www.lassebacklund.fi\/?page_id=17336"},"modified":"2020-07-26T22:14:10","modified_gmt":"2020-07-26T19:14:10","slug":"en-tur-i-natur","status":"publish","type":"page","link":"https:\/\/www.lassebacklund.fi\/?page_id=17336","title":{"rendered":"En tur i natur."},"content":{"rendered":"<p><span style=\"color: #000080;\">Diktat av Eva i juli 2020:<\/span><\/p>\n<p>Jag tog en cykeltur med mitt Tunturi velociped,<br \/>\nhj\u00e4lmen och solglas\u00f6gonen och vattenflaskan kom med.<br \/>\nEfter g\u00e5rdagens hemska grusv\u00e4gsf\u00e4rd jag bytte rutt idag<br \/>\n\u00e5t ett helt annat h\u00e5ll och med asfalt som underlag.<\/p>\n<div class=\"text_exposed_show\">\n<p>I g\u00e5r blev jag skr\u00e4md d\u00e5 emot mig kom n\u00e5t stort<br \/>\ndet var ingen \u00e4lg, ej heller bj\u00f6rn eller vitsvanshjort.<br \/>\nEn f\u00e5gel fl\u00f6g l\u00e4ngs v\u00e4gen, jag stannade bums och tv\u00e4rt<br \/>\nen havs\u00f6rn det var, k\u00e4nnspak med sin vita stj\u00e4rt.<\/p>\n<p>I dag s\u00e5g jag en r\u00e4v med en p\u00e4ls som \u00e4r r\u00f6d<br \/>\nmen denna l\u00e5g p\u00e5 v\u00e4gen och var \u00f6verk\u00f6rd och d\u00f6d.<br \/>\nKor i en hage som betade och ett par h\u00e4star likas\u00e5<br \/>\nkajor p\u00e5 tr\u00e5dar som tjattrade, de sitter alltid tv\u00e5 och tv\u00e5.<\/p>\n<p>Det blommar l\u00e4ngs dikesrenen, \u00e4lggr\u00e4s och baldersbr\u00e5<br \/>\nbl\u00e5klockor och renfanor och arter jag ej vet namnet p\u00e5.<br \/>\nEn gul liten fibbla bland gr\u00e4set f\u00f6rs\u00f6kte sticka upp,<br \/>\ndet d\u00e4r med yviga vippor, vi fr\u00e5gade h\u00f6na eller tupp.<\/p>\n<p>N\u00e4r det \u00e4r sol och sommar k\u00e4nns allting l\u00e4tt och sk\u00f6nt,<br \/>\nden k\u00e4nslan b\u00f6rjar p\u00e5 v\u00e5ren n\u00e4r det blir ljust och gr\u00f6nt.<br \/>\nNu g\u00e4ller det att ta vara p\u00e5 alla fina dar<br \/>\noch hoppas att vi \u00e4nnu i sommar har m\u00e5nga kvar.<\/p>\n<\/div>\n","protected":false},"excerpt":{"rendered":"<p>Diktat av Eva i juli 2020: Jag tog en cykeltur med mitt Tunturi velociped, hj\u00e4lmen och solglas\u00f6gonen och vattenflaskan kom med. Efter g\u00e5rdagens hemska grusv\u00e4gsf\u00e4rd jag bytte rutt idag \u00e5t ett helt annat h\u00e5ll och med asfalt som underlag. I <a class=\"more-link\" href=\"https:\/\/www.lassebacklund.fi\/?page_id=17336\">Forts\u00e4tt l\u00e4sa <span class=\"screen-reader-text\">  En tur i natur.<\/span><span class=\"meta-nav\">&rarr;<\/span><\/a><\/p>\n","protected":false},"author":1,"featured_media":0,"parent":16671,"menu_order":6,"comment_status":"closed","ping_status":"closed","template":"","meta":{"footnotes":""},"class_list":["post-17336","page","type-page","status-publish","hentry"],"_links":{"self":[{"href":"https:\/\/www.lassebacklund.fi\/index.php?rest_route=\/wp\/v2\/pages\/17336","targetHints":{"allow":["GET"]}}],"collection":[{"href":"https:\/\/www.lassebacklund.fi\/index.php?rest_route=\/wp\/v2\/pages"}],"about":[{"href":"https:\/\/www.lassebacklund.fi\/index.php?rest_route=\/wp\/v2\/types\/page"}],"author":[{"embeddable":true,"href":"https:\/\/www.lassebacklund.fi\/index.php?rest_route=\/wp\/v2\/users\/1"}],"replies":[{"embeddable":true,"href":"https:\/\/www.lassebacklund.fi\/index.php?rest_route=%2Fwp%2Fv2%2Fcomments&post=17336"}],"version-history":[{"count":2,"href":"https:\/\/www.lassebacklund.fi\/index.php?rest_route=\/wp\/v2\/pages\/17336\/revisions"}],"predecessor-version":[{"id":17339,"href":"https:\/\/www.lassebacklund.fi\/index.php?rest_route=\/wp\/v2\/pages\/17336\/revisions\/17339"}],"up":[{"embeddable":true,"href":"https:\/\/www.lassebacklund.fi\/index.php?rest_route=\/wp\/v2\/pages\/16671"}],"wp:attachment":[{"href":"https:\/\/www.lassebacklund.fi\/index.php?rest_route=%2Fwp%2Fv2%2Fmedia&parent=17336"}],"curies":[{"name":"wp","href":"https:\/\/api.w.org\/{rel}","templated":true}]}}