{"id":1713,"date":"2016-11-07T18:38:00","date_gmt":"2016-11-07T17:38:00","guid":{"rendered":"http:\/\/www.lassebacklund.fi\/?page_id=1713"},"modified":"2023-04-16T23:56:34","modified_gmt":"2023-04-16T20:56:34","slug":"elektriska-ljusledningars-eldfarlighet","status":"publish","type":"page","link":"https:\/\/www.lassebacklund.fi\/?page_id=1713","title":{"rendered":"Elektriska ljusledningars eldfarlighet."},"content":{"rendered":"<p><span style=\"color: #000080;\">Artikel i tidningen Brandluren Nr 3, 31.3 \u00e5r 1901. Bidrag av Jarkko Ikkel\u00e4-Koski fr\u00e5n Kristinestad.<\/span><\/p>\n<p>Att de elektriska ljusledningarna icke under alla omst\u00e4ndigheter \u00e4ro s\u00e5 litet eldfarliga, som man p\u00e5 m\u00e5nga h\u00e5ll \u00e4r ben\u00e4gen att tro, d\u00e4rp\u00e5 kunna vi \u00e5terigen anf\u00f6ra tv\u00e4nne talande bevis. Under h\u00f6sten 1900 inf\u00f6rdes af Elektriska Aktiebolaget A.E.G. som har sitt kontor i Helsingfors, uti s\u00e4rskilda, i St\u00e4dernas Allm\u00e4nna Brandstodsbolag f\u00f6rs\u00e4krade byggnader i staden Kristinestad elektrisk belysning, och redan nu har n\u00e4mnda f\u00f6rs\u00e4kringsbolag n\u00f6dgats utbetala ers\u00e4ttning f\u00f6r tv\u00e4nne af de elektriska ljusledningarna orsakade eldsv\u00e5dor.<\/p>\n<p>Den f\u00f6rra af dessa eldsv\u00e5dor timade 25 sistvikne februari i g\u00e5rden 209 i f\u00f6rsta kvarteret, och den senare uppstod den 17 dennes i g\u00e5rden n:ris 92 och 93 i 2:dra kvarteret af Kristinestad.<\/p>\n<p>(Branden p\u00e5 tomterna 92 och 93 intr\u00e4ffade i g\u00e5rds\u00e4garen Erik T\u00f6ttermans bostad i den gula byggnaden l\u00e4ngs med Strandgatan bakom stadshotellet. Branden uppstod i ett r\u00f6r som ledde de elektriska ledningarna fr\u00e5n vinden ned till T\u00f6ttermans kammare.\u00a0 G\u00e5rden 209 i det f\u00f6rsta kvarteret var <a href=\"https:\/\/www.kristinestadshistoria.fi\/?page_id=20372\">sj\u00f6kapten Starcks g\u00e5rd p\u00e5 Strandgatan 58<\/a> och h\u00e4ndelsef\u00f6rloppet var det samma).<\/p>\n<p>I b\u00e5da fallen hade fyllningen i mellantaket fattat eld omkring det r\u00f6r, genom hvilket de elektriska tr\u00e5darna voro dragna fr\u00e5n vinden in i rummen. Lyckligtvis intr\u00e4ffade brandtillbuden p\u00e5 dagen och observerade i god tid, hvarf\u00f6r skadorna dessa g\u00e5nger icke stego h\u00f6gre \u00e4n till resp. 145 och 200 mark. Men inga garantier finnas f\u00f6r, att icke brandtillbuden kunna upprepas och en annan g\u00e5ng v\u00e5lla vida st\u00f6rre skador.<\/p>\n<p>Direktionen f\u00f6r St\u00e4dernas Allm. Brandstodsbolag har d\u00e4rf\u00f6r ocks\u00e5 nu f\u00f6rst\u00e4ndigat f\u00f6rs\u00e4kringsinnehafvarene i Kristinestad om att l\u00e5ta af oj\u00e4fvig, kompetent person afsyna de elektriska ljusledningarna och g\u00e5 i f\u00f6rfattning om m\u00f6jliga bristers afhj\u00e4lpande, vid \u00e4fventyr att f\u00f6rs\u00e4kringsr\u00e4tten i annat fall f\u00f6rv\u00e4rkas. F\u00f6r s\u00e5v\u00e4l de bolag, hvilka syssla med installerandet af elektriskt ljus, som f\u00f6r f\u00f6rs\u00e4kringsinnehafvarene torde detta direktionens beslut inneb\u00e4ra ett beh\u00f6fligt \u201dmemento\u201d.<\/p>\n<figure id=\"attachment_1712\" aria-describedby=\"caption-attachment-1712\" style=\"width: 2122px\" class=\"wp-caption alignnone\"><img loading=\"lazy\" decoding=\"async\" class=\"size-full wp-image-1712\" src=\"http:\/\/www.lassebacklund.fi\/wp-content\/uploads\/2016\/11\/Brandluren.jpg\" alt=\"P\u00e4rmbilden av tidskriften Brandluren d\u00e4r det fanns en artikel om de brandfarliga ljusledningarna.\" width=\"2122\" height=\"2909\" srcset=\"https:\/\/www.lassebacklund.fi\/wp-content\/uploads\/2016\/11\/Brandluren.jpg 2122w, https:\/\/www.lassebacklund.fi\/wp-content\/uploads\/2016\/11\/Brandluren-219x300.jpg 219w, https:\/\/www.lassebacklund.fi\/wp-content\/uploads\/2016\/11\/Brandluren-768x1053.jpg 768w, https:\/\/www.lassebacklund.fi\/wp-content\/uploads\/2016\/11\/Brandluren-747x1024.jpg 747w\" sizes=\"auto, (max-width: 2122px) 100vw, 2122px\" \/><figcaption id=\"caption-attachment-1712\" class=\"wp-caption-text\">P\u00e4rmbilden av tidskriften Brandluren d\u00e4r det fanns en artikel om de brandfarliga ljusledningarna.<\/figcaption><\/figure>\n<p>&nbsp;<\/p>\n","protected":false},"excerpt":{"rendered":"<p>Artikel i tidningen Brandluren Nr 3, 31.3 \u00e5r 1901. Bidrag av Jarkko Ikkel\u00e4-Koski fr\u00e5n Kristinestad. Att de elektriska ljusledningarna icke under alla omst\u00e4ndigheter \u00e4ro s\u00e5 litet eldfarliga, som man p\u00e5 m\u00e5nga h\u00e5ll \u00e4r ben\u00e4gen att tro, d\u00e4rp\u00e5 kunna vi \u00e5terigen <a class=\"more-link\" href=\"https:\/\/www.lassebacklund.fi\/?page_id=1713\">Forts\u00e4tt l\u00e4sa <span class=\"screen-reader-text\">  Elektriska ljusledningars eldfarlighet.<\/span><span class=\"meta-nav\">&rarr;<\/span><\/a><\/p>\n","protected":false},"author":1,"featured_media":0,"parent":1696,"menu_order":0,"comment_status":"closed","ping_status":"closed","template":"","meta":{"footnotes":""},"class_list":["post-1713","page","type-page","status-publish","hentry"],"_links":{"self":[{"href":"https:\/\/www.lassebacklund.fi\/index.php?rest_route=\/wp\/v2\/pages\/1713","targetHints":{"allow":["GET"]}}],"collection":[{"href":"https:\/\/www.lassebacklund.fi\/index.php?rest_route=\/wp\/v2\/pages"}],"about":[{"href":"https:\/\/www.lassebacklund.fi\/index.php?rest_route=\/wp\/v2\/types\/page"}],"author":[{"embeddable":true,"href":"https:\/\/www.lassebacklund.fi\/index.php?rest_route=\/wp\/v2\/users\/1"}],"replies":[{"embeddable":true,"href":"https:\/\/www.lassebacklund.fi\/index.php?rest_route=%2Fwp%2Fv2%2Fcomments&post=1713"}],"version-history":[{"count":6,"href":"https:\/\/www.lassebacklund.fi\/index.php?rest_route=\/wp\/v2\/pages\/1713\/revisions"}],"predecessor-version":[{"id":22087,"href":"https:\/\/www.lassebacklund.fi\/index.php?rest_route=\/wp\/v2\/pages\/1713\/revisions\/22087"}],"up":[{"embeddable":true,"href":"https:\/\/www.lassebacklund.fi\/index.php?rest_route=\/wp\/v2\/pages\/1696"}],"wp:attachment":[{"href":"https:\/\/www.lassebacklund.fi\/index.php?rest_route=%2Fwp%2Fv2%2Fmedia&parent=1713"}],"curies":[{"name":"wp","href":"https:\/\/api.w.org\/{rel}","templated":true}]}}

<p><span style="color: #000080;">Artikel i tidningen Brandluren Nr 3, 31.3 år 1901. Bidrag av Jarkko Ikkelä-Koski från Kristinestad.</span></p>
<p>Att de elektriska ljusledningarna icke under alla omständigheter äro så litet eldfarliga, som man på många håll är benägen att tro, därpå kunna vi återigen anföra tvänne talande bevis. Under hösten 1900 infördes af Elektriska Aktiebolaget A.E.G. som har sitt kontor i Helsingfors, uti särskilda, i Städernas Allmänna Brandstodsbolag försäkrade byggnader i staden Kristinestad elektrisk belysning, och redan nu har nämnda försäkringsbolag nödgats utbetala ersättning för tvänne af de elektriska ljusledningarna orsakade eldsvådor.</p>
<p>Den förra af dessa eldsvådor timade 25 sistvikne februari i gården 209 i första kvarteret, och den senare uppstod den 17 dennes i gården n:ris 92 och 93 i 2:dra kvarteret af Kristinestad.</p>
<p>(Branden på tomterna 92 och 93 inträffade i gårdsägaren Erik Töttermans bostad i den gula byggnaden längs med Strandgatan bakom stadshotellet. Branden uppstod i ett rör som ledde de elektriska ledningarna från vinden ned till Töttermans kammare.  Gården 209 i det första kvarteret var <a href="https://www.kristinestadshistoria.fi/?page_id=20372">sjökapten Starcks gård på Strandgatan 58</a> och händelseförloppet var det samma).</p>
<p>I båda fallen hade fyllningen i mellantaket fattat eld omkring det rör, genom hvilket de elektriska trådarna voro dragna från vinden in i rummen. Lyckligtvis inträffade brandtillbuden på dagen och observerade i god tid, hvarför skadorna dessa gånger icke stego högre än till resp. 145 och 200 mark. Men inga garantier finnas för, att icke brandtillbuden kunna upprepas och en annan gång vålla vida större skador.</p>
<p>Direktionen för Städernas Allm. Brandstodsbolag har därför också nu förständigat försäkringsinnehafvarene i Kristinestad om att låta af ojäfvig, kompetent person afsyna de elektriska ljusledningarna och gå i författning om möjliga bristers afhjälpande, vid äfventyr att försäkringsrätten i annat fall förvärkas. För såväl de bolag, hvilka syssla med installerandet af elektriskt ljus, som för försäkringsinnehafvarene torde detta direktionens beslut innebära ett behöfligt ”memento”.</p>
<figure id="attachment_1712" aria-describedby="caption-attachment-1712" style="width: 2122px" class="wp-caption alignnone"><img loading="lazy" decoding="async" class="size-full wp-image-1712" src="http://www.lassebacklund.fi/wp-content/uploads/2016/11/Brandluren.jpg" alt="Pärmbilden av tidskriften Brandluren där det fanns en artikel om de brandfarliga ljusledningarna." width="2122" height="2909" srcset="https://www.lassebacklund.fi/wp-content/uploads/2016/11/Brandluren.jpg 2122w, https://www.lassebacklund.fi/wp-content/uploads/2016/11/Brandluren-219x300.jpg 219w, https://www.lassebacklund.fi/wp-content/uploads/2016/11/Brandluren-768x1053.jpg 768w, https://www.lassebacklund.fi/wp-content/uploads/2016/11/Brandluren-747x1024.jpg 747w" sizes="auto, (max-width: 2122px) 100vw, 2122px" /><figcaption id="caption-attachment-1712" class="wp-caption-text">Pärmbilden av tidskriften Brandluren där det fanns en artikel om de brandfarliga ljusledningarna.</figcaption></figure>
<p>&nbsp;</p>

<p>Artikel i tidningen Brandluren Nr 3, 31.3 år 1901. Bidrag av Jarkko Ikkelä-Koski från Kristinestad. Att de elektriska ljusledningarna icke under alla omständigheter äro så litet eldfarliga, som man på många håll är benägen att tro, därpå kunna vi återigen <a class="more-link" href="https://www.lassebacklund.fi/?page_id=1713">Fortsätt läsa <span class="screen-reader-text">  Elektriska ljusledningars eldfarlighet.</span><span class="meta-nav">&rarr;</span></a></p>
