{"id":17115,"date":"2020-06-29T21:25:26","date_gmt":"2020-06-29T18:25:26","guid":{"rendered":"http:\/\/www.lassebacklund.fi\/?page_id=17115"},"modified":"2024-12-07T23:58:16","modified_gmt":"2024-12-07T21:58:16","slug":"invigning-av-lokalen-i-november-1954","status":"publish","type":"page","link":"https:\/\/www.lassebacklund.fi\/?page_id=17115","title":{"rendered":"Byggande och invigning av lokalen i november 1954."},"content":{"rendered":"<p><strong>\u00c5r 1950, p\u00e5 \u00e5rsm\u00f6tet i januari<\/strong> valdes Nils Lillkull till ordf\u00f6rande och i styrelsen invaldes \u00c5ke Backlund, Arne Rosengren, Einar Lind, Boris L\u00e5ngfors, Frans Storkull, Frida Klemets, Greta Gr\u00f6ndahl, Elvi S\u00f6derkvist, Eskil Agn\u00e4s och \u00c5ke Klemets.<\/p>\n<p>Efter de normala valen, s\u00e5 diskuterades behovet av en ny f\u00f6reningslokal. Det h\u00e4r har diskuterats redan i tv\u00e5 \u00e5rs tid men nu ans\u00e5gs det vara dags att g\u00e5 fr\u00e5n ord till handling eftersom behovet var p\u00e5tagligt. Det p\u00e5g\u00e5ende byggandet av den nya lokalen i Lappfj\u00e4rd p\u00e5skyndade beslutet om nybygge.<\/p>\n<p>Byggm\u00e4stare Forss\u00e9ns ritningar granskades och kunde godk\u00e4nnas efter sm\u00e4rre \u00e4ndringar. \u00c5rsm\u00f6tet besl\u00f6t att bygget skall genomf\u00f6ras s\u00e5 fort som det bara \u00e4r m\u00f6jligt. Tv\u00e5 kommitt\u00e9er valdes f\u00f6r att genomf\u00f6ra projektet.<\/p>\n<p>En byggnadskommitt\u00e9 tillsattes och d\u00e4r invaldes Frans Storkull till ordf\u00f6rande och Einar Lind, Rurik Nylund, Algot Bj\u00f6rklund, Nils Lillkull, Karl Hemberg, Emil Nyholm och Emil Kl\u00e5vus.<\/p>\n<p>En annan kommitt\u00e9 tillsattes ocks\u00e5, eller r\u00e4ttare sagt ett ekonomiutskott, som skulle ordna finansieringen i n\u00e4ra samarbete med byggnadskommitt\u00e9n. I utskottet valdes folkskoll\u00e4raren Einar Lind till ordf\u00f6rande och till medlemmar valdes Nils Lillkull, \u00c5ke Hemberg, Yngve S\u00f6derkvist och handlande Nils Nelson.<\/p>\n<p>F\u00f6r ekonomiutskottet stod det klart att n\u00e5got bidrag inte kan f\u00e5s av varken stat, f\u00f6rsamling eller kommun. \u00c5terst\u00e5r d\u00e5 att ordna finansieringen inom byn och det kommer att bli bybornas uppgift att bekosta byggandet av lokalen. Det ifr\u00e5gasattes om detta \u00e4r m\u00f6jligt men d\u00e5 tog kommitt\u00e9n till det gamla tales\u00e4ttet och igen ta det till heders p\u00e5 fullaste allvar, n\u00e4mligen \u201dAll som en, som dagsmarkan\u201d!<\/p>\n<p><img loading=\"lazy\" decoding=\"async\" class=\"alignnone size-full wp-image-23202\" src=\"https:\/\/www.lassebacklund.fi\/wp-content\/uploads\/2024\/09\/19510322-info-om-bygget.jpg\" alt=\"\" width=\"1441\" height=\"1370\" srcset=\"https:\/\/www.lassebacklund.fi\/wp-content\/uploads\/2024\/09\/19510322-info-om-bygget.jpg 1441w, https:\/\/www.lassebacklund.fi\/wp-content\/uploads\/2024\/09\/19510322-info-om-bygget-300x285.jpg 300w, https:\/\/www.lassebacklund.fi\/wp-content\/uploads\/2024\/09\/19510322-info-om-bygget-1024x974.jpg 1024w, https:\/\/www.lassebacklund.fi\/wp-content\/uploads\/2024\/09\/19510322-info-om-bygget-768x730.jpg 768w\" sizes=\"auto, (max-width: 1441px) 100vw, 1441px\" \/><\/p>\n<figure id=\"attachment_17114\" aria-describedby=\"caption-attachment-17114\" style=\"width: 1104px\" class=\"wp-caption alignnone\"><img loading=\"lazy\" decoding=\"async\" class=\"size-full wp-image-17114\" src=\"http:\/\/www.lassebacklund.fi\/wp-content\/uploads\/2020\/06\/Invigning-Sydin-9.11.1954.jpg\" alt=\"\" width=\"1104\" height=\"244\" srcset=\"https:\/\/www.lassebacklund.fi\/wp-content\/uploads\/2020\/06\/Invigning-Sydin-9.11.1954.jpg 1104w, https:\/\/www.lassebacklund.fi\/wp-content\/uploads\/2020\/06\/Invigning-Sydin-9.11.1954-300x66.jpg 300w, https:\/\/www.lassebacklund.fi\/wp-content\/uploads\/2020\/06\/Invigning-Sydin-9.11.1954-1024x226.jpg 1024w, https:\/\/www.lassebacklund.fi\/wp-content\/uploads\/2020\/06\/Invigning-Sydin-9.11.1954-768x170.jpg 768w\" sizes=\"auto, (max-width: 1104px) 100vw, 1104px\" \/><figcaption id=\"caption-attachment-17114\" class=\"wp-caption-text\">Annons i Syd-\u00d6sterbotten 9 november 1954.<\/figcaption><\/figure>\n<figure id=\"attachment_7516\" aria-describedby=\"caption-attachment-7516\" style=\"width: 982px\" class=\"wp-caption alignnone\"><img loading=\"lazy\" decoding=\"async\" class=\"size-full wp-image-7516\" src=\"http:\/\/www.lassebacklund.fi\/wp-content\/uploads\/2018\/02\/4-lokaalin.jpg\" alt=\"\" width=\"982\" height=\"616\" srcset=\"https:\/\/www.lassebacklund.fi\/wp-content\/uploads\/2018\/02\/4-lokaalin.jpg 982w, https:\/\/www.lassebacklund.fi\/wp-content\/uploads\/2018\/02\/4-lokaalin-300x188.jpg 300w, https:\/\/www.lassebacklund.fi\/wp-content\/uploads\/2018\/02\/4-lokaalin-768x482.jpg 768w\" sizes=\"auto, (max-width: 982px) 100vw, 982px\" \/><figcaption id=\"caption-attachment-7516\" class=\"wp-caption-text\">P\u00e5 h\u00f6sten 1954 var det gamla ungdomshemmet rivet och det nya st\u00e5r f\u00e4rdigt i v\u00e4ntan p\u00e5 invigningen den 20 och 21 november.<\/figcaption><\/figure>\n<figure id=\"attachment_7530\" aria-describedby=\"caption-attachment-7530\" style=\"width: 689px\" class=\"wp-caption alignnone\"><img loading=\"lazy\" decoding=\"async\" class=\"size-full wp-image-7530\" src=\"http:\/\/www.lassebacklund.fi\/wp-content\/uploads\/2018\/02\/Storkull-Frans.jpg\" alt=\"\" width=\"689\" height=\"1010\" srcset=\"https:\/\/www.lassebacklund.fi\/wp-content\/uploads\/2018\/02\/Storkull-Frans.jpg 689w, https:\/\/www.lassebacklund.fi\/wp-content\/uploads\/2018\/02\/Storkull-Frans-205x300.jpg 205w\" sizes=\"auto, (max-width: 689px) 100vw, 689px\" \/><figcaption id=\"caption-attachment-7530\" class=\"wp-caption-text\">Drivkraften bakom bygget var Frans Storkull (1899-1974) fr\u00e5n \u00c5backan.<\/figcaption><\/figure>\n<p><span style=\"color: #000080;\">Syd-\u00d6sterbotten 18.11.1954:<\/span><\/p>\n<h4><strong>Enighet och offervilja gav Dagsmark uf st\u00e5tligt samlingshus.<\/strong><\/h4>\n<p>Invigningen av ett nytt f\u00f6rn\u00e4mligt ungdomshem \u00e4r v\u00e4l om n\u00e5got ett bevis f\u00f6r att det fortfarande finns initiativkraft, framtidstro och offervilja p\u00e5 den finlandssvenska landsbygden Det m\u00e4rkliga \u00e4r att det \u00e4r en s\u00e5 pass liten by som Dagsmark, som svarar f\u00f6r byggprestationen. Och \u00e4nnu m\u00e4rkligare \u00e4r att den stora byggnaden f\u00e5tts till st\u00e5nd med frivillig arbetskraft. Men s\u00e5 \u00e4r ju dagsmarksborna k\u00e4nda f\u00f6r att h\u00e5lla ihop n\u00e4r det g\u00e4ller gemensamma intressen.<\/p>\n<p>I en debatt om finlandssvenskarnas framtid har man st\u00e4llt fr\u00e5gan, var de svagaste positionerna finns. Dagsmark har f\u00f6r sin del gett en fingervisning om att det \u00e4r nog p\u00e5 annat h\u00e5ll \u00e4n den syd\u00f6sterbottniska landsbygden som f\u00f6rsvaret beh\u00f6ver s\u00e4ttas in. Invigningsh\u00f6gtidligheterna p\u00e5 s\u00f6ndagen blir inte bara en h\u00f6gtidsstund f\u00f6r byns egna inv\u00e5nare, de blir samtidigt ett manande och hoppingivande inl\u00e4gg i debatten om den finlandssvenska stammens fortbest\u00e5nd i detta land.<\/p>\n<p>H\u00f6sten 1950 satte man i Dagsmark ig\u00e5ng med grundgr\u00e4vningen f\u00f6r bygget och samtidigt gjorde byggm\u00e4stare Forss\u00e9n de f\u00f6rsta utkasten till ritningar f\u00f6r ungdomshemmet. Byggnaden \u00e4r uppf\u00f6rd delvis i tv\u00e5 v\u00e5ningar. Den f\u00f6rsta v\u00e5ningen best\u00e5r av en rymlig hall, serveringsrum, k\u00f6k, f\u00f6rvaringsrum och en festsal som \u00e4r 16 x 10 meter. I andra v\u00e5ningen finns en ljus och rymlig mindre sal j\u00e4mte hall, som \u00e4r reserverad f\u00f6r byns marthor, rum f\u00f6r f\u00f6reningssammankomster, samt ytterligare tre rum i vilka telefoncentralen skall inrymmas.<\/p>\n<p>Bygget har till \u00f6verv\u00e4gande delen f\u00e5tts till st\u00e5nd p\u00e5 frivillighetens v\u00e4g. Byborna har utf\u00f6rt 1\u00a0250 gratisdagsverken, som i pengar \u00f6verstiger en miljon mark. Dessutom har utf\u00f6rts 250 h\u00e4stdagsverken, motsvarande 75\u00a0000 mark, samt bil- och traktork\u00f6rslor till ett v\u00e4rde av 30\u00a0000 mk. B\u00f6nderna i byn har gett 450 stockar, v\u00e4rda i pengar 324\u00a0000 mk och vidare har spannm\u00e5lsinsamlingen inbringat 130\u00a0000 mk.<\/p>\n<p>Det st\u00f6rsta bidraget till bygget har ungdomsf\u00f6reningen erh\u00e5llit av Dagsmark andelsmejeri, som tillskjutit 550\u00a0000 mk och dessutom fick f\u00f6reningen ur mejeriets skog hugga c. 700 stockstammar till ett uppskattat v\u00e4rde av c. 300\u00a0000 mk.<\/p>\n<p>Den skuld f\u00f6reningen h\u00e4ftar i d\u00e5 den stora byggnaden nu st\u00e5r f\u00e4rdig, uppg\u00e5r endast till 600\u00a0000 mark, ett talande bevis f\u00f6r vad offervilja och enighet kan \u00e5stadkomma.<\/p>\n<p>Invigningsfesten b\u00f6rjar p\u00e5 l\u00f6rdag den 20 november med Jam-Sessions toner, f\u00f6r att forts\u00e4tta p\u00e5 s\u00f6ndagen kl. 20. Festtalet h\u00e5lls av riksdagsman Verner Korsb\u00e4ck.<\/p>\n<p><span style=\"color: #000080;\">Syd-\u00d6sterbotten 23.11.1954:<\/span><\/p>\n<h4><strong>\u201dMajbo\u201d kulturellt centrum i Dagsmarkbygden.<\/strong><\/h4>\n<p><strong>F\u00f6reningen med 25 medlemmar har invigt sitt 10-miljonershus.<\/strong><\/p>\n<p>Den g\u00e5ngna veckohelgen gick f\u00f6r dagsmarkborna helt i jubil\u00e9ets tecken. Mest s\u00e5 g\u00e4llde det ocks\u00e5 en festlighet i byns historia, som skulle manifestera byns samh\u00f6righetsk\u00e4nsla p\u00e5 ett speciellt s\u00e4tt. Det var pompa och st\u00e5t d\u00e5 det nya f\u00f6rsamlingshemmet \u201dMajbo\u201d skulle invigas.<\/p>\n<p>Det kulturella evenemanget inleddes redan p\u00e5 l\u00f6rdagskv\u00e4llen med en teaterunderh\u00e5llning, d\u00e4r f\u00f6reningens teateramat\u00f6rer i egen regi uppf\u00f6rde en treaktare av Ebenhard inf\u00f6r en fulltalig publik p\u00e5 inemot 600 personer. Scenpremi\u00e4ren blev lyckad i alla avseenden. Den rymliga och smakfullt inredda scenen hade p\u00e5passligt utnyttjats av regiss\u00f6rerna och de upptr\u00e4dande utf\u00f6rde sina roller med en tydlig inspiration. Sist avprovades det nya dansgolvet f\u00f6r f\u00f6rsta g\u00e5ngen.<\/p>\n<p>N\u00e4r sj\u00e4lva huvudfesten p\u00e5 s\u00f6ndag kv\u00e4ll b\u00f6rjade var \u00e4ven den rymliga festsalen fullsatt med \u00e4ldre och yngre byssbor, inbjudna forna medlemmar och representanter f\u00f6r grannf\u00f6reningarna, sammanlagt omkring 500 personer.<\/p>\n<p>Sedan de inbjudna undf\u00e4gnats med kaffe inleddes det gedigna programmet med \u201dModersm\u00e5lets s\u00e5ng\u201d, varefter f\u00f6reningsmedlemmen \u00c5ke Hemberg v\u00e4lkomnade publiken med reflektioner kring det nya ungdomshemmet \u201dMajbo, som kommer att bli ett hem f\u00f6r byns samtliga f\u00f6reningar och d\u00e4rmed en hela bygdens kulturh\u00e4rd. P\u00e4rus str\u00e5korkester under sin vicedirigents, folkskoll\u00e4raren Th. Stenlunds ledning intonade d\u00e4rp\u00e5 ett h\u00f6rspel av Wagner, samt toner av Sj\u00f6berg, som spelades med god nyansering.<\/p>\n<p><strong>Festtalet.<\/strong><\/p>\n<p>Kv\u00e4llens festtal h\u00f6lls av riksdagsman, agronom Verner Korsb\u00e4ck som helt f\u00e4ngslade sitt auditorium med temat \u201dV\u00e5ra ungdomars framtidsm\u00f6jligheter och erkannerligen de svenskas\u201d. Efter att inledningsvis ha konstaterat grunddragen av ungdomens livsyttringar nuf\u00f6rtiden \u00e4r lika goda som f\u00f6rut trots annorlunda livsbetingelser, \u00f6vergick talaren att ber\u00f6ra betydelsen av god och gedigen yrkesutbildning. V\u00e5r svenska ungdom \u00e4r i olika avseenden beh\u00e4ftad med mera svagheter \u00e4n landets finska ungdomar, sade riksdagsmannen, som bland annat belyste detta med exempel fr\u00e5n studiev\u00e4rlden d\u00e4r studietempot och studieresultaten i medeltal \u00e4r l\u00e4gre bland svenskarna \u00e4n p\u00e5 finskt h\u00e5ll.<\/p>\n<p>Hos v\u00e5ra ungdomar intar n\u00f6jeslivet en alltf\u00f6r stor plats. Vi svenskar saknar den r\u00e4tta energin och fram\u00e5tandan och den personliga egoism i det som g\u00f6rs \u00e4r en farlig t\u00f6rnetagg f\u00f6r oss. Vi har alla m\u00f6jligheter att skapa oss en framtid i v\u00e5rt land, om vi har den r\u00e4tta viljan, modet och arbetslusten, avslutade riksdagsman Korsb\u00e4ck.<\/p>\n<p>Det m\u00e4rgfulla talet \u00e5tf\u00f6ljdes av h\u00f6gklassig solos\u00e5ng utf\u00f6rd av dagsmarkl\u00e4rarinnan Else-Maj Hemberg, som till l\u00e4rare Einar Linds orgelackompanjemang sj\u00f6ng s\u00e5nger av Kilpinen, Aspelin och Linnanvuori.<\/p>\n<p><strong>Byggnadskr\u00f6nikan.<\/strong><\/p>\n<p>Med tv\u00e5 vackra musikstycken exekverad med inlevelse och nyas av str\u00e5korkestern inleddes programmets andra del. Byggnadskommitt\u00e9medlemmen f\u00f6redrog d\u00e4rp\u00e5 byggnadskr\u00f6nikan varvid bland annat framgick att f\u00f6reningen som grundades \u00e5r 1896 arbetade till en b\u00f6rjan i fjorton \u00e5rs tid utan lokal. F\u00f6reningens f\u00f6rsta lokal, som nu tj\u00e4nstgjort i 43 \u00e5r uppf\u00f6rdes helt av ungdomarna sj\u00e4lva. D\u00e5 f\u00f6reningen pr 1946 fyllde 50 \u00e5r, v\u00e4cktes tanken p\u00e5 ett nytt ungdomshem. Den 6 februari 1949 fattades beslut om bygget varvid en byggnadskommitt\u00e9 best\u00e5ende av Frans Storkull, Rurik Nylund, Einar Lind, Emil Nyholm och Sigge Bostr\u00f6m uts\u00e5gs. Av dessa har den f\u00f6rstn\u00e4mnda varit drivkraften i byggnadsf\u00f6retaget. I f\u00f6reningens kassa fanns d\u00e5 81 607 mk. 80 m\u00e4n och 30 kvinnor har utf\u00f6rt gratis dagsverken f\u00f6r \u00f6ver en miljon mark. De \u00e4ldre i byn har samlat in 892\u00a0000 mark i kontanter och material och ungdomarna sj\u00e4lva 810\u00a0000 mark. Ett omv\u00e4nt f\u00f6rh\u00e5llande till vad fallet var d\u00e5 f\u00f6renings f\u00f6rra hus byggdes.<\/p>\n<p>Hela byggnadsvolymen som utg\u00f6r 3\u00a0600 kubikmeter har hittills kostat 4\u00a0301\u00a0000 mk. Byggnadens fulla v\u00e4rde \u00e4r dubbelt denna summa. Ett talande bevis f\u00f6r vad enighet och offervilja kan \u00e5stadkomma. P\u00e5 grund av emigration och andra bortflyttningar har f\u00f6reningen f\u00f6r n\u00e4rvarande endast 25 aktiva medlemmar.<\/p>\n<p><strong>Frans Storkull hyllad.<\/strong><\/p>\n<p>P\u00e5 programmet f\u00f6ljde sedan en st\u00e4mningsfull melodram av fru Adele Fogde till l\u00e4rare Einar Linds ackompanjemang. Lyck\u00f6nskningarnas l\u00e5nga rad inleddes av direkt\u00f6r Rurik Nylund, som slutade med att till nestorn i f\u00f6reningen och drivkraften i bygget Frans Storkull, som sj\u00e4lv utf\u00f6rt ett halv \u00e5rs gratis arbete, \u00f6verl\u00e4mna en minnesg\u00e5va, samt en blomsterbukett. Den hedersv\u00e4rda mannen hyllades med ett fyrfaldigt leve av publiken. Storkull tackade r\u00f6rd f\u00f6r all den hedersbevisning, som kommit honom till del.<\/p>\n<p><strong>Lyck\u00f6nskningarnas m\u00e5ngfald.<\/strong><\/p>\n<p>Dagsmarkbornas i f\u00f6rskingringen v\u00e4lg\u00e5ngs\u00f6nskningar framf\u00f6rdes av ingenj\u00f6r Gunnar Gr\u00f6ndahl, som \u00e4ven uttalade ett varmt tack till P\u00e4rus str\u00e5korkester, som i mer \u00e4n 30 \u00e5rs tid berikat det kulturella livet i kommunen. Talaren efterlyste \u00e4ven ett st\u00f6rre tillskott av ungdomar i orkestern.<\/p>\n<p>Personliga h\u00e4lsningar framf\u00f6rdes av Tj\u00f6ck-P\u00e5skmark ungdomsf\u00f6rening, Alakyl\u00e4 ungdomsf\u00f6rening i B\u00f6tom, Lappfj\u00e4rd ungdomsf\u00f6rening, Svenska f\u00f6reningen Braheg\u00e5rden i Kristinestad och Korsb\u00e4ck ungdomsf\u00f6rening. F\u00f6r f\u00f6reningen gamla medlemmar som var med d\u00e5 den f\u00f6rra lokalen byggdes talade \u00f6versk\u00f6terskan, fr\u00f6ken Aina Wadstr\u00f6m, som \u00e4ven med v\u00e4rme rekapitulerade ungdomsminnen fr\u00e5n denna tid, vilket mottogs med stor tacksamhet av publiken.<\/p>\n<p>Telegrafiska lyck\u00f6nskningar till dagsmarkborna uppl\u00e4stes fr\u00e5n familjen Bostr\u00f6m i Sverige, samt familjerna Gr\u00f6ndahl, Mannfolk, Huhtanen, Emil P\u00e4rus, Emil Norrback och Selim Klockars, samt Verna Grankull, Selma B\u00e5sk, konsulent Jarl Celvin och Vanhakyl\u00e4 ungdomsf\u00f6rening i Stor\u00e5.<\/p>\n<p>Till sist framf\u00f6rde f\u00f6reningens ordf\u00f6rande \u00c5ke Grans Dagsmark ungdomsf\u00f6renings djupt k\u00e4nda tack till byggnadskommitt\u00e9n, alla som p\u00e5 ett eller annat s\u00e4tt hj\u00e4lpt till med bygget, samt till alla som medverkat i kv\u00e4llens program.<\/p>\n<p>Den glansfulla invigningsfesten avslutades med \u201dSlumrande toner\u201d, som till orkesterackompanjemang sj\u00f6ngs med speciell inlevelse och lyftning.<\/p>\n<p>Under den husesyn som f\u00f6retogs under pausen i programmet blev det allm\u00e4nna omd\u00f6met: rymligt, smakfullt och hemtrevligt. Dagsmarkborna \u00e4r v\u00e4rda en eloge f\u00f6r de goda prestationerna.<\/p>\n<p>Dagsmark ungdomsf\u00f6rening har med starkt decimerad medlemsskara, alla n\u00f6jesskatter och ungdomskriser till trots, m\u00e5lmedvetet och med energi och framtidstro uppf\u00f6rt \u00e5t sig ett samlingshus, som kommer att bli av vital betydelse i byns kulturella liv.<\/p>\n","protected":false},"excerpt":{"rendered":"<p>\u00c5r 1950, p\u00e5 \u00e5rsm\u00f6tet i januari valdes Nils Lillkull till ordf\u00f6rande och i styrelsen invaldes \u00c5ke Backlund, Arne Rosengren, Einar Lind, Boris L\u00e5ngfors, Frans Storkull, Frida Klemets, Greta Gr\u00f6ndahl, Elvi S\u00f6derkvist, Eskil Agn\u00e4s och \u00c5ke Klemets. Efter de normala valen, <a class=\"more-link\" href=\"https:\/\/www.lassebacklund.fi\/?page_id=17115\">Forts\u00e4tt l\u00e4sa <span class=\"screen-reader-text\">  Byggande och invigning av lokalen i november 1954.<\/span><span class=\"meta-nav\">&rarr;<\/span><\/a><\/p>\n","protected":false},"author":1,"featured_media":0,"parent":7496,"menu_order":5,"comment_status":"closed","ping_status":"closed","template":"","meta":{"footnotes":""},"class_list":["post-17115","page","type-page","status-publish","hentry"],"_links":{"self":[{"href":"https:\/\/www.lassebacklund.fi\/index.php?rest_route=\/wp\/v2\/pages\/17115","targetHints":{"allow":["GET"]}}],"collection":[{"href":"https:\/\/www.lassebacklund.fi\/index.php?rest_route=\/wp\/v2\/pages"}],"about":[{"href":"https:\/\/www.lassebacklund.fi\/index.php?rest_route=\/wp\/v2\/types\/page"}],"author":[{"embeddable":true,"href":"https:\/\/www.lassebacklund.fi\/index.php?rest_route=\/wp\/v2\/users\/1"}],"replies":[{"embeddable":true,"href":"https:\/\/www.lassebacklund.fi\/index.php?rest_route=%2Fwp%2Fv2%2Fcomments&post=17115"}],"version-history":[{"count":4,"href":"https:\/\/www.lassebacklund.fi\/index.php?rest_route=\/wp\/v2\/pages\/17115\/revisions"}],"predecessor-version":[{"id":23203,"href":"https:\/\/www.lassebacklund.fi\/index.php?rest_route=\/wp\/v2\/pages\/17115\/revisions\/23203"}],"up":[{"embeddable":true,"href":"https:\/\/www.lassebacklund.fi\/index.php?rest_route=\/wp\/v2\/pages\/7496"}],"wp:attachment":[{"href":"https:\/\/www.lassebacklund.fi\/index.php?rest_route=%2Fwp%2Fv2%2Fmedia&parent=17115"}],"curies":[{"name":"wp","href":"https:\/\/api.w.org\/{rel}","templated":true}]}}