{"id":16894,"date":"2020-06-15T17:18:55","date_gmt":"2020-06-15T14:18:55","guid":{"rendered":"http:\/\/www.lassebacklund.fi\/?page_id=16894"},"modified":"2020-06-15T17:21:00","modified_gmt":"2020-06-15T14:21:00","slug":"det-upprorda-havet","status":"publish","type":"page","link":"https:\/\/www.lassebacklund.fi\/?page_id=16894","title":{"rendered":"Det uppr\u00f6rda havet."},"content":{"rendered":"<p><span style=\"color: #000080;\">Skrivet av Eva en stormig f\u00f6rsommardag den 7 juni 2020:<\/span><\/p>\n<p>Havet \u00e4r uppr\u00f6rt, dess yta \u00e4r gr\u00e5<br \/>\ninte alls som vanligt, den borde ju vara bl\u00e5.<br \/>\nVimpeln i flaggst\u00e5ngen st\u00e5r rakt ut,<br \/>\nhar flera knutar \u00e4n den hade f\u00f6rut.<\/p>\n<div class=\"text_exposed_show\">\n<p>Det regnade ju i g\u00e5r, skurar kom och gick<br \/>\n14 mm i v\u00e5r vattenm\u00e4tare vi fick.<br \/>\nNu beh\u00f6ver man inte vattna blomsters\u00e4ngar<br \/>\noch det kommer att frodas p\u00e5 \u00e5krar och \u00e4ngar.<\/p>\n<p>Varje droppe som kom \u00e4r vi tacksamma f\u00f6r<br \/>\nmen stormen idag irriterar och st\u00f6r.<br \/>\nKanske till kv\u00e4llen har den dragit f\u00f6rbi<br \/>\nidag h\u00e5lls vi h\u00e4r inne, s\u00e5 f\u00e5r det bli!<\/p>\n<p><img loading=\"lazy\" decoding=\"async\" class=\"alignnone size-full wp-image-16893\" src=\"http:\/\/www.lassebacklund.fi\/wp-content\/uploads\/2020\/06\/Brusande-hav-vid-stadsbron-scaled.jpg\" alt=\"\" width=\"2560\" height=\"1920\" srcset=\"https:\/\/www.lassebacklund.fi\/wp-content\/uploads\/2020\/06\/Brusande-hav-vid-stadsbron-scaled.jpg 2560w, https:\/\/www.lassebacklund.fi\/wp-content\/uploads\/2020\/06\/Brusande-hav-vid-stadsbron-300x225.jpg 300w, https:\/\/www.lassebacklund.fi\/wp-content\/uploads\/2020\/06\/Brusande-hav-vid-stadsbron-1024x768.jpg 1024w, https:\/\/www.lassebacklund.fi\/wp-content\/uploads\/2020\/06\/Brusande-hav-vid-stadsbron-768x576.jpg 768w, https:\/\/www.lassebacklund.fi\/wp-content\/uploads\/2020\/06\/Brusande-hav-vid-stadsbron-1536x1152.jpg 1536w, https:\/\/www.lassebacklund.fi\/wp-content\/uploads\/2020\/06\/Brusande-hav-vid-stadsbron-2048x1536.jpg 2048w\" sizes=\"auto, (max-width: 2560px) 100vw, 2560px\" \/><\/p>\n<\/div>\n","protected":false},"excerpt":{"rendered":"<p>Skrivet av Eva en stormig f\u00f6rsommardag den 7 juni 2020: Havet \u00e4r uppr\u00f6rt, dess yta \u00e4r gr\u00e5 inte alls som vanligt, den borde ju vara bl\u00e5. Vimpeln i flaggst\u00e5ngen st\u00e5r rakt ut, har flera knutar \u00e4n den hade f\u00f6rut. Det <a class=\"more-link\" href=\"https:\/\/www.lassebacklund.fi\/?page_id=16894\">Forts\u00e4tt l\u00e4sa <span class=\"screen-reader-text\">  Det uppr\u00f6rda havet.<\/span><span class=\"meta-nav\">&rarr;<\/span><\/a><\/p>\n","protected":false},"author":1,"featured_media":0,"parent":16671,"menu_order":4,"comment_status":"closed","ping_status":"closed","template":"","meta":{"footnotes":""},"class_list":["post-16894","page","type-page","status-publish","hentry"],"_links":{"self":[{"href":"https:\/\/www.lassebacklund.fi\/index.php?rest_route=\/wp\/v2\/pages\/16894","targetHints":{"allow":["GET"]}}],"collection":[{"href":"https:\/\/www.lassebacklund.fi\/index.php?rest_route=\/wp\/v2\/pages"}],"about":[{"href":"https:\/\/www.lassebacklund.fi\/index.php?rest_route=\/wp\/v2\/types\/page"}],"author":[{"embeddable":true,"href":"https:\/\/www.lassebacklund.fi\/index.php?rest_route=\/wp\/v2\/users\/1"}],"replies":[{"embeddable":true,"href":"https:\/\/www.lassebacklund.fi\/index.php?rest_route=%2Fwp%2Fv2%2Fcomments&post=16894"}],"version-history":[{"count":2,"href":"https:\/\/www.lassebacklund.fi\/index.php?rest_route=\/wp\/v2\/pages\/16894\/revisions"}],"predecessor-version":[{"id":16898,"href":"https:\/\/www.lassebacklund.fi\/index.php?rest_route=\/wp\/v2\/pages\/16894\/revisions\/16898"}],"up":[{"embeddable":true,"href":"https:\/\/www.lassebacklund.fi\/index.php?rest_route=\/wp\/v2\/pages\/16671"}],"wp:attachment":[{"href":"https:\/\/www.lassebacklund.fi\/index.php?rest_route=%2Fwp%2Fv2%2Fmedia&parent=16894"}],"curies":[{"name":"wp","href":"https:\/\/api.w.org\/{rel}","templated":true}]}}